INSERT INTO `erp_store` (`id`, `part_number`, `oem_number`, `alias_name`, `generic_id`, `brand_class_id`, `unit_id`, `item_image`, `description`, `rate`, `inventory_item_type`, `default_service_item`, `tax_code`, `weight`, `volume`, `re_order_level`, `re_order_lot`, `hsir_code`, `version`, `bar_code`, `others`, `notes`, `have_expiry_date`, `have_serial_no`, `warehouse_id`, `rack_id`, `bin_id`, `length`, `width`, `height`, `thickness`, `cubic_meter`, `isActive`, `ledger_id`, `service_product_type`, `created_by`, `created_date_time`, `updated_by`, `updated_date_time`, `material`, `finished`, `markup_percent`, `mark_up_final_rate`) VALUES
(650, '3SKB-V12', '3SKB-V12', '', 1, 28, 2, '', 'MANUAL RELEASE VALVE', 18.770000, 1, '', 1, 0.00, 0.000000, 0, 0, '', '', '3SKB-V12', '', '', 'N', 'N', 1, 1, 1, 0.00, 0.00, 0.00, 0.00, 0.00, 'Y', 0, 'NL', 1, '2025-05-05 00:00:00', 1, '2025-05-05 00:00:00', '', '', 0.00, 0.000000),
(651, '3SKB-X2318-16', '3SKB-X2318-16', '', 14, 28, 2, '', '16 Deep Roto X Shipping Case without Foam', 0.000000, 1, '', 1, 0.00, 0.000000, 0, 0, '', '', '3SKB-X2318-16', '', '', 'N', 'N', 1, 1, 1, 0.00, 0.00, 0.00, 0.00, 0.00, 'Y', 0, 'NL', 1, '2025-05-05 00:00:00', 1, '2025-05-05 00:00:00', '', '', 0.00, 0.000000),
(652, '5DV-1914N-TT', '5DV-1914N-TT', '', 14, 28, 2, '', 'iSeries 1914N-8 Think Tank Designed Divider Set', 178.520000, 1, '', 1, 0.00, 0.000000, 0, 0, '', '', '5DV-1914N-TT', '', '', 'N', 'N', 1, 1, 1, 0.00, 0.00, 0.00, 0.00, 0.00, 'Y', 0, 'NL', 1, '2025-05-05 00:00:00', 1, '2025-05-05 00:00:00', '', '', 0.00, 0.000000),
(653, '5DV-1914-TT', '5DV-1914-TT', '', 14, 28, 2, '', 'iSeries 1914-8 Think Tank Designed Divider Set', 178.520000, 1, '', 1, 0.00, 0.000000, 0, 0, '', '', '5DV-1914-TT', '', '', 'N', 'N', 1, 1, 1, 0.00, 0.00, 0.00, 0.00, 0.00, 'Y', 0, 'NL', 1, '2025-05-05 00:00:00', 1, '2025-05-05 00:00:00', '', '', 0.00, 0.000000),
(654, '5DV-2011-TT', '5DV-2011-TT', '', 14, 28, 2, '', 'iSeries 2011-7/2011-8 Think Tank Designed Divider Set', 143.300000, 1, '', 1, 0.00, 0.000000, 0, 0, '', '', '5DV-2011-TT', '', '', 'N', 'N', 1, 1, 1, 0.00, 0.00, 0.00, 0.00, 0.00, 'Y', 0, 'NL', 1, '2025-05-05 00:00:00', 1, '2025-05-05 00:00:00', '', '', 0.00, 0.000000),
(655, '5DV-22158TT', '5DV-22158TT', '', 14, 28, 2, '', 'iSeries 2215-8 Think Tank Designed Divider Set', 150.500000, 1, '', 1, 0.00, 0.000000, 0, 0, '', '', '5DV-22158TT', '', '', 'N', 'N', 1, 1, 1, 0.00, 0.00, 0.00, 0.00, 0.00, 'Y', 0, 'NL', 1, '2025-05-05 00:00:00', 1, '2025-05-05 00:00:00', '', '', 0.00, 0.000000),
(656, '5DV-221710PT', '5DV-221710PT', '', 14, 28, 2, '', 'iSeries 2217-10 Think Tank Designed Divider Set', 267.840000, 1, '', 1, 0.00, 0.000000, 0, 0, '', '', '5DV-221710PT', '', '', 'N', 'N', 1, 1, 1, 0.00, 0.00, 0.00, 0.00, 0.00, 'Y', 0, 'NL', 1, '2025-05-05 00:00:00', 1, '2025-05-05 00:00:00', '', '', 0.00, 0.000000),
(657, '5DV-221710TT', '5DV-221710TT', '', 14, 28, 2, '', 'iSeries 2217-10 Think Tank Designed Divider Set', 298.460000, 1, '', 1, 0.00, 0.000000, 0, 0, '', '', '5DV-221710TT', '', '', 'N', 'N', 1, 1, 1, 0.00, 0.00, 0.00, 0.00, 0.00, 'Y', 0, 'NL', 1, '2025-05-05 00:00:00', 1, '2025-05-05 00:00:00', '', '', 0.00, 0.000000),
(658, '5DV-221712TT', '5DV-221712TT', '', 14, 28, 2, '', 'iSeries 2217-12 Think Tank Designed Divider Set', 346.240000, 1, '', 1, 0.00, 0.000000, 0, 0, '', '', '5DV-221712TT', '', '', 'N', 'N', 1, 1, 1, 0.00, 0.00, 0.00, 0.00, 0.00, 'Y', 0, 'NL', 1, '2025-05-05 00:00:00', 1, '2025-05-05 00:00:00', '', '', 0.00, 0.000000),
(659, '5DV-22178-TT', '5DV-22178-TT', '', 14, 28, 2, '', 'iSeries 2217-8 Think Tank Designed Divider Set', 179.070000, 1, '', 1, 0.00, 0.000000, 0, 0, '', '', '5DV-22178-TT', '', '', 'N', 'N', 1, 1, 1, 0.00, 0.00, 0.00, 0.00, 0.00, 'Y', 0, 'NL', 1, '2025-05-05 00:00:00', 1, '2025-05-05 00:00:00', '', '', 0.00, 0.000000),
(660, '5DV-421312TT', '5DV-421312TT', '', 14, 28, 2, '', 'iSeries 4213-12 Think Tank Designed Divider Set', 477.610000, 1, '', 1, 0.00, 0.000000, 0, 0, '', '', '5DV-421312TT', '', '', 'N', 'N', 1, 1, 1, 0.00, 0.00, 0.00, 0.00, 0.00, 'Y', 0, 'NL', 1, '2025-05-05 00:00:00', 1, '2025-05-05 00:00:00', '', '', 0.00, 0.000000),
(661, '5FC-2217-10', '5FC-2217-10', '', 14, 28, 2, '', '3i-2217-10B-C Foam', 251.530000, 1, '', 1, 0.00, 0.000000, 0, 0, '', '', '5FC-2217-10', '', '', 'N', 'N', 1, 1, 1, 0.00, 0.00, 0.00, 0.00, 0.00, 'Y', 0, 'NL', 1, '2025-05-05 00:00:00', 1, '2025-05-05 00:00:00', '', '', 0.00, 0.000000),
(662, '5fc-2918-10', '5fc-2918-10', '', 14, 28, 2, '', 'Replacement Cubed Foam for 3i-2918-10', 308.860000, 1, '', 1, 0.00, 0.000000, 0, 0, '', '', '5fc-2918-10', '', '', 'N', 'N', 1, 1, 1, 0.00, 0.00, 0.00, 0.00, 0.00, 'Y', 0, 'NL', 1, '2025-05-05 00:00:00', 1, '2025-05-05 00:00:00', '', '', 0.00, 0.000000),
(663, 'SHIP001', 'SHIP001', '', 1, 25, 2, '', 'Shipping Charges', 0.000000, 1, 'N', 2, 0.00, 0.000000, 0, 0, '', '', 'SHIP001', '', '', 'N', 'N', 1, 1, 1, 0.00, 0.00, 0.00, 0.00, 0.00, 'Y', 249, 'NL', 8, '2025-05-19 03:46:26', 0, '0000-00-00 00:00:00', '', '', 1.00, 0.000000),
(664, 'D100001', 'D100001', '', 28, 25, 2, '', 'Dummy Item', 10.000000, 1, 'N', 1, 0.00, 0.000000, 0, 0, '', '', 'D100001', '', '', 'N', 'N', 1, 1, 1, 0.00, 0.00, 0.00, 0.00, 0.00, 'Y', 132, 'NL', 8, '2025-05-20 04:22:26', 0, '0000-00-00 00:00:00', '', '', 1.00, 0.000000),
(665, 'S1001', 'S1001', '', 28, 25, 2, '', 'Service Item', 0.000000, 1, 'N', 1, 0.00, 0.000000, 0, 0, '', '', 'S1001', '', '', 'N', 'N', 1, 1, 1, 0.00, 0.00, 0.00, 0.00, 0.00, 'Y', 132, 'NL', 8, '2025-05-20 04:38:23', 0, '0000-00-00 00:00:00', '', '', 1.00, 0.000000),
(666, 'IMP002', 'IMP002', '', 1, 20, 2, '', 'Duty Charges', 0.000000, 2, 'N', 1, 0.00, 0.000000, 0, 0, '', '', 'IMP002', '', '', 'N', 'N', 1, 1, 1, 0.00, 0.00, 0.00, 0.00, 0.00, 'Y', 249, 'NL', 8, '2025-05-21 09:25:41', 8, '2025-05-21 09:28:16', '', '', 1.00, 0.000000),
(667, 'IMP001', 'IMP001', '', 1, 20, 2, '', 'Shipping Charges', 25.000000, 2, 'N', 1, 0.00, 0.000000, 0, 0, '', '', 'IMP001', '', '', 'N', 'N', 1, 1, 1, 0.00, 0.00, 0.00, 0.00, 0.00, 'Y', 249, 'NL', 8, '2025-05-21 09:27:54', 8, '2025-05-21 09:28:52', '', '', 1.00, 0.000000),
(668, 'A10001', 'A10001', '', 28, 31, 2, '', 'Test Item A10001 Test Item A10001 Test Item A10001 Test Item A10001 Test Item A10001 Test Item A10001 Test Item A10001 Test Item A10001 Test Item A10001 Test Item A10001 Description', 26.832496, 1, 'N', 1, 0.00, 0.000000, 0, 0, '', '', 'A10001', '', '', 'N', 'N', 1, 1, 1, 0.00, 0.00, 0.00, 0.00, 0.00, 'Y', 132, 'NL', 8, '2025-05-23 07:42:17', 1, '2025-08-07 04:27:19', '', '', 1.00, 27.108400),
(669, 'T100', 'T100', '', 3, 0, 7, '', 'T100', 10.000000, 1, 'N', 1, 0.00, 0.000000, 0, 0, '', '', 'T100', '', '', 'N', 'N', 3, 1, 1, 0.00, 0.00, 0.00, 0.00, 0.00, 'Y', 132, 'NL', 8, '2025-05-27 01:49:17', 8, '2025-06-01 09:14:35', '', '', 1.00, 0.000000),
(670, 'T200', 'T200', '', 3, 15, 7, '', 'T200', 100.000000, 1, 'N', 1, 0.00, 0.000000, 0, 0, '', '', 'T200', '', '', 'N', 'N', 3, 1, 1, 0.00, 0.00, 0.00, 0.00, 0.00, 'Y', 0, 'NL', 8, '2025-06-01 09:10:09', 8, '2025-06-01 09:17:12', '', '', 1.00, 0.000000),
(671, 'T300', 'T300', '', 3, 15, 7, '', 'T300', 83.000000, 1, 'N', 1, 0.00, 0.000000, 0, 0, '', '', 'T300', '', '', 'N', 'N', 3, 1, 1, 0.00, 0.00, 0.00, 0.00, 0.00, 'Y', 0, 'NL', 8, '2025-06-23 09:17:34', 0, '0000-00-00 00:00:00', '', '', 1.00, 0.000000),
(672, '1001', '1001', '', 3, 1, 1, '', 'Test Item', 10.000000, 1, 'N', 1, 0.00, 0.000000, 25, 0, '', '', '1001', '', '', 'N', 'N', 1, 3, 3, 0.00, 0.00, 0.00, 0.00, 0.00, 'Y', 132, 'NL', 8, '2025-06-23 05:08:11', 1, '2025-08-26 01:01:27', '', '', 1.00, 10.100000),
(673, '2222LA', '2222LA', '', 19, 3, 1, '', 'LA Laminate SF (261) Dark Gray 4x8x0.8mm', 0.000000, 1, 'N', 1, 0.00, 0.000000, 0, 0, '', '', '2222LA', '', '', 'N', 'N', 1, 4, 0, 0.00, 0.00, 0.00, 0.00, 0.00, 'Y', 0, 'NL', 8, '2025-06-24 08:43:13', 0, '0000-00-00 00:00:00', '', '', 1.00, 0.000000),
(674, '08092019', '08092019', '', 19, 31, 1, '', 'Issue 4 Bag', 0.000000, 1, 'N', 1, 0.00, 0.000000, 10, 0, '', '', '08092019', '', '', 'N', 'N', 1, 1, 1, 0.00, 0.00, 0.00, 0.00, 0.00, 'Y', 132, 'NL', 8, '2025-06-24 15:00:49', 1, '2025-08-26 11:34:31', '', '', 1.00, 0.000000),
(675, 'A10002', 'A10002', '', 28, 31, 1, '', 'Test Item', 174.876667, 1, 'N', 1, 0.00, 0.000000, 0, 0, '', '', 'A10002', '', '', 'N', 'N', 1, 1, 1, 0.00, 0.00, 0.00, 0.00, 0.00, 'Y', 0, 'NL', 8, '2025-06-30 08:59:30', 0, '0000-00-00 00:00:00', '', '', 1.00, 0.000000),
(676, 'SCP-LBL', '', '', 0, 0, 0, '', 'Halcon P2 Case Labels', 2.280000, 0, 'N', 0, 0.00, 0.000000, 0, 0, '', '', '', '', '', 'N', 'N', 0, 0, 0, 0.00, 0.00, 0.00, 0.00, 0.00, 'Y', 0, '', 0, '2025-07-03 14:27:28', 0, '2025-07-03 14:27:28', '', '', 0.00, 0.000000),
(677, 'R133LD-50-BK-2M', '', '', 0, 0, 0, '', 'LD33 - 2000 x 1230 x 50mm,Black', 231.560000, 0, 'N', 0, 0.00, 0.000000, 0, 0, '', '', '', '', '', 'N', 'N', 0, 0, 0, 0.00, 0.00, 0.00, 0.00, 0.00, 'Y', 0, '', 0, '2025-07-03 14:28:22', 0, '2025-07-03 14:28:22', '', '', 0.00, 0.000000),
(678, '3i-1208-3BE', '3i-1208-3BE', '', 28, 31, 2, '', 'iSeries Waterproof Utility Case', 0.000000, 1, 'N', 1, 0.00, 0.000000, 0, 0, '', '', '3i-1208-3BE', '', '', 'N', 'N', 1, 1, 2, 0.00, 0.00, 0.00, 0.00, 0.00, 'Y', 0, 'NL', 8, '2025-07-03 18:05:29', 0, '0000-00-00 00:00:00', '', '', 1.00, 0.000000),
(679, 'PT-23-05', '', '', 15, 18, 2, '', 'PT2305', 6000.000000, 1, 'N', 1, 0.00, 0.000000, 0, 0, '', '', 'PT-23-05', '', '', 'N', 'N', 1, 1, 0, 0.00, 0.00, 0.00, 0.00, 0.00, 'Y', 132, 'NL', 1, '2025-07-16 16:27:23', 1, '2025-07-16 16:27:23', '', '', 0.00, 0.000000),
(680, 'PT-23-06', '', '', 15, 18, 2, '', 'PT2306', 6001.000000, 1, 'N', 1, 0.00, 0.000000, 0, 0, '', '', 'PT-23-06', '', '', 'N', 'N', 1, 1, 0, 0.00, 0.00, 0.00, 0.00, 0.00, 'Y', 132, 'NL', 1, '2025-07-16 16:27:23', 1, '2025-07-16 16:27:23', '', '', 0.00, 0.000000),
(681, 'A1001', 'A1001', '', 28, 31, 1, '', 'Test Item for A100', 10.000000, 1, 'N', 1, 0.00, 0.000000, 0, 0, '', '', 'A1001', '', '', 'N', 'Y', 1, 1, 2, 0.00, 0.00, 0.00, 0.00, 0.00, 'Y', 132, 'NL', 1, '2025-10-03 15:14:29', 0, '0000-00-00 00:00:00', '', '', 1.00, 0.000000),
(682, 'AHK01', 'AHK01', '', 28, 31, 1, '', 'Any Item', 0.000000, 1, 'N', 1, 0.00, 0.000000, 0, 0, '', '', 'AHK01', '', '', 'N', 'N', 1, 1, 2, 0.00, 0.00, 0.00, 0.00, 0.00, 'Y', 132, 'NL', 1, '2025-10-04 11:19:20', 0, '0000-00-00 00:00:00', '', '', 1.00, 0.000000),
(683, 'product 0001', 'product 0001', '', 28, 31, 1, '', 'test', 0.000000, 1, 'N', 1, 0.00, 0.000000, 0, 0, '', '', 'product 00', '', '', 'N', 'Y', 1, 1, 2, 0.00, 0.00, 0.00, 0.00, 0.00, 'Y', 132, 'NL', 1, '2025-10-06 10:54:36', 0, '0000-00-00 00:00:00', '', '', 1.00, 0.000000);

-- --------------------------------------------------------

--
-- Table structure for table `erp_store_rate`
--

CREATE TABLE `erp_store_rate` (
  `id` int(11) NOT NULL,
  `part_number` varchar(255) NOT NULL,
  `rate` decimal(15,2) NOT NULL
) ENGINE=InnoDB DEFAULT CHARSET=latin1 COLLATE=latin1_swedish_ci;

-- --------------------------------------------------------

--
-- Table structure for table `erp_supplier_docs`
--

CREATE TABLE `erp_supplier_docs` (
  `id` int(11) NOT NULL,
  `supplier_id` int(11) NOT NULL,
  `document_no` varchar(255) NOT NULL,
  `document_type` int(11) NOT NULL,
  `document` varchar(255) NOT NULL,
  `from_date` date NOT NULL,
  `to_date` date NOT NULL,
  `score` varchar(200) NOT NULL
) ENGINE=MyISAM DEFAULT CHARSET=latin1 COLLATE=latin1_swedish_ci;

--
-- Dumping data for table `erp_supplier_docs`
--

INSERT INTO `erp_supplier_docs` (`id`, `supplier_id`, `document_no`, `document_type`, `document`, `from_date`, `to_date`, `score`) VALUES
(1, 2001, '7411234874122', 1, 'blank 1  1 .pdf', '0000-00-00', '2026-10-09', ''),
(2, 2001, 'Document1', 1, '2025-06-26-basic-text.pdf', '0000-00-00', '2025-07-04', '');

-- --------------------------------------------------------

--
-- Table structure for table `erp_table_order`
--

CREATE TABLE `erp_table_order` (
  `id` int(11) NOT NULL,
  `item_id` int(11) NOT NULL,
  `qty` int(11) NOT NULL,
  `table_id` int(11) NOT NULL,
  `created_by` int(11) NOT NULL,
  `seat_num` int(11) NOT NULL,
  `is_billed` enum('N','Y') NOT NULL,
  `bill_id` int(11) NOT NULL
) ENGINE=MyISAM DEFAULT CHARSET=latin1 COLLATE=latin1_swedish_ci;

-- --------------------------------------------------------

--
-- Table structure for table `erp_tracking_details`
--

CREATE TABLE `erp_tracking_details` (
  `id` int(11) NOT NULL,
  `tracking_no` bigint(20) NOT NULL,
  `entry_no` int(11) NOT NULL,
  `entry_date` datetime NOT NULL,
  `comments` text NOT NULL,
  `user` int(11) NOT NULL
) ENGINE=MyISAM DEFAULT CHARSET=latin1 COLLATE=latin1_swedish_ci;

-- --------------------------------------------------------

--
-- Table structure for table `erp_tracking_file`
--

CREATE TABLE `erp_tracking_file` (
  `id` bigint(20) NOT NULL,
  `type` enum('PO','SO','OT','') NOT NULL,
  `order_no` bigint(20) NOT NULL,
  `start_date` datetime NOT NULL,
  `close_date` datetime NOT NULL,
  `created_by` int(11) NOT NULL,
  `closed_by` int(11) NOT NULL,
  `closed` enum('0','1') NOT NULL
) ENGINE=MyISAM DEFAULT CHARSET=latin1 COLLATE=latin1_swedish_ci;

-- --------------------------------------------------------

--
-- Table structure for table `erp_unit`
--

CREATE TABLE `erp_unit` (
  `id` int(11) NOT NULL,
  `unit_name` varchar(255) NOT NULL,
  `symbol` varchar(10) NOT NULL,
  `unit_type` int(11) NOT NULL COMMENT '1-Integer,2-Decimal',
  `isActive` enum('Y','N') NOT NULL DEFAULT 'Y',
  `is_base_unit` enum('Y','N') NOT NULL DEFAULT 'N',
  `created_by` int(11) NOT NULL,
  `updated_by` int(11) NOT NULL,
  `created_datetime` datetime NOT NULL,
  `updated_datetime` datetime NOT NULL
) ENGINE=MyISAM DEFAULT CHARSET=latin1 COLLATE=latin1_swedish_ci;

--
-- Dumping data for table `erp_unit`
--

INSERT INTO `erp_unit` (`id`, `unit_name`, `symbol`, `unit_type`, `isActive`, `is_base_unit`, `created_by`, `updated_by`, `created_datetime`, `updated_datetime`) VALUES
(1, 'Pieces', 'pcs', 2, 'Y', 'Y', 1, 1, '2025-05-05 00:00:00', '2025-05-05 00:00:00'),
(2, 'Each', 'ea', 2, 'Y', 'N', 1, 1, '2025-05-05 00:00:00', '2025-05-05 00:00:00'),
(3, 'Kilogram', 'Kg', 2, 'Y', 'N', 1, 0, '2025-05-05 00:00:00', '2025-05-05 00:00:00'),
(4, 'Box', 'box', 2, 'Y', 'N', 1, 0, '2025-05-05 00:00:00', '2025-05-05 00:00:00'),
(5, 'Lump Sum', 'LS', 2, 'Y', 'N', 1, 0, '2025-05-05 00:00:00', '2025-05-05 00:00:00'),
(6, 'Pallet', 'pal', 2, 'Y', 'N', 1, 0, '2025-05-05 00:00:00', '2025-05-05 00:00:00'),
(7, 'Litre', 'L', 2, 'Y', 'N', 8, 0, '2025-05-26 12:39:44', '0000-00-00 00:00:00'),
(8, 'boxes', 'bx', 2, 'Y', 'N', 1, 0, '2025-10-04 11:20:46', '0000-00-00 00:00:00');

-- --------------------------------------------------------

--
-- Table structure for table `erp_unit_of_measurement`
--

CREATE TABLE `erp_unit_of_measurement` (
  `id` int(11) NOT NULL,
  `product_id` int(11) NOT NULL,
  `base_unit` int(11) NOT NULL,
  `unit_id` int(11) NOT NULL,
  `name` varchar(255) NOT NULL,
  `factor` decimal(10,6) NOT NULL,
  `price` decimal(10,2) NOT NULL,
  `isBase` enum('Y','N') DEFAULT 'N',
  `is_secondary_unit` enum('Y','N') NOT NULL DEFAULT 'N',
  `created_by` int(11) NOT NULL,
  `created_date_time` datetime NOT NULL,
  `default_sales_unit` enum('Y','N') NOT NULL DEFAULT 'N',
  `default_purchase_unit` enum('Y','N') NOT NULL DEFAULT 'N'
) ENGINE=MyISAM DEFAULT CHARSET=latin1 COLLATE=latin1_swedish_ci;

--
-- Dumping data for table `erp_unit_of_measurement`
--

INSERT INTO `erp_unit_of_measurement` (`id`, `product_id`, `base_unit`, `unit_id`, `name`, `factor`, `price`, `isBase`, `is_secondary_unit`, `created_by`, `created_date_time`, `default_sales_unit`, `default_purchase_unit`) VALUES
(1, 1, 2, 2, 'ea', 1.000000, 0.00, 'Y', 'N', 8, '2025-09-30 08:45:23', 'N', 'N'),
(2, 2, 2, 2, 'ea', 1.000000, 0.00, 'Y', 'N', 1, '2025-08-26 14:34:48', 'N', 'N'),
(3, 3, 2, 2, 'ea', 1.000000, 0.00, 'Y', 'N', 1, '2025-05-07 13:15:21', 'N', 'N'),
(4, 4, 2, 2, 'Ea', 1.000000, 0.00, 'Y', 'N', 1, '2025-05-05 00:00:00', 'N', 'N'),
(5, 5, 2, 2, 'Ea', 1.000000, 0.00, 'Y', 'N', 1, '2025-05-05 00:00:00', 'N', 'N'),
(6, 6, 2, 2, 'Ea', 1.000000, 0.00, 'Y', 'N', 1, '2025-05-05 00:00:00', 'N', 'N'),
(7, 7, 2, 2, 'Ea', 1.000000, 0.00, 'Y', 'N', 1, '2025-05-05 00:00:00', 'N', 'N'),
(8, 8, 2, 2, 'Ea', 1.000000, 0.00, 'Y', 'N', 1, '2025-05-05 00:00:00', 'N', 'N'),
(9, 9, 2, 2, 'Ea', 1.000000, 0.00, 'Y', 'N', 1, '2025-05-05 00:00:00', 'N', 'N'),
(10, 10, 2, 2, 'Ea', 1.000000, 0.00, 'Y', 'N', 1, '2025-05-05 00:00:00', 'N', 'N'),
(11, 11, 2, 2, 'ea', 1.000000, 0.00, 'Y', 'N', 8, '2025-05-19 11:22:25', 'N', 'N'),
(12, 12, 2, 2, 'Ea', 1.000000, 0.00, 'Y', 'N', 1, '2025-05-05 00:00:00', 'N', 'N'),
(13, 13, 2, 2, 'Ea', 1.000000, 0.00, 'Y', 'N', 1, '2025-05-05 00:00:00', 'N', 'N'),
(14, 14, 2, 2, 'Ea', 1.000000, 0.00, 'Y', 'N', 1, '2025-05-05 00:00:00', 'N', 'N'),
(15, 15, 2, 2, 'Ea', 1.000000, 0.00, 'Y', 'N', 1, '2025-05-05 00:00:00', 'N', 'N'),
(16, 16, 2, 2, 'Ea', 1.000000, 0.00, 'Y', 'N', 1, '2025-05-05 00:00:00', 'N', 'N'),
(17, 17, 2, 2, 'Ea', 1.000000, 0.00, 'Y', 'N', 1, '2025-05-05 00:00:00', 'N', 'N'),
(18, 18, 2, 2, 'Ea', 1.000000, 0.00, 'Y', 'N', 1, '2025-05-05 00:00:00', 'N', 'N'),
(19, 19, 2, 2, 'Ea', 1.000000, 0.00, 'Y', 'N', 1, '2025-05-05 00:00:00', 'N', 'N'),
(20, 20, 2, 2, 'Ea', 1.000000, 0.00, 'Y', 'N', 1, '2025-05-05 00:00:00', 'N', 'N'),
(21, 21, 2, 2, 'Ea', 1.000000, 0.00, 'Y', 'N', 1, '2025-05-05 00:00:00', 'N', 'N'),
(22, 22, 2, 2, 'Ea', 1.000000, 0.00, 'Y', 'N', 1, '2025-05-05 00:00:00', 'N', 'N'),
(23, 23, 2, 2, 'Ea', 1.000000, 0.00, 'Y', 'N', 1, '2025-05-05 00:00:00', 'N', 'N'),
(24, 24, 2, 2, 'Ea', 1.000000, 0.00, 'Y', 'N', 1, '2025-05-05 00:00:00', 'N', 'N'),
(25, 25, 2, 2, 'Ea', 1.000000, 0.00, 'Y', 'N', 1, '2025-05-05 00:00:00', 'N', 'N'),
(26, 26, 2, 2, 'Ea', 1.000000, 0.00, 'Y', 'N', 1, '2025-05-05 00:00:00', 'N', 'N'),
(27, 27, 2, 2, 'Ea', 1.000000, 0.00, 'Y', 'N', 1, '2025-05-05 00:00:00', 'N', 'N'),
(28, 28, 2, 2, 'Ea', 1.000000, 0.00, 'Y', 'N', 1, '2025-05-05 00:00:00', 'N', 'N'),
(29, 29, 2, 2, 'Ea', 1.000000, 0.00, 'Y', 'N', 1, '2025-05-05 00:00:00', 'N', 'N'),
(30, 30, 2, 2, 'Ea', 1.000000, 0.00, 'Y', 'N', 1, '2025-05-05 00:00:00', 'N', 'N'),
(31, 31, 2, 2, 'Ea', 1.000000, 0.00, 'Y', 'N', 1, '2025-05-05 00:00:00', 'N', 'N'),
(32, 32, 2, 2, 'Ea', 1.000000, 0.00, 'Y', 'N', 1, '2025-05-05 00:00:00', 'N', 'N'),
(33, 33, 2, 2, 'Ea', 1.000000, 0.00, 'Y', 'N', 1, '2025-05-05 00:00:00', 'N', 'N'),
(34, 34, 2, 2, 'ea', 1.000000, 0.00, 'Y', 'N', 8, '2025-06-27 14:26:46', 'N', 'N'),
(35, 35, 2, 2, 'Ea', 1.000000, 0.00, 'Y', 'N', 1, '2025-05-05 00:00:00', 'N', 'N'),
(36, 36, 2, 2, 'Ea', 1.000000, 0.00, 'Y', 'N', 1, '2025-05-05 00:00:00', 'N', 'N'),
(37, 37, 2, 2, 'Ea', 1.000000, 0.00, 'Y', 'N', 1, '2025-05-05 00:00:00', 'N', 'N'),
(38, 38, 2, 2, 'Ea', 1.000000, 0.00, 'Y', 'N', 1, '2025-05-05 00:00:00', 'N', 'N'),
(39, 39, 2, 2, 'Ea', 1.000000, 0.00, 'Y', 'N', 1, '2025-05-05 00:00:00', 'N', 'N'),
(40, 40, 2, 2, 'Ea', 1.000000, 0.00, 'Y', 'N', 1, '2025-05-05 00:00:00', 'N', 'N'),
(41, 41, 2, 2, 'Ea', 1.000000, 0.00, 'Y', 'N', 1, '2025-05-05 00:00:00', 'N', 'N'),
(42, 42, 2, 2, 'Ea', 1.000000, 0.00, 'Y', 'N', 1, '2025-05-05 00:00:00', 'N', 'N'),
(43, 43, 2, 2, 'Ea', 1.000000, 0.00, 'Y', 'N', 1, '2025-05-05 00:00:00', 'N', 'N'),
(44, 44, 2, 2, 'Ea', 1.000000, 0.00, 'Y', 'N', 1, '2025-05-05 00:00:00', 'N', 'N'),
(45, 45, 2, 2, 'Ea', 1.000000, 0.00, 'Y', 'N', 1, '2025-05-05 00:00:00', 'N', 'N'),
(46, 46, 2, 2, 'Ea', 1.000000, 0.00, 'Y', 'N', 1, '2025-05-05 00:00:00', 'N', 'N'),
(47, 47, 2, 2, 'Ea', 1.000000, 0.00, 'Y', 'N', 1, '2025-05-05 00:00:00', 'N', 'N'),
(48, 48, 2, 2, 'Ea', 1.000000, 0.00, 'Y', 'N', 1, '2025-05-05 00:00:00', 'N', 'N'),
(49, 49, 2, 2, 'Ea', 1.000000, 0.00, 'Y', 'N', 1, '2025-05-05 00:00:00', 'N', 'N'),
(50, 50, 2, 2, 'Ea', 1.000000, 0.00, 'Y', 'N', 1, '2025-05-05 00:00:00', 'N', 'N'),
(51, 51, 2, 2, 'Ea', 1.000000, 0.00, 'Y', 'N', 1, '2025-05-05 00:00:00', 'N', 'N'),
(52, 52, 2, 2, 'Ea', 1.000000, 0.00, 'Y', 'N', 1, '2025-05-05 00:00:00', 'N', 'N'),
(53, 53, 2, 2, 'Ea', 1.000000, 0.00, 'Y', 'N', 1, '2025-05-05 00:00:00', 'N', 'N'),
(54, 54, 2, 2, 'Ea', 1.000000, 0.00, 'Y', 'N', 1, '2025-05-05 00:00:00', 'N', 'N'),
(55, 55, 2, 2, 'Ea', 1.000000, 0.00, 'Y', 'N', 1, '2025-05-05 00:00:00', 'N', 'N'),
(56, 56, 2, 2, 'Ea', 1.000000, 0.00, 'Y', 'N', 1, '2025-05-05 00:00:00', 'N', 'N'),
(57, 57, 2, 2, 'Ea', 1.000000, 0.00, 'Y', 'N', 1, '2025-05-05 00:00:00', 'N', 'N'),
(58, 58, 2, 2, 'Ea', 1.000000, 0.00, 'Y', 'N', 1, '2025-05-05 00:00:00', 'N', 'N'),
(59, 59, 2, 2, 'Ea', 1.000000, 0.00, 'Y', 'N', 1, '2025-05-05 00:00:00', 'N', 'N'),
(60, 60, 2, 2, 'Ea', 1.000000, 0.00, 'Y', 'N', 1, '2025-05-05 00:00:00', 'N', 'N'),
(61, 61, 2, 2, 'Ea', 1.000000, 0.00, 'Y', 'N', 1, '2025-05-05 00:00:00', 'N', 'N'),
(62, 62, 2, 2, 'Ea', 1.000000, 0.00, 'Y', 'N', 1, '2025-05-05 00:00:00', 'N', 'N'),
(63, 63, 2, 2, 'Ea', 1.000000, 0.00, 'Y', 'N', 1, '2025-05-05 00:00:00', 'N', 'N'),
(64, 64, 2, 2, 'Ea', 1.000000, 0.00, 'Y', 'N', 1, '2025-05-05 00:00:00', 'N', 'N'),
(65, 65, 2, 2, 'Ea', 1.000000, 0.00, 'Y', 'N', 1, '2025-05-05 00:00:00', 'N', 'N'),
(66, 66, 2, 2, 'Ea', 1.000000, 0.00, 'Y', 'N', 1, '2025-05-05 00:00:00', 'N', 'N'),
(67, 67, 2, 2, 'Ea', 1.000000, 0.00, 'Y', 'N', 1, '2025-05-05 00:00:00', 'N', 'N'),
(68, 68, 2, 2, 'Ea', 1.000000, 0.00, 'Y', 'N', 1, '2025-05-05 00:00:00', 'N', 'N'),
(69, 69, 2, 2, 'Ea', 1.000000, 0.00, 'Y', 'N', 1, '2025-05-05 00:00:00', 'N', 'N'),
(70, 70, 2, 2, 'Ea', 1.000000, 0.00, 'Y', 'N', 1, '2025-05-05 00:00:00', 'N', 'N'),
(71, 71, 2, 2, 'Ea', 1.000000, 0.00, 'Y', 'N', 1, '2025-05-05 00:00:00', 'N', 'N'),
(72, 72, 2, 2, 'Ea', 1.000000, 0.00, 'Y', 'N', 1, '2025-05-05 00:00:00', 'N', 'N'),
(73, 73, 2, 2, 'Ea', 1.000000, 0.00, 'Y', 'N', 1, '2025-05-05 00:00:00', 'N', 'N'),
(74, 74, 2, 2, 'Ea', 1.000000, 0.00, 'Y', 'N', 1, '2025-05-05 00:00:00', 'N', 'N'),
(75, 75, 2, 2, 'Ea', 1.000000, 0.00, 'Y', 'N', 1, '2025-05-05 00:00:00', 'N', 'N'),
(76, 76, 2, 2, 'Ea', 1.000000, 0.00, 'Y', 'N', 1, '2025-05-05 00:00:00', 'N', 'N'),
(77, 77, 2, 2, 'Ea', 1.000000, 0.00, 'Y', 'N', 1, '2025-05-05 00:00:00', 'N', 'N'),
(78, 78, 2, 2, 'Ea', 1.000000, 0.00, 'Y', 'N', 1, '2025-05-05 00:00:00', 'N', 'N'),
(79, 79, 2, 2, 'Ea', 1.000000, 0.00, 'Y', 'N', 1, '2025-05-05 00:00:00', 'N', 'N'),
(80, 80, 2, 2, 'Ea', 1.000000, 0.00, 'Y', 'N', 1, '2025-05-05 00:00:00', 'N', 'N'),
(81, 81, 2, 2, 'Ea', 1.000000, 0.00, 'Y', 'N', 1, '2025-05-05 00:00:00', 'N', 'N'),
(82, 82, 2, 2, 'Ea', 1.000000, 0.00, 'Y', 'N', 1, '2025-05-05 00:00:00', 'N', 'N'),
(83, 83, 2, 2, 'Ea', 1.000000, 0.00, 'Y', 'N', 1, '2025-05-05 00:00:00', 'N', 'N'),
(84, 84, 2, 2, 'Ea', 1.000000, 0.00, 'Y', 'N', 1, '2025-05-05 00:00:00', 'N', 'N'),
(85, 85, 2, 2, 'Ea', 1.000000, 0.00, 'Y', 'N', 1, '2025-05-05 00:00:00', 'N', 'N'),
(86, 86, 2, 2, 'Ea', 1.000000, 0.00, 'Y', 'N', 1, '2025-05-05 00:00:00', 'N', 'N'),
(87, 87, 2, 2, 'Ea', 1.000000, 0.00, 'Y', 'N', 1, '2025-05-05 00:00:00', 'N', 'N'),
(88, 88, 2, 2, 'Ea', 1.000000, 0.00, 'Y', 'N', 1, '2025-05-05 00:00:00', 'N', 'N'),
(89, 89, 2, 2, 'Ea', 1.000000, 0.00, 'Y', 'N', 1, '2025-05-05 00:00:00', 'N', 'N'),
(90, 90, 2, 2, 'Ea', 1.000000, 0.00, 'Y', 'N', 1, '2025-05-05 00:00:00', 'N', 'N'),
(91, 91, 2, 2, 'Ea', 1.000000, 0.00, 'Y', 'N', 1, '2025-05-05 00:00:00', 'N', 'N'),
(92, 92, 2, 2, 'Ea', 1.000000, 0.00, 'Y', 'N', 1, '2025-05-05 00:00:00', 'N', 'N'),
(93, 93, 2, 2, 'Ea', 1.000000, 0.00, 'Y', 'N', 1, '2025-05-05 00:00:00', 'N', 'N'),
(94, 94, 2, 2, 'Ea', 1.000000, 0.00, 'Y', 'N', 1, '2025-05-05 00:00:00', 'N', 'N'),
(95, 95, 2, 2, 'Ea', 1.000000, 0.00, 'Y', 'N', 1, '2025-05-05 00:00:00', 'N', 'N'),
(96, 96, 2, 2, 'Ea', 1.000000, 0.00, 'Y', 'N', 1, '2025-05-05 00:00:00', 'N', 'N'),
(97, 97, 2, 2, 'Ea', 1.000000, 0.00, 'Y', 'N', 1, '2025-05-05 00:00:00', 'N', 'N'),
(98, 98, 2, 2, 'Ea', 1.000000, 0.00, 'Y', 'N', 1, '2025-05-05 00:00:00', 'N', 'N'),
(99, 99, 2, 2, 'Ea', 1.000000, 0.00, 'Y', 'N', 1, '2025-05-05 00:00:00', 'N', 'N'),
(100, 100, 2, 2, 'Ea', 1.000000, 0.00, 'Y', 'N', 1, '2025-05-05 00:00:00', 'N', 'N'),
(101, 101, 2, 2, 'Ea', 1.000000, 0.00, 'Y', 'N', 1, '2025-05-05 00:00:00', 'N', 'N'),
(102, 102, 2, 2, 'Ea', 1.000000, 0.00, 'Y', 'N', 1, '2025-05-05 00:00:00', 'N', 'N'),
(103, 103, 2, 2, 'Ea', 1.000000, 0.00, 'Y', 'N', 1, '2025-05-05 00:00:00', 'N', 'N'),
(104, 104, 2, 2, 'Ea', 1.000000, 0.00, 'Y', 'N', 1, '2025-05-05 00:00:00', 'N', 'N'),
(105, 105, 2, 2, 'Ea', 1.000000, 0.00, 'Y', 'N', 1, '2025-05-05 00:00:00', 'N', 'N'),
(106, 106, 2, 2, 'Ea', 1.000000, 0.00, 'Y', 'N', 1, '2025-05-05 00:00:00', 'N', 'N'),
(107, 107, 2, 2, 'Ea', 1.000000, 0.00, 'Y', 'N', 1, '2025-05-05 00:00:00', 'N', 'N'),
(108, 108, 2, 2, 'Ea', 1.000000, 0.00, 'Y', 'N', 1, '2025-05-05 00:00:00', 'N', 'N'),
(109, 109, 2, 2, 'Ea', 1.000000, 0.00, 'Y', 'N', 1, '2025-05-05 00:00:00', 'N', 'N'),
(110, 110, 2, 2, 'Ea', 1.000000, 0.00, 'Y', 'N', 1, '2025-05-05 00:00:00', 'N', 'N'),
(111, 111, 2, 2, 'Ea', 1.000000, 0.00, 'Y', 'N', 1, '2025-05-05 00:00:00', 'N', 'N'),
(112, 112, 2, 2, 'Ea', 1.000000, 0.00, 'Y', 'N', 1, '2025-05-05 00:00:00', 'N', 'N'),
(113, 113, 2, 2, 'Ea', 1.000000, 0.00, 'Y', 'N', 1, '2025-05-05 00:00:00', 'N', 'N'),
(114, 114, 2, 2, 'Ea', 1.000000, 0.00, 'Y', 'N', 1, '2025-05-05 00:00:00', 'N', 'N'),
(115, 115, 2, 2, 'Ea', 1.000000, 0.00, 'Y', 'N', 1, '2025-05-05 00:00:00', 'N', 'N'),
(116, 116, 2, 2, 'Ea', 1.000000, 0.00, 'Y', 'N', 1, '2025-05-05 00:00:00', 'N', 'N'),
(117, 117, 2, 2, 'Ea', 1.000000, 0.00, 'Y', 'N', 1, '2025-05-05 00:00:00', 'N', 'N'),
(118, 118, 2, 2, 'Ea', 1.000000, 0.00, 'Y', 'N', 1, '2025-05-05 00:00:00', 'N', 'N'),
(119, 119, 2, 2, 'Ea', 1.000000, 0.00, 'Y', 'N', 1, '2025-05-05 00:00:00', 'N', 'N'),
(120, 120, 2, 2, 'Ea', 1.000000, 0.00, 'Y', 'N', 1, '2025-05-05 00:00:00', 'N', 'N'),
(121, 121, 2, 2, 'Ea', 1.000000, 0.00, 'Y', 'N', 1, '2025-05-05 00:00:00', 'N', 'N'),
(122, 122, 2, 2, 'Ea', 1.000000, 0.00, 'Y', 'N', 1, '2025-05-05 00:00:00', 'N', 'N'),
(123, 123, 2, 2, 'Ea', 1.000000, 0.00, 'Y', 'N', 1, '2025-05-05 00:00:00', 'N', 'N'),
(124, 124, 2, 2, 'Ea', 1.000000, 0.00, 'Y', 'N', 1, '2025-05-05 00:00:00', 'N', 'N'),
(125, 125, 2, 2, 'Ea', 1.000000, 0.00, 'Y', 'N', 1, '2025-05-05 00:00:00', 'N', 'N'),
(126, 126, 2, 2, 'Ea', 1.000000, 0.00, 'Y', 'N', 1, '2025-05-05 00:00:00', 'N', 'N'),
(127, 127, 2, 2, 'Ea', 1.000000, 0.00, 'Y', 'N', 1, '2025-05-05 00:00:00', 'N', 'N'),
(128, 128, 2, 2, 'Ea', 1.000000, 0.00, 'Y', 'N', 1, '2025-05-05 00:00:00', 'N', 'N'),
(129, 129, 2, 2, 'Ea', 1.000000, 0.00, 'Y', 'N', 1, '2025-05-05 00:00:00', 'N', 'N'),
(130, 130, 2, 2, 'Ea', 1.000000, 0.00, 'Y', 'N', 1, '2025-05-05 00:00:00', 'N', 'N'),
(131, 131, 2, 2, 'Ea', 1.000000, 0.00, 'Y', 'N', 1, '2025-05-05 00:00:00', 'N', 'N'),
(132, 132, 2, 2, 'Ea', 1.000000, 0.00, 'Y', 'N', 1, '2025-05-05 00:00:00', 'N', 'N'),
(133, 133, 2, 2, 'Ea', 1.000000, 0.00, 'Y', 'N', 1, '2025-05-05 00:00:00', 'N', 'N'),
(134, 134, 2, 2, 'Ea', 1.000000, 0.00, 'Y', 'N', 1, '2025-05-05 00:00:00', 'N', 'N'),
(135, 135, 2, 2, 'Ea', 1.000000, 0.00, 'Y', 'N', 1, '2025-05-05 00:00:00', 'N', 'N'),
(136, 136, 2, 2, 'Ea', 1.000000, 0.00, 'Y', 'N', 1, '2025-05-05 00:00:00', 'N', 'N'),
(137, 137, 2, 2, 'Ea', 1.000000, 0.00, 'Y', 'N', 1, '2025-05-05 00:00:00', 'N', 'N'),
(138, 138, 2, 2, 'Ea', 1.000000, 0.00, 'Y', 'N', 1, '2025-05-05 00:00:00', 'N', 'N'),
(139, 139, 2, 2, 'Ea', 1.000000, 0.00, 'Y', 'N', 1, '2025-05-05 00:00:00', 'N', 'N'),
(140, 140, 2, 2, 'Ea', 1.000000, 0.00, 'Y', 'N', 1, '2025-05-05 00:00:00', 'N', 'N'),
(141, 141, 2, 2, 'Ea', 1.000000, 0.00, 'Y', 'N', 1, '2025-05-05 00:00:00', 'N', 'N'),
(142, 142, 2, 2, 'Ea', 1.000000, 0.00, 'Y', 'N', 1, '2025-05-05 00:00:00', 'N', 'N'),
(143, 143, 2, 2, 'Ea', 1.000000, 0.00, 'Y', 'N', 1, '2025-05-05 00:00:00', 'N', 'N'),
(144, 144, 2, 2, 'Ea', 1.000000, 0.00, 'Y', 'N', 1, '2025-05-05 00:00:00', 'N', 'N'),
(145, 145, 2, 2, 'Ea', 1.000000, 0.00, 'Y', 'N', 1, '2025-05-05 00:00:00', 'N', 'N'),
(146, 146, 2, 2, 'Ea', 1.000000, 0.00, 'Y', 'N', 1, '2025-05-05 00:00:00', 'N', 'N'),
(147, 147, 2, 2, 'Ea', 1.000000, 0.00, 'Y', 'N', 1, '2025-05-05 00:00:00', 'N', 'N'),
(148, 148, 2, 2, 'Ea', 1.000000, 0.00, 'Y', 'N', 1, '2025-05-05 00:00:00', 'N', 'N'),
(149, 149, 2, 2, 'Ea', 1.000000, 0.00, 'Y', 'N', 1, '2025-05-05 00:00:00', 'N', 'N'),
(150, 150, 2, 2, 'Ea', 1.000000, 0.00, 'Y', 'N', 1, '2025-05-05 00:00:00', 'N', 'N'),
(151, 151, 2, 2, 'Ea', 1.000000, 0.00, 'Y', 'N', 1, '2025-05-05 00:00:00', 'N', 'N'),
(152, 152, 2, 2, 'Ea', 1.000000, 0.00, 'Y', 'N', 1, '2025-05-05 00:00:00', 'N', 'N'),
(153, 153, 2, 2, 'Ea', 1.000000, 0.00, 'Y', 'N', 1, '2025-05-05 00:00:00', 'N', 'N'),
(154, 154, 2, 2, 'Ea', 1.000000, 0.00, 'Y', 'N', 1, '2025-05-05 00:00:00', 'N', 'N'),
(155, 155, 2, 2, 'Ea', 1.000000, 0.00, 'Y', 'N', 1, '2025-05-05 00:00:00', 'N', 'N'),
(156, 156, 2, 2, 'Ea', 1.000000, 0.00, 'Y', 'N', 1, '2025-05-05 00:00:00', 'N', 'N'),
(157, 157, 2, 2, 'Ea', 1.000000, 0.00, 'Y', 'N', 1, '2025-05-05 00:00:00', 'N', 'N'),
(158, 158, 2, 2, 'Ea', 1.000000, 0.00, 'Y', 'N', 1, '2025-05-05 00:00:00', 'N', 'N'),
(159, 159, 2, 2, 'Ea', 1.000000, 0.00, 'Y', 'N', 1, '2025-05-05 00:00:00', 'N', 'N'),
(160, 160, 2, 2, 'Ea', 1.000000, 0.00, 'Y', 'N', 1, '2025-05-05 00:00:00', 'N', 'N'),
(161, 161, 2, 2, 'Ea', 1.000000, 0.00, 'Y', 'N', 1, '2025-05-05 00:00:00', 'N', 'N'),
(162, 162, 2, 2, 'Ea', 1.000000, 0.00, 'Y', 'N', 1, '2025-05-05 00:00:00', 'N', 'N'),
(163, 163, 2, 2, 'Ea', 1.000000, 0.00, 'Y', 'N', 1, '2025-05-05 00:00:00', 'N', 'N'),
(164, 164, 2, 2, 'Ea', 1.000000, 0.00, 'Y', 'N', 1, '2025-05-05 00:00:00', 'N', 'N'),
(165, 165, 2, 2, 'Ea', 1.000000, 0.00, 'Y', 'N', 1, '2025-05-05 00:00:00', 'N', 'N'),
(166, 166, 2, 2, 'Ea', 1.000000, 0.00, 'Y', 'N', 1, '2025-05-05 00:00:00', 'N', 'N'),
(167, 167, 2, 2, 'Ea', 1.000000, 0.00, 'Y', 'N', 1, '2025-05-05 00:00:00', 'N', 'N'),
(168, 168, 2, 2, 'Ea', 1.000000, 0.00, 'Y', 'N', 1, '2025-05-05 00:00:00', 'N', 'N'),
(169, 169, 2, 2, 'Ea', 1.000000, 0.00, 'Y', 'N', 1, '2025-05-05 00:00:00', 'N', 'N'),
(170, 170, 2, 2, 'Ea', 1.000000, 0.00, 'Y', 'N', 1, '2025-05-05 00:00:00', 'N', 'N'),
(171, 171, 2, 2, 'Ea', 1.000000, 0.00, 'Y', 'N', 1, '2025-05-05 00:00:00', 'N', 'N'),
(172, 172, 2, 2, 'Ea', 1.000000, 0.00, 'Y', 'N', 1, '2025-05-05 00:00:00', 'N', 'N'),
(173, 173, 2, 2, 'Ea', 1.000000, 0.00, 'Y', 'N', 1, '2025-05-05 00:00:00', 'N', 'N'),
(174, 174, 2, 2, 'Ea', 1.000000, 0.00, 'Y', 'N', 1, '2025-05-05 00:00:00', 'N', 'N'),
(175, 175, 2, 2, 'Ea', 1.000000, 0.00, 'Y', 'N', 1, '2025-05-05 00:00:00', 'N', 'N'),
(176, 176, 2, 2, 'Ea', 1.000000, 0.00, 'Y', 'N', 1, '2025-05-05 00:00:00', 'N', 'N'),
(177, 177, 2, 2, 'Ea', 1.000000, 0.00, 'Y', 'N', 1, '2025-05-05 00:00:00', 'N', 'N'),
(178, 178, 2, 2, 'Ea', 1.000000, 0.00, 'Y', 'N', 1, '2025-05-05 00:00:00', 'N', 'N'),
(179, 179, 2, 2, 'Ea', 1.000000, 0.00, 'Y', 'N', 1, '2025-05-05 00:00:00', 'N', 'N'),
(180, 180, 2, 2, 'Ea', 1.000000, 0.00, 'Y', 'N', 1, '2025-05-05 00:00:00', 'N', 'N'),
(181, 181, 2, 2, 'Ea', 1.000000, 0.00, 'Y', 'N', 1, '2025-05-05 00:00:00', 'N', 'N'),
(182, 182, 2, 2, 'Ea', 1.000000, 0.00, 'Y', 'N', 1, '2025-05-05 00:00:00', 'N', 'N'),
(183, 183, 2, 2, 'Ea', 1.000000, 0.00, 'Y', 'N', 1, '2025-05-05 00:00:00', 'N', 'N'),
(184, 184, 2, 2, 'Ea', 1.000000, 0.00, 'Y', 'N', 1, '2025-05-05 00:00:00', 'N', 'N'),
(185, 185, 2, 2, 'Ea', 1.000000, 0.00, 'Y', 'N', 1, '2025-05-05 00:00:00', 'N', 'N'),
(186, 186, 2, 2, 'ea', 1.000000, 0.00, 'Y', 'N', 1, '2025-08-26 14:34:55', 'N', 'N'),
(187, 187, 2, 2, 'Ea', 1.000000, 0.00, 'Y', 'N', 1, '2025-05-05 00:00:00', 'N', 'N'),
(188, 188, 2, 2, 'Ea', 1.000000, 0.00, 'Y', 'N', 1, '2025-05-05 00:00:00', 'N', 'N'),
(189, 189, 2, 2, 'Ea', 1.000000, 0.00, 'Y', 'N', 1, '2025-05-05 00:00:00', 'N', 'N'),
(190, 190, 2, 2, 'Ea', 1.000000, 0.00, 'Y', 'N', 1, '2025-05-05 00:00:00', 'N', 'N'),
(191, 191, 2, 2, 'Ea', 1.000000, 0.00, 'Y', 'N', 1, '2025-05-05 00:00:00', 'N', 'N'),
(192, 192, 2, 2, 'Ea', 1.000000, 0.00, 'Y', 'N', 1, '2025-05-05 00:00:00', 'N', 'N'),
(193, 193, 2, 2, 'Ea', 1.000000, 0.00, 'Y', 'N', 1, '2025-05-05 00:00:00', 'N', 'N'),
(194, 194, 2, 2, 'Ea', 1.000000, 0.00, 'Y', 'N', 1, '2025-05-05 00:00:00', 'N', 'N'),
(195, 195, 2, 2, 'Ea', 1.000000, 0.00, 'Y', 'N', 1, '2025-05-05 00:00:00', 'N', 'N'),
(196, 196, 2, 2, 'Ea', 1.000000, 0.00, 'Y', 'N', 1, '2025-05-05 00:00:00', 'N', 'N'),
(197, 197, 2, 2, 'Ea', 1.000000, 0.00, 'Y', 'N', 1, '2025-05-05 00:00:00', 'N', 'N'),
(198, 198, 2, 2, 'Ea', 1.000000, 0.00, 'Y', 'N', 1, '2025-05-05 00:00:00', 'N', 'N'),
(199, 199, 2, 2, 'Ea', 1.000000, 0.00, 'Y', 'N', 1, '2025-05-05 00:00:00', 'N', 'N'),
(200, 200, 2, 2, 'Ea', 1.000000, 0.00, 'Y', 'N', 1, '2025-05-05 00:00:00', 'N', 'N'),
(201, 201, 2, 2, 'Ea', 1.000000, 0.00, 'Y', 'N', 1, '2025-05-05 00:00:00', 'N', 'N'),
(202, 202, 2, 2, 'Ea', 1.000000, 0.00, 'Y', 'N', 1, '2025-05-05 00:00:00', 'N', 'N'),
(203, 203, 2, 2, 'Ea', 1.000000, 0.00, 'Y', 'N', 1, '2025-05-05 00:00:00', 'N', 'N'),
(204, 204, 2, 2, 'Ea', 1.000000, 0.00, 'Y', 'N', 1, '2025-05-05 00:00:00', 'N', 'N'),
(205, 205, 2, 2, 'Ea', 1.000000, 0.00, 'Y', 'N', 1, '2025-05-05 00:00:00', 'N', 'N'),
(206, 206, 2, 2, 'Ea', 1.000000, 0.00, 'Y', 'N', 1, '2025-05-05 00:00:00', 'N', 'N'),
(207, 207, 2, 2, 'Ea', 1.000000, 0.00, 'Y', 'N', 1, '2025-05-05 00:00:00', 'N', 'N'),
(208, 208, 2, 2, 'Ea', 1.000000, 0.00, 'Y', 'N', 1, '2025-05-05 00:00:00', 'N', 'N'),
(209, 209, 2, 2, 'Ea', 1.000000, 0.00, 'Y', 'N', 1, '2025-05-05 00:00:00', 'N', 'N'),
(210, 210, 2, 2, 'Ea', 1.000000, 0.00, 'Y', 'N', 1, '2025-05-05 00:00:00', 'N', 'N'),
(211, 211, 2, 2, 'Ea', 1.000000, 0.00, 'Y', 'N', 1, '2025-05-05 00:00:00', 'N', 'N'),
(212, 212, 2, 2, 'Ea', 1.000000, 0.00, 'Y', 'N', 1, '2025-05-05 00:00:00', 'N', 'N'),
(213, 213, 2, 2, 'Ea', 1.000000, 0.00, 'Y', 'N', 1, '2025-05-05 00:00:00', 'N', 'N'),
(214, 214, 2, 2, 'Ea', 1.000000, 0.00, 'Y', 'N', 1, '2025-05-05 00:00:00', 'N', 'N'),
(215, 215, 2, 2, 'Ea', 1.000000, 0.00, 'Y', 'N', 1, '2025-05-05 00:00:00', 'N', 'N'),
(216, 216, 2, 2, 'Ea', 1.000000, 0.00, 'Y', 'N', 1, '2025-05-05 00:00:00', 'N', 'N'),
(217, 217, 2, 2, 'Ea', 1.000000, 0.00, 'Y', 'N', 1, '2025-05-05 00:00:00', 'N', 'N'),
(218, 218, 2, 2, 'Ea', 1.000000, 0.00, 'Y', 'N', 1, '2025-05-05 00:00:00', 'N', 'N'),
(219, 219, 2, 2, 'Ea', 1.000000, 0.00, 'Y', 'N', 1, '2025-05-05 00:00:00', 'N', 'N'),
(220, 220, 2, 2, 'Ea', 1.000000, 0.00, 'Y', 'N', 1, '2025-05-05 00:00:00', 'N', 'N'),
(221, 221, 2, 2, 'Ea', 1.000000, 0.00, 'Y', 'N', 1, '2025-05-05 00:00:00', 'N', 'N'),
(222, 222, 2, 2, 'Ea', 1.000000, 0.00, 'Y', 'N', 1, '2025-05-05 00:00:00', 'N', 'N'),
(223, 223, 2, 2, 'Ea', 1.000000, 0.00, 'Y', 'N', 1, '2025-05-05 00:00:00', 'N', 'N'),
(224, 224, 2, 2, 'Ea', 1.000000, 0.00, 'Y', 'N', 1, '2025-05-05 00:00:00', 'N', 'N'),
(225, 225, 2, 2, 'Ea', 1.000000, 0.00, 'Y', 'N', 1, '2025-05-05 00:00:00', 'N', 'N'),
(226, 226, 2, 2, 'Ea', 1.000000, 0.00, 'Y', 'N', 1, '2025-05-05 00:00:00', 'N', 'N'),
(227, 227, 2, 2, 'Ea', 1.000000, 0.00, 'Y', 'N', 1, '2025-05-05 00:00:00', 'N', 'N'),
(228, 228, 2, 2, 'Ea', 1.000000, 0.00, 'Y', 'N', 1, '2025-05-05 00:00:00', 'N', 'N'),
(229, 229, 2, 2, 'Ea', 1.000000, 0.00, 'Y', 'N', 1, '2025-05-05 00:00:00', 'N', 'N'),
(230, 230, 2, 2, 'Ea', 1.000000, 0.00, 'Y', 'N', 1, '2025-05-05 00:00:00', 'N', 'N'),
(231, 231, 2, 2, 'Ea', 1.000000, 0.00, 'Y', 'N', 1, '2025-05-05 00:00:00', 'N', 'N'),
(232, 232, 2, 2, 'Ea', 1.000000, 0.00, 'Y', 'N', 1, '2025-05-05 00:00:00', 'N', 'N'),
(233, 233, 2, 2, 'Ea', 1.000000, 0.00, 'Y', 'N', 1, '2025-05-05 00:00:00', 'N', 'N'),
(234, 234, 2, 2, 'Ea', 1.000000, 0.00, 'Y', 'N', 1, '2025-05-05 00:00:00', 'N', 'N'),
(235, 235, 2, 2, 'Ea', 1.000000, 0.00, 'Y', 'N', 1, '2025-05-05 00:00:00', 'N', 'N'),
(236, 236, 2, 2, 'Ea', 1.000000, 0.00, 'Y', 'N', 1, '2025-05-05 00:00:00', 'N', 'N'),
(237, 237, 2, 2, 'Ea', 1.000000, 0.00, 'Y', 'N', 1, '2025-05-05 00:00:00', 'N', 'N'),
(238, 238, 2, 2, 'ea', 1.000000, 0.00, 'Y', 'N', 1, '2025-05-08 06:11:46', 'N', 'N'),
(239, 239, 2, 2, 'Ea', 1.000000, 0.00, 'Y', 'N', 1, '2025-05-05 00:00:00', 'N', 'N'),
(240, 240, 2, 2, 'Ea', 1.000000, 0.00, 'Y', 'N', 1, '2025-05-05 00:00:00', 'N', 'N'),
(241, 241, 2, 2, 'Ea', 1.000000, 0.00, 'Y', 'N', 1, '2025-05-05 00:00:00', 'N', 'N'),
(242, 242, 2, 2, 'Ea', 1.000000, 0.00, 'Y', 'N', 1, '2025-05-05 00:00:00', 'N', 'N'),
(243, 243, 2, 2, 'Ea', 1.000000, 0.00, 'Y', 'N', 1, '2025-05-05 00:00:00', 'N', 'N'),
(244, 244, 2, 2, 'Ea', 1.000000, 0.00, 'Y', 'N', 1, '2025-05-05 00:00:00', 'N', 'N'),
(245, 245, 2, 2, 'ea', 1.000000, 0.00, 'Y', 'N', 1, '2025-06-05 16:22:42', 'N', 'N'),
(246, 246, 2, 2, 'Ea', 1.000000, 0.00, 'Y', 'N', 1, '2025-05-05 00:00:00', 'N', 'N'),
(247, 247, 2, 2, 'Ea', 1.000000, 0.00, 'Y', 'N', 1, '2025-05-05 00:00:00', 'N', 'N'),
(248, 248, 2, 2, 'Ea', 1.000000, 0.00, 'Y', 'N', 1, '2025-05-05 00:00:00', 'N', 'N'),
(249, 249, 2, 2, 'Ea', 1.000000, 0.00, 'Y', 'N', 1, '2025-05-05 00:00:00', 'N', 'N'),
(250, 250, 2, 2, 'Ea', 1.000000, 0.00, 'Y', 'N', 1, '2025-05-05 00:00:00', 'N', 'N'),
(251, 251, 2, 2, 'Ea', 1.000000, 0.00, 'Y', 'N', 1, '2025-05-05 00:00:00', 'N', 'N'),
(252, 252, 2, 2, 'Ea', 1.000000, 0.00, 'Y', 'N', 1, '2025-05-05 00:00:00', 'N', 'N'),
(253, 253, 2, 2, 'Ea', 1.000000, 0.00, 'Y', 'N', 1, '2025-05-05 00:00:00', 'N', 'N'),
(254, 254, 2, 2, 'Ea', 1.000000, 0.00, 'Y', 'N', 1, '2025-05-05 00:00:00', 'N', 'N'),
(255, 255, 2, 2, 'Ea', 1.000000, 0.00, 'Y', 'N', 1, '2025-05-05 00:00:00', 'N', 'N'),
(256, 256, 2, 2, 'Ea', 1.000000, 0.00, 'Y', 'N', 1, '2025-05-05 00:00:00', 'N', 'N'),
(257, 257, 2, 2, 'Ea', 1.000000, 0.00, 'Y', 'N', 1, '2025-05-05 00:00:00', 'N', 'N'),
(258, 258, 2, 2, 'Ea', 1.000000, 0.00, 'Y', 'N', 1, '2025-05-05 00:00:00', 'N', 'N'),
(259, 259, 2, 2, 'Ea', 1.000000, 0.00, 'Y', 'N', 1, '2025-05-05 00:00:00', 'N', 'N'),
(260, 260, 2, 2, 'Ea', 1.000000, 0.00, 'Y', 'N', 1, '2025-05-05 00:00:00', 'N', 'N'),
(261, 261, 2, 2, 'Ea', 1.000000, 0.00, 'Y', 'N', 1, '2025-05-05 00:00:00', 'N', 'N'),
(262, 262, 2, 2, 'Ea', 1.000000, 0.00, 'Y', 'N', 1, '2025-05-05 00:00:00', 'N', 'N'),
(263, 263, 2, 2, 'Ea', 1.000000, 0.00, 'Y', 'N', 1, '2025-05-05 00:00:00', 'N', 'N'),
(264, 264, 2, 2, 'Ea', 1.000000, 0.00, 'Y', 'N', 1, '2025-05-05 00:00:00', 'N', 'N'),
(265, 265, 2, 2, 'Ea', 1.000000, 0.00, 'Y', 'N', 1, '2025-05-05 00:00:00', 'N', 'N'),
(266, 266, 2, 2, 'Ea', 1.000000, 0.00, 'Y', 'N', 1, '2025-05-05 00:00:00', 'N', 'N'),
(267, 267, 2, 2, 'Ea', 1.000000, 0.00, 'Y', 'N', 1, '2025-05-05 00:00:00', 'N', 'N'),
(268, 268, 2, 2, 'Ea', 1.000000, 0.00, 'Y', 'N', 1, '2025-05-05 00:00:00', 'N', 'N'),
(269, 269, 2, 2, 'Ea', 1.000000, 0.00, 'Y', 'N', 1, '2025-05-05 00:00:00', 'N', 'N'),
(270, 270, 2, 2, 'Ea', 1.000000, 0.00, 'Y', 'N', 1, '2025-05-05 00:00:00', 'N', 'N'),
(271, 271, 2, 2, 'Ea', 1.000000, 0.00, 'Y', 'N', 1, '2025-05-05 00:00:00', 'N', 'N'),
(272, 272, 2, 2, 'Ea', 1.000000, 0.00, 'Y', 'N', 1, '2025-05-05 00:00:00', 'N', 'N'),
(273, 273, 2, 2, 'Ea', 1.000000, 0.00, 'Y', 'N', 1, '2025-05-05 00:00:00', 'N', 'N'),
(274, 274, 2, 2, 'Ea', 1.000000, 0.00, 'Y', 'N', 1, '2025-05-05 00:00:00', 'N', 'N'),
(275, 275, 2, 2, 'Ea', 1.000000, 0.00, 'Y', 'N', 1, '2025-05-05 00:00:00', 'N', 'N'),
(276, 276, 2, 2, 'Ea', 1.000000, 0.00, 'Y', 'N', 1, '2025-05-05 00:00:00', 'N', 'N'),
(277, 277, 2, 2, 'Ea', 1.000000, 0.00, 'Y', 'N', 1, '2025-05-05 00:00:00', 'N', 'N'),
(278, 278, 2, 2, 'Ea', 1.000000, 0.00, 'Y', 'N', 1, '2025-05-05 00:00:00', 'N', 'N'),
(279, 279, 2, 2, 'Ea', 1.000000, 0.00, 'Y', 'N', 1, '2025-05-05 00:00:00', 'N', 'N'),
(280, 280, 2, 2, 'Ea', 1.000000, 0.00, 'Y', 'N', 1, '2025-05-05 00:00:00', 'N', 'N'),
(281, 281, 2, 2, 'Ea', 1.000000, 0.00, 'Y', 'N', 1, '2025-05-05 00:00:00', 'N', 'N'),
(282, 282, 2, 2, 'Ea', 1.000000, 0.00, 'Y', 'N', 1, '2025-05-05 00:00:00', 'N', 'N'),
(283, 283, 2, 2, 'Ea', 1.000000, 0.00, 'Y', 'N', 1, '2025-05-05 00:00:00', 'N', 'N'),
(284, 284, 2, 2, 'Ea', 1.000000, 0.00, 'Y', 'N', 1, '2025-05-05 00:00:00', 'N', 'N'),
(285, 285, 2, 2, 'Ea', 1.000000, 0.00, 'Y', 'N', 1, '2025-05-05 00:00:00', 'N', 'N'),
(286, 286, 2, 2, 'Ea', 1.000000, 0.00, 'Y', 'N', 1, '2025-05-05 00:00:00', 'N', 'N'),
(287, 287, 2, 2, 'Ea', 1.000000, 0.00, 'Y', 'N', 1, '2025-05-05 00:00:00', 'N', 'N'),
(288, 288, 2, 2, 'Ea', 1.000000, 0.00, 'Y', 'N', 1, '2025-05-05 00:00:00', 'N', 'N'),
(289, 289, 2, 2, 'Ea', 1.000000, 0.00, 'Y', 'N', 1, '2025-05-05 00:00:00', 'N', 'N'),
(290, 290, 2, 2, 'Ea', 1.000000, 0.00, 'Y', 'N', 1, '2025-05-05 00:00:00', 'N', 'N'),
(291, 291, 2, 2, 'Ea', 1.000000, 0.00, 'Y', 'N', 1, '2025-05-05 00:00:00', 'N', 'N'),
(292, 292, 2, 2, 'Ea', 1.000000, 0.00, 'Y', 'N', 1, '2025-05-05 00:00:00', 'N', 'N'),
(293, 293, 2, 2, 'Ea', 1.000000, 0.00, 'Y', 'N', 1, '2025-05-05 00:00:00', 'N', 'N'),
(294, 294, 2, 2, 'Ea', 1.000000, 0.00, 'Y', 'N', 1, '2025-05-05 00:00:00', 'N', 'N'),
(295, 295, 2, 2, 'Ea', 1.000000, 0.00, 'Y', 'N', 1, '2025-05-05 00:00:00', 'N', 'N'),
(296, 296, 2, 2, 'Ea', 1.000000, 0.00, 'Y', 'N', 1, '2025-05-05 00:00:00', 'N', 'N'),
(297, 297, 2, 2, 'Ea', 1.000000, 0.00, 'Y', 'N', 1, '2025-05-05 00:00:00', 'N', 'N'),
(298, 298, 2, 2, 'Ea', 1.000000, 0.00, 'Y', 'N', 1, '2025-05-05 00:00:00', 'N', 'N'),
(299, 299, 2, 2, 'Ea', 1.000000, 0.00, 'Y', 'N', 1, '2025-05-05 00:00:00', 'N', 'N'),
(300, 300, 2, 2, 'Ea', 1.000000, 0.00, 'Y', 'N', 1, '2025-05-05 00:00:00', 'N', 'N'),
(301, 301, 2, 2, 'Ea', 1.000000, 0.00, 'Y', 'N', 1, '2025-05-05 00:00:00', 'N', 'N'),
(302, 302, 2, 2, 'ea', 1.000000, 0.00, 'Y', 'N', 1, '2025-05-08 09:36:35', 'N', 'N'),
(303, 303, 2, 2, 'Ea', 1.000000, 0.00, 'Y', 'N', 1, '2025-05-05 00:00:00', 'N', 'N'),
(304, 304, 2, 2, 'Ea', 1.000000, 0.00, 'Y', 'N', 1, '2025-05-05 00:00:00', 'N', 'N'),
(305, 305, 2, 2, 'Ea', 1.000000, 0.00, 'Y', 'N', 1, '2025-05-05 00:00:00', 'N', 'N'),
(306, 306, 2, 2, 'Ea', 1.000000, 0.00, 'Y', 'N', 1, '2025-05-05 00:00:00', 'N', 'N'),
(307, 307, 2, 2, 'Ea', 1.000000, 0.00, 'Y', 'N', 1, '2025-05-05 00:00:00', 'N', 'N'),
(308, 308, 2, 2, 'Ea', 1.000000, 0.00, 'Y', 'N', 1, '2025-05-05 00:00:00', 'N', 'N'),
(309, 309, 2, 2, 'Ea', 1.000000, 0.00, 'Y', 'N', 1, '2025-05-05 00:00:00', 'N', 'N'),
(310, 310, 2, 2, 'Ea', 1.000000, 0.00, 'Y', 'N', 1, '2025-05-05 00:00:00', 'N', 'N'),
(311, 311, 2, 2, 'Ea', 1.000000, 0.00, 'Y', 'N', 1, '2025-05-05 00:00:00', 'N', 'N'),
(312, 312, 2, 2, 'Ea', 1.000000, 0.00, 'Y', 'N', 1, '2025-05-05 00:00:00', 'N', 'N'),
(313, 313, 2, 2, 'Ea', 1.000000, 0.00, 'Y', 'N', 1, '2025-05-05 00:00:00', 'N', 'N'),
(314, 314, 2, 2, 'Ea', 1.000000, 0.00, 'Y', 'N', 1, '2025-05-05 00:00:00', 'N', 'N'),
(315, 315, 2, 2, 'Ea', 1.000000, 0.00, 'Y', 'N', 1, '2025-05-05 00:00:00', 'N', 'N'),
(316, 316, 2, 2, 'Ea', 1.000000, 0.00, 'Y', 'N', 1, '2025-05-05 00:00:00', 'N', 'N'),
(317, 317, 2, 2, 'Ea', 1.000000, 0.00, 'Y', 'N', 1, '2025-05-05 00:00:00', 'N', 'N'),
(318, 318, 2, 2, 'Ea', 1.000000, 0.00, 'Y', 'N', 1, '2025-05-05 00:00:00', 'N', 'N'),
(319, 319, 2, 2, 'Ea', 1.000000, 0.00, 'Y', 'N', 1, '2025-05-05 00:00:00', 'N', 'N'),
(320, 320, 2, 2, 'Ea', 1.000000, 0.00, 'Y', 'N', 1, '2025-05-05 00:00:00', 'N', 'N'),
(321, 321, 2, 2, 'Ea', 1.000000, 0.00, 'Y', 'N', 1, '2025-05-05 00:00:00', 'N', 'N'),
(322, 322, 2, 2, 'Ea', 1.000000, 0.00, 'Y', 'N', 1, '2025-05-05 00:00:00', 'N', 'N'),
(323, 323, 2, 2, 'Ea', 1.000000, 0.00, 'Y', 'N', 1, '2025-05-05 00:00:00', 'N', 'N'),
(324, 324, 2, 2, 'Ea', 1.000000, 0.00, 'Y', 'N', 1, '2025-05-05 00:00:00', 'N', 'N'),
(325, 325, 2, 2, 'Ea', 1.000000, 0.00, 'Y', 'N', 1, '2025-05-05 00:00:00', 'N', 'N'),
(326, 326, 2, 2, 'Ea', 1.000000, 0.00, 'Y', 'N', 1, '2025-05-05 00:00:00', 'N', 'N'),
(327, 327, 2, 2, 'Ea', 1.000000, 0.00, 'Y', 'N', 1, '2025-05-05 00:00:00', 'N', 'N'),
(328, 328, 2, 2, 'Ea', 1.000000, 0.00, 'Y', 'N', 1, '2025-05-05 00:00:00', 'N', 'N'),
(329, 329, 2, 2, 'Ea', 1.000000, 0.00, 'Y', 'N', 1, '2025-05-05 00:00:00', 'N', 'N'),
(330, 330, 2, 2, 'Ea', 1.000000, 0.00, 'Y', 'N', 1, '2025-05-05 00:00:00', 'N', 'N'),
(331, 331, 2, 2, 'Ea', 1.000000, 0.00, 'Y', 'N', 1, '2025-05-05 00:00:00', 'N', 'N'),
(332, 332, 2, 2, 'Ea', 1.000000, 0.00, 'Y', 'N', 1, '2025-05-05 00:00:00', 'N', 'N'),
(333, 333, 2, 2, 'Ea', 1.000000, 0.00, 'Y', 'N', 1, '2025-05-05 00:00:00', 'N', 'N'),
(334, 334, 2, 2, 'Ea', 1.000000, 0.00, 'Y', 'N', 1, '2025-05-05 00:00:00', 'N', 'N'),
(335, 335, 2, 2, 'Ea', 1.000000, 0.00, 'Y', 'N', 1, '2025-05-05 00:00:00', 'N', 'N'),
(336, 336, 2, 2, 'Ea', 1.000000, 0.00, 'Y', 'N', 1, '2025-05-05 00:00:00', 'N', 'N'),
(337, 337, 2, 2, 'Ea', 1.000000, 0.00, 'Y', 'N', 1, '2025-05-05 00:00:00', 'N', 'N'),
(338, 338, 2, 2, 'Ea', 1.000000, 0.00, 'Y', 'N', 1, '2025-05-05 00:00:00', 'N', 'N'),
(339, 339, 2, 2, 'Ea', 1.000000, 0.00, 'Y', 'N', 1, '2025-05-05 00:00:00', 'N', 'N'),
(340, 340, 2, 2, 'Ea', 1.000000, 0.00, 'Y', 'N', 1, '2025-05-05 00:00:00', 'N', 'N'),
(341, 341, 2, 2, 'Ea', 1.000000, 0.00, 'Y', 'N', 1, '2025-05-05 00:00:00', 'N', 'N'),
(342, 342, 2, 2, 'Ea', 1.000000, 0.00, 'Y', 'N', 1, '2025-05-05 00:00:00', 'N', 'N'),
(343, 343, 2, 2, 'Ea', 1.000000, 0.00, 'Y', 'N', 1, '2025-05-05 00:00:00', 'N', 'N'),
(344, 344, 2, 2, 'Ea', 1.000000, 0.00, 'Y', 'N', 1, '2025-05-05 00:00:00', 'N', 'N'),
(345, 345, 2, 2, 'Ea', 1.000000, 0.00, 'Y', 'N', 1, '2025-05-05 00:00:00', 'N', 'N'),
(346, 346, 2, 2, 'Ea', 1.000000, 0.00, 'Y', 'N', 1, '2025-05-05 00:00:00', 'N', 'N'),
(347, 347, 2, 2, 'Ea', 1.000000, 0.00, 'Y', 'N', 1, '2025-05-05 00:00:00', 'N', 'N'),
(348, 348, 2, 2, 'Ea', 1.000000, 0.00, 'Y', 'N', 1, '2025-05-05 00:00:00', 'N', 'N'),
(349, 349, 2, 2, 'Ea', 1.000000, 0.00, 'Y', 'N', 1, '2025-05-05 00:00:00', 'N', 'N'),
(350, 350, 2, 2, 'Ea', 1.000000, 0.00, 'Y', 'N', 1, '2025-05-05 00:00:00', 'N', 'N'),
(351, 351, 2, 2, 'Ea', 1.000000, 0.00, 'Y', 'N', 1, '2025-05-05 00:00:00', 'N', 'N'),
(352, 352, 2, 2, 'Ea', 1.000000, 0.00, 'Y', 'N', 1, '2025-05-05 00:00:00', 'N', 'N'),
(353, 353, 2, 2, 'Ea', 1.000000, 0.00, 'Y', 'N', 1, '2025-05-05 00:00:00', 'N', 'N'),
(354, 354, 2, 2, 'Ea', 1.000000, 0.00, 'Y', 'N', 1, '2025-05-05 00:00:00', 'N', 'N'),
(355, 355, 2, 2, 'Ea', 1.000000, 0.00, 'Y', 'N', 1, '2025-05-05 00:00:00', 'N', 'N'),
(356, 356, 2, 2, 'Ea', 1.000000, 0.00, 'Y', 'N', 1, '2025-05-05 00:00:00', 'N', 'N'),
(357, 357, 2, 2, 'Ea', 1.000000, 0.00, 'Y', 'N', 1, '2025-05-05 00:00:00', 'N', 'N'),
(358, 358, 2, 2, 'Ea', 1.000000, 0.00, 'Y', 'N', 1, '2025-05-05 00:00:00', 'N', 'N'),
(359, 359, 2, 2, 'Ea', 1.000000, 0.00, 'Y', 'N', 1, '2025-05-05 00:00:00', 'N', 'N'),
(360, 360, 2, 2, 'Ea', 1.000000, 0.00, 'Y', 'N', 1, '2025-05-05 00:00:00', 'N', 'N'),
(361, 361, 2, 2, 'Ea', 1.000000, 0.00, 'Y', 'N', 1, '2025-05-05 00:00:00', 'N', 'N'),
(362, 362, 2, 2, 'Ea', 1.000000, 0.00, 'Y', 'N', 1, '2025-05-05 00:00:00', 'N', 'N'),
(363, 363, 2, 2, 'Ea', 1.000000, 0.00, 'Y', 'N', 1, '2025-05-05 00:00:00', 'N', 'N'),
(364, 364, 2, 2, 'Ea', 1.000000, 0.00, 'Y', 'N', 1, '2025-05-05 00:00:00', 'N', 'N'),
(365, 365, 2, 2, 'Ea', 1.000000, 0.00, 'Y', 'N', 1, '2025-05-05 00:00:00', 'N', 'N'),
(366, 366, 2, 2, 'Ea', 1.000000, 0.00, 'Y', 'N', 1, '2025-05-05 00:00:00', 'N', 'N'),
(367, 367, 2, 2, 'Ea', 1.000000, 0.00, 'Y', 'N', 1, '2025-05-05 00:00:00', 'N', 'N'),
(368, 368, 2, 2, 'Ea', 1.000000, 0.00, 'Y', 'N', 1, '2025-05-05 00:00:00', 'N', 'N'),
(369, 369, 2, 2, 'Ea', 1.000000, 0.00, 'Y', 'N', 1, '2025-05-05 00:00:00', 'N', 'N'),
(370, 370, 2, 2, 'Ea', 1.000000, 0.00, 'Y', 'N', 1, '2025-05-05 00:00:00', 'N', 'N'),
(371, 371, 2, 2, 'Ea', 1.000000, 0.00, 'Y', 'N', 1, '2025-05-05 00:00:00', 'N', 'N'),
(372, 372, 2, 2, 'Ea', 1.000000, 0.00, 'Y', 'N', 1, '2025-05-05 00:00:00', 'N', 'N'),
(373, 373, 2, 2, 'Ea', 1.000000, 0.00, 'Y', 'N', 1, '2025-05-05 00:00:00', 'N', 'N'),
(374, 374, 2, 2, 'Ea', 1.000000, 0.00, 'Y', 'N', 1, '2025-05-05 00:00:00', 'N', 'N'),
(375, 375, 2, 2, 'Ea', 1.000000, 0.00, 'Y', 'N', 1, '2025-05-05 00:00:00', 'N', 'N'),
(376, 376, 2, 2, 'Ea', 1.000000, 0.00, 'Y', 'N', 1, '2025-05-05 00:00:00', 'N', 'N'),
(377, 377, 2, 2, 'Ea', 1.000000, 0.00, 'Y', 'N', 1, '2025-05-05 00:00:00', 'N', 'N'),
(378, 378, 2, 2, 'Ea', 1.000000, 0.00, 'Y', 'N', 1, '2025-05-05 00:00:00', 'N', 'N'),
(379, 379, 2, 2, 'Ea', 1.000000, 0.00, 'Y', 'N', 1, '2025-05-05 00:00:00', 'N', 'N'),
(380, 380, 2, 2, 'Ea', 1.000000, 0.00, 'Y', 'N', 1, '2025-05-05 00:00:00', 'N', 'N'),
(381, 381, 2, 2, 'Ea', 1.000000, 0.00, 'Y', 'N', 1, '2025-05-05 00:00:00', 'N', 'N'),
(382, 382, 2, 2, 'Ea', 1.000000, 0.00, 'Y', 'N', 1, '2025-05-05 00:00:00', 'N', 'N'),
(383, 383, 2, 2, 'Ea', 1.000000, 0.00, 'Y', 'N', 1, '2025-05-05 00:00:00', 'N', 'N'),
(384, 384, 2, 2, 'Ea', 1.000000, 0.00, 'Y', 'N', 1, '2025-05-05 00:00:00', 'N', 'N'),
(385, 385, 2, 2, 'Ea', 1.000000, 0.00, 'Y', 'N', 1, '2025-05-05 00:00:00', 'N', 'N'),
(386, 386, 2, 2, 'Ea', 1.000000, 0.00, 'Y', 'N', 1, '2025-05-05 00:00:00', 'N', 'N'),
(387, 387, 2, 2, 'Ea', 1.000000, 0.00, 'Y', 'N', 1, '2025-05-05 00:00:00', 'N', 'N'),
(388, 388, 2, 2, 'Ea', 1.000000, 0.00, 'Y', 'N', 1, '2025-05-05 00:00:00', 'N', 'N'),
(389, 389, 2, 2, 'Ea', 1.000000, 0.00, 'Y', 'N', 1, '2025-05-05 00:00:00', 'N', 'N'),
(390, 390, 2, 2, 'Ea', 1.000000, 0.00, 'Y', 'N', 1, '2025-05-05 00:00:00', 'N', 'N'),
(391, 391, 2, 2, 'Ea', 1.000000, 0.00, 'Y', 'N', 1, '2025-05-05 00:00:00', 'N', 'N'),
(392, 392, 2, 2, 'Ea', 1.000000, 0.00, 'Y', 'N', 1, '2025-05-05 00:00:00', 'N', 'N'),
(393, 393, 2, 2, 'Ea', 1.000000, 0.00, 'Y', 'N', 1, '2025-05-05 00:00:00', 'N', 'N'),
(394, 394, 2, 2, 'Ea', 1.000000, 0.00, 'Y', 'N', 1, '2025-05-05 00:00:00', 'N', 'N'),
(395, 395, 2, 2, 'Ea', 1.000000, 0.00, 'Y', 'N', 1, '2025-05-05 00:00:00', 'N', 'N'),
(396, 396, 2, 2, 'Ea', 1.000000, 0.00, 'Y', 'N', 1, '2025-05-05 00:00:00', 'N', 'N'),
(397, 397, 2, 2, 'Ea', 1.000000, 0.00, 'Y', 'N', 1, '2025-05-05 00:00:00', 'N', 'N'),
(398, 398, 2, 2, 'Ea', 1.000000, 0.00, 'Y', 'N', 1, '2025-05-05 00:00:00', 'N', 'N'),
(399, 399, 2, 2, 'Ea', 1.000000, 0.00, 'Y', 'N', 1, '2025-05-05 00:00:00', 'N', 'N'),
(400, 400, 2, 2, 'Ea', 1.000000, 0.00, 'Y', 'N', 1, '2025-05-05 00:00:00', 'N', 'N'),
(401, 401, 2, 2, 'Ea', 1.000000, 0.00, 'Y', 'N', 1, '2025-05-05 00:00:00', 'N', 'N'),
(402, 402, 2, 2, 'Ea', 1.000000, 0.00, 'Y', 'N', 1, '2025-05-05 00:00:00', 'N', 'N'),
(403, 403, 2, 2, 'Ea', 1.000000, 0.00, 'Y', 'N', 1, '2025-05-05 00:00:00', 'N', 'N'),
(404, 404, 2, 2, 'Ea', 1.000000, 0.00, 'Y', 'N', 1, '2025-05-05 00:00:00', 'N', 'N'),
(405, 405, 2, 2, 'Ea', 1.000000, 0.00, 'Y', 'N', 1, '2025-05-05 00:00:00', 'N', 'N'),
(406, 406, 2, 2, 'Ea', 1.000000, 0.00, 'Y', 'N', 1, '2025-05-05 00:00:00', 'N', 'N'),
(407, 407, 2, 2, 'Ea', 1.000000, 0.00, 'Y', 'N', 1, '2025-05-05 00:00:00', 'N', 'N'),
(408, 408, 2, 2, 'Ea', 1.000000, 0.00, 'Y', 'N', 1, '2025-05-05 00:00:00', 'N', 'N'),
(409, 409, 2, 2, 'Ea', 1.000000, 0.00, 'Y', 'N', 1, '2025-05-05 00:00:00', 'N', 'N'),
(410, 410, 2, 2, 'Ea', 1.000000, 0.00, 'Y', 'N', 1, '2025-05-05 00:00:00', 'N', 'N'),
(411, 411, 2, 2, 'Ea', 1.000000, 0.00, 'Y', 'N', 1, '2025-05-05 00:00:00', 'N', 'N'),
(412, 412, 2, 2, 'Ea', 1.000000, 0.00, 'Y', 'N', 1, '2025-05-05 00:00:00', 'N', 'N'),
(413, 413, 2, 2, 'Ea', 1.000000, 0.00, 'Y', 'N', 1, '2025-05-05 00:00:00', 'N', 'N'),
(414, 414, 2, 2, 'Ea', 1.000000, 0.00, 'Y', 'N', 1, '2025-05-05 00:00:00', 'N', 'N'),
(415, 415, 2, 2, 'Ea', 1.000000, 0.00, 'Y', 'N', 1, '2025-05-05 00:00:00', 'N', 'N'),
(416, 416, 2, 2, 'Ea', 1.000000, 0.00, 'Y', 'N', 1, '2025-05-05 00:00:00', 'N', 'N'),
(417, 417, 2, 2, 'Ea', 1.000000, 0.00, 'Y', 'N', 1, '2025-05-05 00:00:00', 'N', 'N'),
(418, 418, 2, 2, 'Ea', 1.000000, 0.00, 'Y', 'N', 1, '2025-05-05 00:00:00', 'N', 'N'),
(419, 419, 2, 2, 'Ea', 1.000000, 0.00, 'Y', 'N', 1, '2025-05-05 00:00:00', 'N', 'N'),
(420, 420, 2, 2, 'Ea', 1.000000, 0.00, 'Y', 'N', 1, '2025-05-05 00:00:00', 'N', 'N'),
(421, 421, 2, 2, 'Ea', 1.000000, 0.00, 'Y', 'N', 1, '2025-05-05 00:00:00', 'N', 'N'),
(422, 422, 2, 2, 'Ea', 1.000000, 0.00, 'Y', 'N', 1, '2025-05-05 00:00:00', 'N', 'N'),
(423, 423, 2, 2, 'Ea', 1.000000, 0.00, 'Y', 'N', 1, '2025-05-05 00:00:00', 'N', 'N'),
(424, 424, 2, 2, 'Ea', 1.000000, 0.00, 'Y', 'N', 1, '2025-05-05 00:00:00', 'N', 'N'),
(425, 425, 2, 2, 'Ea', 1.000000, 0.00, 'Y', 'N', 1, '2025-05-05 00:00:00', 'N', 'N'),
(426, 426, 2, 2, 'Ea', 1.000000, 0.00, 'Y', 'N', 1, '2025-05-05 00:00:00', 'N', 'N'),
(427, 427, 2, 2, 'Ea', 1.000000, 0.00, 'Y', 'N', 1, '2025-05-05 00:00:00', 'N', 'N'),
(428, 428, 2, 2, 'Ea', 1.000000, 0.00, 'Y', 'N', 1, '2025-05-05 00:00:00', 'N', 'N'),
(429, 429, 2, 2, 'Ea', 1.000000, 0.00, 'Y', 'N', 1, '2025-05-05 00:00:00', 'N', 'N'),
(430, 430, 2, 2, 'Ea', 1.000000, 0.00, 'Y', 'N', 1, '2025-05-05 00:00:00', 'N', 'N'),
(431, 431, 2, 2, 'Ea', 1.000000, 0.00, 'Y', 'N', 1, '2025-05-05 00:00:00', 'N', 'N'),
(432, 432, 2, 2, 'Ea', 1.000000, 0.00, 'Y', 'N', 1, '2025-05-05 00:00:00', 'N', 'N'),
(433, 433, 2, 2, 'Ea', 1.000000, 0.00, 'Y', 'N', 1, '2025-05-05 00:00:00', 'N', 'N'),
(434, 434, 2, 2, 'Ea', 1.000000, 0.00, 'Y', 'N', 1, '2025-05-05 00:00:00', 'N', 'N'),
(435, 435, 2, 2, 'Ea', 1.000000, 0.00, 'Y', 'N', 1, '2025-05-05 00:00:00', 'N', 'N'),
(436, 436, 2, 2, 'Ea', 1.000000, 0.00, 'Y', 'N', 1, '2025-05-05 00:00:00', 'N', 'N'),
(437, 437, 2, 2, 'Ea', 1.000000, 0.00, 'Y', 'N', 1, '2025-05-05 00:00:00', 'N', 'N'),
(438, 438, 2, 2, 'Ea', 1.000000, 0.00, 'Y', 'N', 1, '2025-05-05 00:00:00', 'N', 'N'),
(439, 439, 2, 2, 'Ea', 1.000000, 0.00, 'Y', 'N', 1, '2025-05-05 00:00:00', 'N', 'N'),
(440, 440, 2, 2, 'Ea', 1.000000, 0.00, 'Y', 'N', 1, '2025-05-05 00:00:00', 'N', 'N'),
(441, 441, 2, 2, 'Ea', 1.000000, 0.00, 'Y', 'N', 1, '2025-05-05 00:00:00', 'N', 'N'),
(442, 442, 2, 2, 'Ea', 1.000000, 0.00, 'Y', 'N', 1, '2025-05-05 00:00:00', 'N', 'N'),
(443, 443, 2, 2, 'Ea', 1.000000, 0.00, 'Y', 'N', 1, '2025-05-05 00:00:00', 'N', 'N'),
(444, 444, 2, 2, 'Ea', 1.000000, 0.00, 'Y', 'N', 1, '2025-05-05 00:00:00', 'N', 'N'),
(445, 445, 2, 2, 'Ea', 1.000000, 0.00, 'Y', 'N', 1, '2025-05-05 00:00:00', 'N', 'N'),
(446, 446, 2, 2, 'Ea', 1.000000, 0.00, 'Y', 'N', 1, '2025-05-05 00:00:00', 'N', 'N'),
(447, 447, 2, 2, 'Ea', 1.000000, 0.00, 'Y', 'N', 1, '2025-05-05 00:00:00', 'N', 'N'),
(448, 448, 2, 2, 'Ea', 1.000000, 0.00, 'Y', 'N', 1, '2025-05-05 00:00:00', 'N', 'N'),
(449, 449, 2, 2, 'Ea', 1.000000, 0.00, 'Y', 'N', 1, '2025-05-05 00:00:00', 'N', 'N'),
(450, 450, 2, 2, 'Ea', 1.000000, 0.00, 'Y', 'N', 1, '2025-05-05 00:00:00', 'N', 'N'),
(451, 451, 2, 2, 'Ea', 1.000000, 0.00, 'Y', 'N', 1, '2025-05-05 00:00:00', 'N', 'N'),
(452, 452, 2, 2, 'Ea', 1.000000, 0.00, 'Y', 'N', 1, '2025-05-05 00:00:00', 'N', 'N'),
(453, 453, 2, 2, 'Ea', 1.000000, 0.00, 'Y', 'N', 1, '2025-05-05 00:00:00', 'N', 'N'),
(454, 454, 2, 2, 'Ea', 1.000000, 0.00, 'Y', 'N', 1, '2025-05-05 00:00:00', 'N', 'N'),
(455, 455, 2, 2, 'Ea', 1.000000, 0.00, 'Y', 'N', 1, '2025-05-05 00:00:00', 'N', 'N'),
(456, 456, 2, 2, 'Ea', 1.000000, 0.00, 'Y', 'N', 1, '2025-05-05 00:00:00', 'N', 'N'),
(457, 457, 2, 2, 'Ea', 1.000000, 0.00, 'Y', 'N', 1, '2025-05-05 00:00:00', 'N', 'N'),
(458, 458, 2, 2, 'Ea', 1.000000, 0.00, 'Y', 'N', 1, '2025-05-05 00:00:00', 'N', 'N'),
(459, 459, 2, 2, 'Ea', 1.000000, 0.00, 'Y', 'N', 1, '2025-05-05 00:00:00', 'N', 'N'),
(460, 460, 2, 2, 'Ea', 1.000000, 0.00, 'Y', 'N', 1, '2025-05-05 00:00:00', 'N', 'N'),
(461, 461, 2, 2, 'Ea', 1.000000, 0.00, 'Y', 'N', 1, '2025-05-05 00:00:00', 'N', 'N'),
(462, 462, 2, 2, 'Ea', 1.000000, 0.00, 'Y', 'N', 1, '2025-05-05 00:00:00', 'N', 'N'),
(463, 463, 2, 2, 'Ea', 1.000000, 0.00, 'Y', 'N', 1, '2025-05-05 00:00:00', 'N', 'N'),
(464, 464, 2, 2, 'Ea', 1.000000, 0.00, 'Y', 'N', 1, '2025-05-05 00:00:00', 'N', 'N'),
(465, 465, 2, 2, 'Ea', 1.000000, 0.00, 'Y', 'N', 1, '2025-05-05 00:00:00', 'N', 'N'),
(466, 466, 2, 2, 'Ea', 1.000000, 0.00, 'Y', 'N', 1, '2025-05-05 00:00:00', 'N', 'N'),
(467, 467, 2, 2, 'Ea', 1.000000, 0.00, 'Y', 'N', 1, '2025-05-05 00:00:00', 'N', 'N'),
(468, 468, 2, 2, 'Ea', 1.000000, 0.00, 'Y', 'N', 1, '2025-05-05 00:00:00', 'N', 'N'),
(469, 469, 2, 2, 'Ea', 1.000000, 0.00, 'Y', 'N', 1, '2025-05-05 00:00:00', 'N', 'N'),
(470, 470, 2, 2, 'Ea', 1.000000, 0.00, 'Y', 'N', 1, '2025-05-05 00:00:00', 'N', 'N'),
(471, 471, 2, 2, 'Ea', 1.000000, 0.00, 'Y', 'N', 1, '2025-05-05 00:00:00', 'N', 'N'),
(472, 472, 2, 2, 'Ea', 1.000000, 0.00, 'Y', 'N', 1, '2025-05-05 00:00:00', 'N', 'N'),
(473, 473, 2, 2, 'Ea', 1.000000, 0.00, 'Y', 'N', 1, '2025-05-05 00:00:00', 'N', 'N'),
(474, 474, 2, 2, 'Ea', 1.000000, 0.00, 'Y', 'N', 1, '2025-05-05 00:00:00', 'N', 'N'),
(475, 475, 2, 2, 'Ea', 1.000000, 0.00, 'Y', 'N', 1, '2025-05-05 00:00:00', 'N', 'N'),
(476, 476, 2, 2, 'Ea', 1.000000, 0.00, 'Y', 'N', 1, '2025-05-05 00:00:00', 'N', 'N'),
(477, 477, 2, 2, 'Ea', 1.000000, 0.00, 'Y', 'N', 1, '2025-05-05 00:00:00', 'N', 'N'),
(478, 478, 2, 2, 'Ea', 1.000000, 0.00, 'Y', 'N', 1, '2025-05-05 00:00:00', 'N', 'N'),
(479, 479, 2, 2, 'Ea', 1.000000, 0.00, 'Y', 'N', 1, '2025-05-05 00:00:00', 'N', 'N'),
(480, 480, 2, 2, 'Ea', 1.000000, 0.00, 'Y', 'N', 1, '2025-05-05 00:00:00', 'N', 'N'),
(481, 481, 2, 2, 'Ea', 1.000000, 0.00, 'Y', 'N', 1, '2025-05-05 00:00:00', 'N', 'N'),
(482, 482, 2, 2, 'Ea', 1.000000, 0.00, 'Y', 'N', 1, '2025-05-05 00:00:00', 'N', 'N'),
(483, 483, 2, 2, 'Ea', 1.000000, 0.00, 'Y', 'N', 1, '2025-05-05 00:00:00', 'N', 'N'),
(484, 484, 2, 2, 'Ea', 1.000000, 0.00, 'Y', 'N', 1, '2025-05-05 00:00:00', 'N', 'N'),
(485, 485, 2, 2, 'Ea', 1.000000, 0.00, 'Y', 'N', 1, '2025-05-05 00:00:00', 'N', 'N'),
(486, 486, 2, 2, 'Ea', 1.000000, 0.00, 'Y', 'N', 1, '2025-05-05 00:00:00', 'N', 'N'),
(487, 487, 2, 2, 'Ea', 1.000000, 0.00, 'Y', 'N', 1, '2025-05-05 00:00:00', 'N', 'N'),
(488, 488, 2, 2, 'Ea', 1.000000, 0.00, 'Y', 'N', 1, '2025-05-05 00:00:00', 'N', 'N'),
(489, 489, 2, 2, 'Ea', 1.000000, 0.00, 'Y', 'N', 1, '2025-05-05 00:00:00', 'N', 'N'),
(490, 490, 2, 2, 'Ea', 1.000000, 0.00, 'Y', 'N', 1, '2025-05-05 00:00:00', 'N', 'N'),
(491, 491, 2, 2, 'Ea', 1.000000, 0.00, 'Y', 'N', 1, '2025-05-05 00:00:00', 'N', 'N'),
(492, 492, 2, 2, 'Ea', 1.000000, 0.00, 'Y', 'N', 1, '2025-05-05 00:00:00', 'N', 'N'),
(493, 493, 2, 2, 'Ea', 1.000000, 0.00, 'Y', 'N', 1, '2025-05-05 00:00:00', 'N', 'N'),
(494, 494, 2, 2, 'Ea', 1.000000, 0.00, 'Y', 'N', 1, '2025-05-05 00:00:00', 'N', 'N'),
(495, 495, 2, 2, 'Ea', 1.000000, 0.00, 'Y', 'N', 1, '2025-05-05 00:00:00', 'N', 'N'),
(496, 496, 2, 2, 'Ea', 1.000000, 0.00, 'Y', 'N', 1, '2025-05-05 00:00:00', 'N', 'N'),
(497, 497, 2, 2, 'Ea', 1.000000, 0.00, 'Y', 'N', 1, '2025-05-05 00:00:00', 'N', 'N'),
(498, 498, 2, 2, 'Ea', 1.000000, 0.00, 'Y', 'N', 1, '2025-05-05 00:00:00', 'N', 'N'),
(499, 499, 2, 2, 'Ea', 1.000000, 0.00, 'Y', 'N', 1, '2025-05-05 00:00:00', 'N', 'N'),
(500, 500, 2, 2, 'Ea', 1.000000, 0.00, 'Y', 'N', 1, '2025-05-05 00:00:00', 'N', 'N'),
(501, 501, 2, 2, 'Ea', 1.000000, 0.00, 'Y', 'N', 1, '2025-05-05 00:00:00', 'N', 'N'),
(502, 502, 2, 2, 'Ea', 1.000000, 0.00, 'Y', 'N', 1, '2025-05-05 00:00:00', 'N', 'N'),
(503, 503, 2, 2, 'Ea', 1.000000, 0.00, 'Y', 'N', 1, '2025-05-05 00:00:00', 'N', 'N'),
(504, 504, 2, 2, 'Ea', 1.000000, 0.00, 'Y', 'N', 1, '2025-05-05 00:00:00', 'N', 'N'),
(505, 505, 2, 2, 'Ea', 1.000000, 0.00, 'Y', 'N', 1, '2025-05-05 00:00:00', 'N', 'N'),
(506, 506, 2, 2, 'Ea', 1.000000, 0.00, 'Y', 'N', 1, '2025-05-05 00:00:00', 'N', 'N'),
(507, 507, 2, 2, 'Ea', 1.000000, 0.00, 'Y', 'N', 1, '2025-05-05 00:00:00', 'N', 'N'),
(508, 508, 2, 2, 'Ea', 1.000000, 0.00, 'Y', 'N', 1, '2025-05-05 00:00:00', 'N', 'N'),
(509, 509, 2, 2, 'Ea', 1.000000, 0.00, 'Y', 'N', 1, '2025-05-05 00:00:00', 'N', 'N'),
(510, 510, 2, 2, 'Ea', 1.000000, 0.00, 'Y', 'N', 1, '2025-05-05 00:00:00', 'N', 'N'),
(511, 511, 2, 2, 'Ea', 1.000000, 0.00, 'Y', 'N', 1, '2025-05-05 00:00:00', 'N', 'N'),
(512, 512, 2, 2, 'Ea', 1.000000, 0.00, 'Y', 'N', 1, '2025-05-05 00:00:00', 'N', 'N'),
(513, 513, 2, 2, 'Ea', 1.000000, 0.00, 'Y', 'N', 1, '2025-05-05 00:00:00', 'N', 'N'),
(514, 514, 2, 2, 'Ea', 1.000000, 0.00, 'Y', 'N', 1, '2025-05-05 00:00:00', 'N', 'N'),
(515, 515, 2, 2, 'Ea', 1.000000, 0.00, 'Y', 'N', 1, '2025-05-05 00:00:00', 'N', 'N'),
(516, 516, 2, 2, 'Ea', 1.000000, 0.00, 'Y', 'N', 1, '2025-05-05 00:00:00', 'N', 'N'),
(517, 517, 2, 2, 'Ea', 1.000000, 0.00, 'Y', 'N', 1, '2025-05-05 00:00:00', 'N', 'N'),
(518, 518, 2, 2, 'Ea', 1.000000, 0.00, 'Y', 'N', 1, '2025-05-05 00:00:00', 'N', 'N'),
(519, 519, 2, 2, 'Ea', 1.000000, 0.00, 'Y', 'N', 1, '2025-05-05 00:00:00', 'N', 'N'),
(520, 520, 2, 2, 'Ea', 1.000000, 0.00, 'Y', 'N', 1, '2025-05-05 00:00:00', 'N', 'N'),
(521, 521, 2, 2, 'Ea', 1.000000, 0.00, 'Y', 'N', 1, '2025-05-05 00:00:00', 'N', 'N'),
(522, 522, 2, 2, 'Ea', 1.000000, 0.00, 'Y', 'N', 1, '2025-05-05 00:00:00', 'N', 'N'),
(523, 523, 2, 2, 'Ea', 1.000000, 0.00, 'Y', 'N', 1, '2025-05-05 00:00:00', 'N', 'N'),
(524, 524, 2, 2, 'Ea', 1.000000, 0.00, 'Y', 'N', 1, '2025-05-05 00:00:00', 'N', 'N'),
(525, 525, 2, 2, 'Ea', 1.000000, 0.00, 'Y', 'N', 1, '2025-05-05 00:00:00', 'N', 'N'),
(526, 526, 2, 2, 'Ea', 1.000000, 0.00, 'Y', 'N', 1, '2025-05-05 00:00:00', 'N', 'N'),
(527, 527, 2, 2, 'Ea', 1.000000, 0.00, 'Y', 'N', 1, '2025-05-05 00:00:00', 'N', 'N'),
(528, 528, 2, 2, 'Ea', 1.000000, 0.00, 'Y', 'N', 1, '2025-05-05 00:00:00', 'N', 'N'),
(529, 529, 2, 2, 'Ea', 1.000000, 0.00, 'Y', 'N', 1, '2025-05-05 00:00:00', 'N', 'N'),
(530, 530, 2, 2, 'Ea', 1.000000, 0.00, 'Y', 'N', 1, '2025-05-05 00:00:00', 'N', 'N'),
(531, 531, 2, 2, 'Ea', 1.000000, 0.00, 'Y', 'N', 1, '2025-05-05 00:00:00', 'N', 'N'),
(532, 532, 2, 2, 'Ea', 1.000000, 0.00, 'Y', 'N', 1, '2025-05-05 00:00:00', 'N', 'N'),
(533, 533, 2, 2, 'Ea', 1.000000, 0.00, 'Y', 'N', 1, '2025-05-05 00:00:00', 'N', 'N'),
(534, 534, 2, 2, 'Ea', 1.000000, 0.00, 'Y', 'N', 1, '2025-05-05 00:00:00', 'N', 'N'),
(535, 535, 2, 2, 'Ea', 1.000000, 0.00, 'Y', 'N', 1, '2025-05-05 00:00:00', 'N', 'N'),
(536, 536, 2, 2, 'Ea', 1.000000, 0.00, 'Y', 'N', 1, '2025-05-05 00:00:00', 'N', 'N'),
(537, 537, 2, 2, 'Ea', 1.000000, 0.00, 'Y', 'N', 1, '2025-05-05 00:00:00', 'N', 'N'),
(538, 538, 2, 2, 'Ea', 1.000000, 0.00, 'Y', 'N', 1, '2025-05-05 00:00:00', 'N', 'N'),
(539, 539, 2, 2, 'Ea', 1.000000, 0.00, 'Y', 'N', 1, '2025-05-05 00:00:00', 'N', 'N'),
(540, 540, 2, 2, 'Ea', 1.000000, 0.00, 'Y', 'N', 1, '2025-05-05 00:00:00', 'N', 'N'),
(541, 541, 2, 2, 'Ea', 1.000000, 0.00, 'Y', 'N', 1, '2025-05-05 00:00:00', 'N', 'N'),
(542, 542, 2, 2, 'Ea', 1.000000, 0.00, 'Y', 'N', 1, '2025-05-05 00:00:00', 'N', 'N'),
(543, 543, 2, 2, 'Ea', 1.000000, 0.00, 'Y', 'N', 1, '2025-05-05 00:00:00', 'N', 'N'),
(544, 544, 2, 2, 'Ea', 1.000000, 0.00, 'Y', 'N', 1, '2025-05-05 00:00:00', 'N', 'N'),
(545, 545, 2, 2, 'Ea', 1.000000, 0.00, 'Y', 'N', 1, '2025-05-05 00:00:00', 'N', 'N'),
(546, 546, 2, 2, 'Ea', 1.000000, 0.00, 'Y', 'N', 1, '2025-05-05 00:00:00', 'N', 'N'),
(547, 547, 2, 2, 'Ea', 1.000000, 0.00, 'Y', 'N', 1, '2025-05-05 00:00:00', 'N', 'N'),
(548, 548, 2, 2, 'Ea', 1.000000, 0.00, 'Y', 'N', 1, '2025-05-05 00:00:00', 'N', 'N'),
(549, 549, 2, 2, 'Ea', 1.000000, 0.00, 'Y', 'N', 1, '2025-05-05 00:00:00', 'N', 'N'),
(550, 550, 2, 2, 'Ea', 1.000000, 0.00, 'Y', 'N', 1, '2025-05-05 00:00:00', 'N', 'N'),
(551, 551, 2, 2, 'Ea', 1.000000, 0.00, 'Y', 'N', 1, '2025-05-05 00:00:00', 'N', 'N'),
(552, 552, 2, 2, 'Ea', 1.000000, 0.00, 'Y', 'N', 1, '2025-05-05 00:00:00', 'N', 'N'),
(553, 553, 2, 2, 'Ea', 1.000000, 0.00, 'Y', 'N', 1, '2025-05-05 00:00:00', 'N', 'N'),
(554, 554, 2, 2, 'Ea', 1.000000, 0.00, 'Y', 'N', 1, '2025-05-05 00:00:00', 'N', 'N'),
(555, 555, 2, 2, 'Ea', 1.000000, 0.00, 'Y', 'N', 1, '2025-05-05 00:00:00', 'N', 'N'),
(556, 556, 2, 2, 'Ea', 1.000000, 0.00, 'Y', 'N', 1, '2025-05-05 00:00:00', 'N', 'N'),
(557, 557, 2, 2, 'Ea', 1.000000, 0.00, 'Y', 'N', 1, '2025-05-05 00:00:00', 'N', 'N'),
(558, 558, 2, 2, 'Ea', 1.000000, 0.00, 'Y', 'N', 1, '2025-05-05 00:00:00', 'N', 'N'),
(559, 559, 2, 2, 'Ea', 1.000000, 0.00, 'Y', 'N', 1, '2025-05-05 00:00:00', 'N', 'N'),
(560, 560, 2, 2, 'Ea', 1.000000, 0.00, 'Y', 'N', 1, '2025-05-05 00:00:00', 'N', 'N'),
(561, 561, 2, 2, 'Ea', 1.000000, 0.00, 'Y', 'N', 1, '2025-05-05 00:00:00', 'N', 'N'),
(562, 562, 2, 2, 'Ea', 1.000000, 0.00, 'Y', 'N', 1, '2025-05-05 00:00:00', 'N', 'N'),
(563, 563, 2, 2, 'Ea', 1.000000, 0.00, 'Y', 'N', 1, '2025-05-05 00:00:00', 'N', 'N'),
(564, 564, 2, 2, 'Ea', 1.000000, 0.00, 'Y', 'N', 1, '2025-05-05 00:00:00', 'N', 'N'),
(565, 565, 2, 2, 'Ea', 1.000000, 0.00, 'Y', 'N', 1, '2025-05-05 00:00:00', 'N', 'N'),
(566, 566, 2, 2, 'Ea', 1.000000, 0.00, 'Y', 'N', 1, '2025-05-05 00:00:00', 'N', 'N'),
(567, 567, 2, 2, 'Ea', 1.000000, 0.00, 'Y', 'N', 1, '2025-05-05 00:00:00', 'N', 'N'),
(568, 568, 2, 2, 'Ea', 1.000000, 0.00, 'Y', 'N', 1, '2025-05-05 00:00:00', 'N', 'N'),
(569, 569, 2, 2, 'Ea', 1.000000, 0.00, 'Y', 'N', 1, '2025-05-05 00:00:00', 'N', 'N'),
(570, 570, 2, 2, 'Ea', 1.000000, 0.00, 'Y', 'N', 1, '2025-05-05 00:00:00', 'N', 'N'),
(571, 571, 2, 2, 'Ea', 1.000000, 0.00, 'Y', 'N', 1, '2025-05-05 00:00:00', 'N', 'N'),
(572, 572, 2, 2, 'Ea', 1.000000, 0.00, 'Y', 'N', 1, '2025-05-05 00:00:00', 'N', 'N'),
(573, 573, 2, 2, 'Ea', 1.000000, 0.00, 'Y', 'N', 1, '2025-05-05 00:00:00', 'N', 'N'),
(574, 574, 2, 2, 'Ea', 1.000000, 0.00, 'Y', 'N', 1, '2025-05-05 00:00:00', 'N', 'N'),
(575, 575, 2, 2, 'Ea', 1.000000, 0.00, 'Y', 'N', 1, '2025-05-05 00:00:00', 'N', 'N'),
(576, 576, 2, 2, 'Ea', 1.000000, 0.00, 'Y', 'N', 1, '2025-05-05 00:00:00', 'N', 'N'),
(577, 577, 2, 2, 'Ea', 1.000000, 0.00, 'Y', 'N', 1, '2025-05-05 00:00:00', 'N', 'N'),
(578, 578, 2, 2, 'Ea', 1.000000, 0.00, 'Y', 'N', 1, '2025-05-05 00:00:00', 'N', 'N'),
(579, 579, 2, 2, 'Ea', 1.000000, 0.00, 'Y', 'N', 1, '2025-05-05 00:00:00', 'N', 'N'),
(580, 580, 2, 2, 'Ea', 1.000000, 0.00, 'Y', 'N', 1, '2025-05-05 00:00:00', 'N', 'N'),
(581, 581, 2, 2, 'Ea', 1.000000, 0.00, 'Y', 'N', 1, '2025-05-05 00:00:00', 'N', 'N'),
(582, 582, 2, 2, 'Ea', 1.000000, 0.00, 'Y', 'N', 1, '2025-05-05 00:00:00', 'N', 'N'),
(583, 583, 2, 2, 'Ea', 1.000000, 0.00, 'Y', 'N', 1, '2025-05-05 00:00:00', 'N', 'N'),
(584, 584, 2, 2, 'Ea', 1.000000, 0.00, 'Y', 'N', 1, '2025-05-05 00:00:00', 'N', 'N'),
(585, 585, 2, 2, 'Ea', 1.000000, 0.00, 'Y', 'N', 1, '2025-05-05 00:00:00', 'N', 'N'),
(586, 586, 2, 2, 'Ea', 1.000000, 0.00, 'Y', 'N', 1, '2025-05-05 00:00:00', 'N', 'N'),
(587, 587, 2, 2, 'Ea', 1.000000, 0.00, 'Y', 'N', 1, '2025-05-05 00:00:00', 'N', 'N'),
(588, 588, 2, 2, 'Ea', 1.000000, 0.00, 'Y', 'N', 1, '2025-05-05 00:00:00', 'N', 'N'),
(589, 589, 2, 2, 'Ea', 1.000000, 0.00, 'Y', 'N', 1, '2025-05-05 00:00:00', 'N', 'N'),
(590, 590, 2, 2, 'Ea', 1.000000, 0.00, 'Y', 'N', 1, '2025-05-05 00:00:00', 'N', 'N'),
(591, 591, 2, 2, 'Ea', 1.000000, 0.00, 'Y', 'N', 1, '2025-05-05 00:00:00', 'N', 'N'),
(592, 592, 2, 2, 'Ea', 1.000000, 0.00, 'Y', 'N', 1, '2025-05-05 00:00:00', 'N', 'N'),
(593, 593, 2, 2, 'Ea', 1.000000, 0.00, 'Y', 'N', 1, '2025-05-05 00:00:00', 'N', 'N'),
(594, 594, 2, 2, 'Ea', 1.000000, 0.00, 'Y', 'N', 1, '2025-05-05 00:00:00', 'N', 'N'),
(595, 595, 2, 2, 'Ea', 1.000000, 0.00, 'Y', 'N', 1, '2025-05-05 00:00:00', 'N', 'N');
INSERT INTO `erp_unit_of_measurement` (`id`, `product_id`, `base_unit`, `unit_id`, `name`, `factor`, `price`, `isBase`, `is_secondary_unit`, `created_by`, `created_date_time`, `default_sales_unit`, `default_purchase_unit`) VALUES
(596, 596, 2, 2, 'Ea', 1.000000, 0.00, 'Y', 'N', 1, '2025-05-05 00:00:00', 'N', 'N'),
(597, 597, 2, 2, 'Ea', 1.000000, 0.00, 'Y', 'N', 1, '2025-05-05 00:00:00', 'N', 'N'),
(598, 598, 2, 2, 'Ea', 1.000000, 0.00, 'Y', 'N', 1, '2025-05-05 00:00:00', 'N', 'N'),
(599, 599, 2, 2, 'Ea', 1.000000, 0.00, 'Y', 'N', 1, '2025-05-05 00:00:00', 'N', 'N'),
(600, 600, 2, 2, 'Ea', 1.000000, 0.00, 'Y', 'N', 1, '2025-05-05 00:00:00', 'N', 'N'),
(601, 601, 2, 2, 'Ea', 1.000000, 0.00, 'Y', 'N', 1, '2025-05-05 00:00:00', 'N', 'N'),
(602, 602, 2, 2, 'Ea', 1.000000, 0.00, 'Y', 'N', 1, '2025-05-05 00:00:00', 'N', 'N'),
(603, 603, 2, 2, 'Ea', 1.000000, 0.00, 'Y', 'N', 1, '2025-05-05 00:00:00', 'N', 'N'),
(604, 604, 2, 2, 'Ea', 1.000000, 0.00, 'Y', 'N', 1, '2025-05-05 00:00:00', 'N', 'N'),
(605, 605, 2, 2, 'Ea', 1.000000, 0.00, 'Y', 'N', 1, '2025-05-05 00:00:00', 'N', 'N'),
(606, 606, 2, 2, 'Ea', 1.000000, 0.00, 'Y', 'N', 1, '2025-05-05 00:00:00', 'N', 'N'),
(607, 607, 2, 2, 'Ea', 1.000000, 0.00, 'Y', 'N', 1, '2025-05-05 00:00:00', 'N', 'N'),
(608, 608, 2, 2, 'Ea', 1.000000, 0.00, 'Y', 'N', 1, '2025-05-05 00:00:00', 'N', 'N'),
(609, 609, 2, 2, 'Ea', 1.000000, 0.00, 'Y', 'N', 1, '2025-05-05 00:00:00', 'N', 'N'),
(610, 610, 2, 2, 'Ea', 1.000000, 0.00, 'Y', 'N', 1, '2025-05-05 00:00:00', 'N', 'N'),
(611, 611, 2, 2, 'Ea', 1.000000, 0.00, 'Y', 'N', 1, '2025-05-05 00:00:00', 'N', 'N'),
(612, 612, 2, 2, 'Ea', 1.000000, 0.00, 'Y', 'N', 1, '2025-05-05 00:00:00', 'N', 'N'),
(613, 613, 2, 2, 'Ea', 1.000000, 0.00, 'Y', 'N', 1, '2025-05-05 00:00:00', 'N', 'N'),
(614, 614, 2, 2, 'Ea', 1.000000, 0.00, 'Y', 'N', 1, '2025-05-05 00:00:00', 'N', 'N'),
(615, 615, 2, 2, 'Ea', 1.000000, 0.00, 'Y', 'N', 1, '2025-05-05 00:00:00', 'N', 'N'),
(616, 616, 2, 2, 'Ea', 1.000000, 0.00, 'Y', 'N', 1, '2025-05-05 00:00:00', 'N', 'N'),
(617, 617, 2, 2, 'Ea', 1.000000, 0.00, 'Y', 'N', 1, '2025-05-05 00:00:00', 'N', 'N'),
(618, 618, 2, 2, 'Ea', 1.000000, 0.00, 'Y', 'N', 1, '2025-05-05 00:00:00', 'N', 'N'),
(619, 619, 2, 2, 'Ea', 1.000000, 0.00, 'Y', 'N', 1, '2025-05-05 00:00:00', 'N', 'N'),
(620, 620, 2, 2, 'Ea', 1.000000, 0.00, 'Y', 'N', 1, '2025-05-05 00:00:00', 'N', 'N'),
(621, 621, 2, 2, 'Ea', 1.000000, 0.00, 'Y', 'N', 1, '2025-05-05 00:00:00', 'N', 'N'),
(622, 622, 2, 2, 'Ea', 1.000000, 0.00, 'Y', 'N', 1, '2025-05-05 00:00:00', 'N', 'N'),
(623, 623, 2, 2, 'Ea', 1.000000, 0.00, 'Y', 'N', 1, '2025-05-05 00:00:00', 'N', 'N'),
(624, 624, 2, 2, 'Ea', 1.000000, 0.00, 'Y', 'N', 1, '2025-05-05 00:00:00', 'N', 'N'),
(625, 625, 2, 2, 'Ea', 1.000000, 0.00, 'Y', 'N', 1, '2025-05-05 00:00:00', 'N', 'N'),
(626, 626, 2, 2, 'Ea', 1.000000, 0.00, 'Y', 'N', 1, '2025-05-05 00:00:00', 'N', 'N'),
(627, 627, 2, 2, 'Ea', 1.000000, 0.00, 'Y', 'N', 1, '2025-05-05 00:00:00', 'N', 'N'),
(628, 628, 2, 2, 'Ea', 1.000000, 0.00, 'Y', 'N', 1, '2025-05-05 00:00:00', 'N', 'N'),
(629, 629, 2, 2, 'Ea', 1.000000, 0.00, 'Y', 'N', 1, '2025-05-05 00:00:00', 'N', 'N'),
(630, 630, 2, 2, 'Ea', 1.000000, 0.00, 'Y', 'N', 1, '2025-05-05 00:00:00', 'N', 'N'),
(631, 631, 2, 2, 'Ea', 1.000000, 0.00, 'Y', 'N', 1, '2025-05-05 00:00:00', 'N', 'N'),
(632, 632, 2, 2, 'Ea', 1.000000, 0.00, 'Y', 'N', 1, '2025-05-05 00:00:00', 'N', 'N'),
(633, 633, 2, 2, 'Ea', 1.000000, 0.00, 'Y', 'N', 1, '2025-05-05 00:00:00', 'N', 'N'),
(634, 634, 2, 2, 'Ea', 1.000000, 0.00, 'Y', 'N', 1, '2025-05-05 00:00:00', 'N', 'N'),
(635, 635, 2, 2, 'Ea', 1.000000, 0.00, 'Y', 'N', 1, '2025-05-05 00:00:00', 'N', 'N'),
(636, 636, 2, 2, 'Ea', 1.000000, 0.00, 'Y', 'N', 1, '2025-05-05 00:00:00', 'N', 'N'),
(637, 637, 2, 2, 'Ea', 1.000000, 0.00, 'Y', 'N', 1, '2025-05-05 00:00:00', 'N', 'N'),
(638, 638, 2, 2, 'Ea', 1.000000, 0.00, 'Y', 'N', 1, '2025-05-05 00:00:00', 'N', 'N'),
(639, 639, 2, 2, 'Ea', 1.000000, 0.00, 'Y', 'N', 1, '2025-05-05 00:00:00', 'N', 'N'),
(640, 640, 2, 2, 'Ea', 1.000000, 0.00, 'Y', 'N', 1, '2025-05-05 00:00:00', 'N', 'N'),
(641, 641, 2, 2, 'Ea', 1.000000, 0.00, 'Y', 'N', 1, '2025-05-05 00:00:00', 'N', 'N'),
(642, 642, 2, 2, 'Ea', 1.000000, 0.00, 'Y', 'N', 1, '2025-05-05 00:00:00', 'N', 'N'),
(643, 643, 2, 2, 'Ea', 1.000000, 0.00, 'Y', 'N', 1, '2025-05-05 00:00:00', 'N', 'N'),
(644, 644, 2, 2, 'Ea', 1.000000, 0.00, 'Y', 'N', 1, '2025-05-05 00:00:00', 'N', 'N'),
(645, 645, 2, 2, 'Ea', 1.000000, 0.00, 'Y', 'N', 1, '2025-05-05 00:00:00', 'N', 'N'),
(646, 646, 2, 2, 'Ea', 1.000000, 0.00, 'Y', 'N', 1, '2025-05-05 00:00:00', 'N', 'N'),
(647, 647, 2, 2, 'Ea', 1.000000, 0.00, 'Y', 'N', 1, '2025-05-05 00:00:00', 'N', 'N'),
(648, 648, 2, 2, 'Ea', 1.000000, 0.00, 'Y', 'N', 1, '2025-05-05 00:00:00', 'N', 'N'),
(649, 649, 2, 2, 'Ea', 1.000000, 0.00, 'Y', 'N', 1, '2025-05-05 00:00:00', 'N', 'N'),
(650, 650, 2, 2, 'Ea', 1.000000, 0.00, 'Y', 'N', 1, '2025-05-05 00:00:00', 'N', 'N'),
(651, 651, 2, 2, 'Ea', 1.000000, 0.00, 'Y', 'N', 1, '2025-05-05 00:00:00', 'N', 'N'),
(652, 652, 2, 2, 'Ea', 1.000000, 0.00, 'Y', 'N', 1, '2025-05-05 00:00:00', 'N', 'N'),
(653, 653, 2, 2, 'Ea', 1.000000, 0.00, 'Y', 'N', 1, '2025-05-05 00:00:00', 'N', 'N'),
(654, 654, 2, 2, 'Ea', 1.000000, 0.00, 'Y', 'N', 1, '2025-05-05 00:00:00', 'N', 'N'),
(655, 655, 2, 2, 'Ea', 1.000000, 0.00, 'Y', 'N', 1, '2025-05-05 00:00:00', 'N', 'N'),
(656, 656, 2, 2, 'Ea', 1.000000, 0.00, 'Y', 'N', 1, '2025-05-05 00:00:00', 'N', 'N'),
(657, 657, 2, 2, 'Ea', 1.000000, 0.00, 'Y', 'N', 1, '2025-05-05 00:00:00', 'N', 'N'),
(658, 658, 2, 2, 'Ea', 1.000000, 0.00, 'Y', 'N', 1, '2025-05-05 00:00:00', 'N', 'N'),
(659, 659, 2, 2, 'Ea', 1.000000, 0.00, 'Y', 'N', 1, '2025-05-05 00:00:00', 'N', 'N'),
(660, 660, 2, 2, 'Ea', 1.000000, 0.00, 'Y', 'N', 1, '2025-05-05 00:00:00', 'N', 'N'),
(661, 661, 2, 2, 'Ea', 1.000000, 0.00, 'Y', 'N', 1, '2025-05-05 00:00:00', 'N', 'N'),
(662, 662, 2, 2, 'Ea', 1.000000, 0.00, 'Y', 'N', 1, '2025-05-05 00:00:00', 'N', 'N'),
(663, 663, 2, 2, 'ea', 1.000000, 0.00, 'N', 'N', 8, '2025-05-19 15:46:26', 'N', 'N'),
(664, 664, 2, 2, 'ea', 1.000000, 0.00, 'N', 'N', 8, '2025-05-20 16:22:26', 'N', 'N'),
(665, 665, 2, 2, 'ea', 1.000000, 0.00, 'N', 'N', 8, '2025-05-20 16:38:23', 'N', 'N'),
(666, 666, 2, 2, 'ea', 1.000000, 0.00, 'N', 'N', 8, '2025-05-21 09:28:16', 'N', 'N'),
(667, 667, 2, 2, 'ea', 1.000000, 0.00, 'N', 'N', 8, '2025-05-21 09:28:52', 'N', 'N'),
(668, 668, 2, 2, 'ea', 1.000000, 0.00, 'N', 'N', 1, '2025-08-07 16:27:19', 'N', 'N'),
(669, 669, 7, 7, 'L', 1.000000, 0.00, 'N', 'N', 8, '2025-06-01 21:14:35', 'N', 'N'),
(670, 670, 7, 7, 'L', 1.000000, 0.00, 'N', 'N', 8, '2025-06-01 21:17:12', 'N', 'N'),
(671, 671, 7, 7, 'L', 1.000000, 0.00, 'N', 'N', 8, '2025-06-01 21:17:34', 'N', 'N'),
(672, 672, 1, 1, 'pcs', 1.000000, 0.00, 'N', 'N', 1, '2025-08-26 13:01:27', 'N', 'N'),
(681, 681, 1, 1, 'pcs', 1.000000, 0.00, 'N', 'N', 1, '2025-10-03 15:14:29', 'N', 'N'),
(673, 673, 1, 1, 'pcs', 1.000000, 0.00, 'N', 'N', 8, '2025-06-24 08:43:13', 'N', 'N'),
(674, 674, 1, 1, 'pcs', 1.000000, 0.00, 'N', 'N', 1, '2025-08-26 11:34:31', 'N', 'N'),
(675, 675, 1, 1, 'pcs', 1.000000, 0.00, 'N', 'N', 8, '2025-06-30 08:59:30', 'N', 'N'),
(676, 676, 2, 2, 'ea', 1.000000, 0.00, 'N', 'N', 8, '2025-05-23 07:42:17', 'N', 'N'),
(677, 677, 2, 2, 'ea', 1.000000, 0.00, 'N', 'N', 8, '2025-05-23 07:42:17', 'N', 'N'),
(678, 678, 2, 2, 'ea', 1.000000, 0.00, 'N', 'N', 8, '2025-07-03 18:05:29', 'N', 'N'),
(679, 679, 2, 2, '', 1.000000, 0.00, 'Y', 'N', 1, '2025-07-16 16:27:23', 'N', 'N'),
(680, 680, 2, 2, '', 1.000000, 0.00, 'Y', 'N', 1, '2025-07-16 16:27:23', 'N', 'N'),
(682, 682, 1, 1, 'pcs', 1.000000, 0.00, 'N', 'N', 1, '2025-10-04 11:19:20', 'N', 'N'),
(683, 683, 1, 1, 'pcs', 1.000000, 0.00, 'N', 'N', 1, '2025-10-06 10:54:36', 'N', 'N');

-- --------------------------------------------------------

--
-- Table structure for table `erp_upload_inventory`
--

CREATE TABLE `erp_upload_inventory` (
  `id` int(11) NOT NULL,
  `uploadfile` varchar(255) NOT NULL,
  `created_by` int(11) NOT NULL,
  `created_date_time` datetime NOT NULL
) ENGINE=InnoDB DEFAULT CHARSET=latin1 COLLATE=latin1_swedish_ci;

-- --------------------------------------------------------

--
-- Table structure for table `erp_user_notification_history`
--

CREATE TABLE `erp_user_notification_history` (
  `id` int(11) NOT NULL,
  `notification_id` int(11) NOT NULL,
  `user_id` int(11) NOT NULL,
  `notif_status` enum('Y','N') NOT NULL DEFAULT 'N',
  `notes` varchar(255) NOT NULL,
  `created_by` int(11) NOT NULL,
  `created_date_time` datetime NOT NULL,
  `updated_by` int(11) NOT NULL,
  `updated_date_time` datetime NOT NULL
) ENGINE=InnoDB DEFAULT CHARSET=latin1 COLLATE=latin1_swedish_ci;

--
-- Dumping data for table `erp_user_notification_history`
--

INSERT INTO `erp_user_notification_history` (`id`, `notification_id`, `user_id`, `notif_status`, `notes`, `created_by`, `created_date_time`, `updated_by`, `updated_date_time`) VALUES
(20, 7, 8, 'Y', '', 8, '2025-07-09 08:57:38', 0, '0000-00-00 00:00:00'),
(21, 7, 9, 'N', '', 8, '2025-07-09 08:57:38', 0, '0000-00-00 00:00:00'),
(22, 10, 8, 'Y', '', 8, '2025-07-09 08:58:00', 0, '0000-00-00 00:00:00'),
(23, 11, 5, 'Y', '', 8, '2025-07-09 08:58:11', 0, '0000-00-00 00:00:00'),
(24, 11, 8, 'Y', '', 8, '2025-07-09 08:58:11', 0, '0000-00-00 00:00:00'),
(25, 12, 5, 'Y', '', 5, '2025-07-09 09:01:58', 0, '0000-00-00 00:00:00'),
(26, 13, 5, 'Y', '', 5, '2025-07-09 09:04:30', 0, '0000-00-00 00:00:00'),
(29, 14, 5, 'N', '', 8, '2025-07-09 09:21:38', 0, '0000-00-00 00:00:00'),
(30, 14, 8, 'N', '', 8, '2025-07-09 09:21:38', 0, '0000-00-00 00:00:00'),
(31, 14, 9, 'N', '', 8, '2025-07-09 09:21:38', 0, '0000-00-00 00:00:00'),
(33, 9, 8, 'Y', '', 8, '2025-07-09 09:23:34', 0, '0000-00-00 00:00:00'),
(34, 15, 8, 'Y', '', 8, '2025-07-09 09:56:05', 0, '0000-00-00 00:00:00'),
(36, 8, 8, 'N', '', 1, '2025-09-15 10:37:16', 0, '0000-00-00 00:00:00'),
(37, 16, 13, 'N', '', 1, '2025-09-29 14:28:13', 0, '0000-00-00 00:00:00');

-- --------------------------------------------------------

--
-- Table structure for table `erp_vehicle_allotment`
--

CREATE TABLE `erp_vehicle_allotment` (
  `id` int(11) NOT NULL,
  `vehicle_id` int(11) NOT NULL,
  `employee_id` int(11) NOT NULL,
  `from_date` datetime NOT NULL,
  `to_date` datetime NOT NULL,
  `created_by` int(11) NOT NULL,
  `created_date_time` datetime NOT NULL,
  `updated_by` int(11) NOT NULL,
  `updated_date_time` datetime NOT NULL
) ENGINE=InnoDB DEFAULT CHARSET=latin1 COLLATE=latin1_swedish_ci;

--
-- Dumping data for table `erp_vehicle_allotment`
--

INSERT INTO `erp_vehicle_allotment` (`id`, `vehicle_id`, `employee_id`, `from_date`, `to_date`, `created_by`, `created_date_time`, `updated_by`, `updated_date_time`) VALUES
(1, 5, 3, '2025-08-01 13:14:00', '2025-09-17 22:29:00', 8, '2025-09-02 01:14:31', 0, '0000-00-00 00:00:00'),
(2, 4, 2, '2025-08-05 13:15:00', '2025-09-03 09:10:00', 8, '2025-09-02 01:15:43', 0, '0000-00-00 00:00:00'),
(3, 1, 1, '2025-09-02 13:16:00', '2025-09-04 09:49:00', 8, '2025-09-02 01:16:04', 0, '0000-00-00 00:00:00'),
(4, 2, 2, '2025-07-31 00:00:00', '2025-09-14 11:09:00', 8, '2025-09-02 01:16:26', 0, '0000-00-00 00:00:00'),
(5, 3, 2, '2025-09-02 13:16:00', '2025-09-19 14:05:00', 8, '2025-09-02 01:16:44', 0, '0000-00-00 00:00:00'),
(6, 4, 3, '2025-09-03 09:11:00', '2025-09-25 15:39:00', 8, '2025-09-02 01:18:00', 0, '0000-00-00 00:00:00'),
(7, 1, 1, '2025-09-04 09:50:00', '2025-09-20 13:02:00', 8, '2025-09-02 01:19:21', 0, '0000-00-00 00:00:00'),
(8, 5, 3, '2025-09-17 22:30:00', '2025-09-15 00:00:00', 8, '2025-09-02 01:23:14', 0, '0000-00-00 00:00:00'),
(9, 2, 1, '2025-09-14 11:10:00', '2025-09-22 13:19:00', 8, '2025-09-02 01:23:58', 0, '0000-00-00 00:00:00'),
(10, 3, 1, '2025-09-19 14:06:00', '2050-12-30 11:11:00', 8, '2025-09-02 01:24:29', 0, '0000-00-00 00:00:00'),
(11, 1, 2, '2025-09-20 13:03:00', '2025-09-05 08:05:00', 8, '2025-09-02 01:25:09', 0, '0000-00-00 00:00:00'),
(12, 2, 2, '2025-09-22 13:20:00', '2025-09-04 09:39:00', 8, '2025-09-02 01:25:52', 0, '0000-00-00 00:00:00'),
(13, 3, 2, '2050-12-30 11:12:00', '2025-09-04 10:29:00', 8, '2025-09-02 01:29:13', 0, '0000-00-00 00:00:00'),
(14, 4, 2, '2025-09-25 15:40:00', '2025-09-08 17:31:00', 8, '2025-09-02 01:29:59', 0, '0000-00-00 00:00:00'),
(15, 5, 1, '2025-09-15 00:01:00', '2025-09-05 08:14:00', 8, '2025-09-02 03:36:24', 0, '0000-00-00 00:00:00'),
(16, 4, 3, '2025-09-08 17:32:00', '2025-09-09 17:35:00', 8, '2025-09-02 05:32:37', 0, '0000-00-00 00:00:00'),
(17, 4, 1, '2025-09-09 17:36:00', '2025-09-05 10:29:00', 8, '2025-09-02 05:36:47', 0, '0000-00-00 00:00:00'),
(18, 5, 3, '2025-09-05 08:15:00', '2025-09-03 08:16:00', 8, '2025-09-03 08:05:24', 0, '0000-00-00 00:00:00'),
(19, 1, 2, '2025-09-05 08:06:00', '2025-09-03 08:28:00', 8, '2025-09-03 08:06:19', 0, '0000-00-00 00:00:00'),
(20, 4, 3, '2025-09-05 10:30:00', '2025-09-03 08:33:00', 8, '2025-09-03 08:07:34', 0, '0000-00-00 00:00:00'),
(21, 5, 3, '2025-09-03 08:17:00', '2025-09-03 08:27:00', 8, '2025-09-03 08:17:42', 0, '0000-00-00 00:00:00'),
(22, 5, 3, '2025-09-03 08:28:00', '2050-12-31 00:00:00', 8, '2025-09-03 08:28:22', 0, '0000-00-00 00:00:00'),
(23, 4, 2, '2025-09-03 08:34:00', '2050-12-31 00:00:00', 8, '2025-09-03 08:28:45', 0, '0000-00-00 00:00:00'),
(24, 1, 1, '2025-09-03 08:29:00', '2050-12-31 00:00:00', 8, '2025-09-03 08:29:03', 0, '0000-00-00 00:00:00'),
(25, 2, 3, '2025-09-04 09:40:00', '2050-12-31 00:00:00', 8, '2025-09-03 08:29:26', 0, '0000-00-00 00:00:00'),
(26, 3, 2, '2025-09-04 10:30:00', '2050-12-31 00:00:00', 8, '2025-09-03 08:29:46', 0, '0000-00-00 00:00:00');

-- --------------------------------------------------------

--
-- Table structure for table `erp_vehicle_doc_file`
--

CREATE TABLE `erp_vehicle_doc_file` (
  `id` int(11) NOT NULL,
  `vehicle_id` int(11) NOT NULL,
  `file_name` varchar(225) NOT NULL,
  `document_name` varchar(225) NOT NULL,
  `type` int(10) NOT NULL,
  `created_by` int(11) NOT NULL,
  `created_date_time` datetime NOT NULL,
  `updated_by` int(11) NOT NULL,
  `updated_date_time` datetime NOT NULL
) ENGINE=InnoDB DEFAULT CHARSET=latin1 COLLATE=latin1_swedish_ci;

-- --------------------------------------------------------

--
-- Table structure for table `erp_vendor_contact`
--

CREATE TABLE `erp_vendor_contact` (
  `id` int(11) NOT NULL,
  `vendor_id` bigint(20) NOT NULL,
  `prefix` varchar(50) NOT NULL DEFAULT 'Mr',
  `person_name` varchar(255) NOT NULL,
  `designation` varchar(255) NOT NULL,
  `contact_phone_no` varchar(255) NOT NULL,
  `department` varchar(255) NOT NULL,
  `contact_mobile_no` varchar(255) NOT NULL,
  `contact_email_id` varchar(255) NOT NULL,
  `dob` varchar(5) NOT NULL,
  `notes` text NOT NULL,
  `isActive` enum('Y','N') NOT NULL DEFAULT 'Y',
  `isDefault` enum('N','Y') NOT NULL DEFAULT 'N',
  `created_date_time` datetime NOT NULL,
  `created_by` int(11) NOT NULL,
  `updated_date_time` datetime NOT NULL,
  `updated_by` int(11) NOT NULL
) ENGINE=MyISAM DEFAULT CHARSET=latin1 COLLATE=latin1_swedish_ci;

--
-- Dumping data for table `erp_vendor_contact`
--

INSERT INTO `erp_vendor_contact` (`id`, `vendor_id`, `prefix`, `person_name`, `designation`, `contact_phone_no`, `department`, `contact_mobile_no`, `contact_email_id`, `dob`, `notes`, `isActive`, `isDefault`, `created_date_time`, `created_by`, `updated_date_time`, `updated_by`) VALUES
(1, 2001, 'Mr.', 'Sales / Accounts', '-', '-', '-', '-', '-', '-', '-', 'Y', 'N', '0000-00-00 00:00:00', 1, '0000-00-00 00:00:00', 1),
(2, 2002, 'Mr.', 'Sales / Accounts', '-', '-', '-', '-', '-', '-', '-', 'Y', 'N', '0000-00-00 00:00:00', 1, '0000-00-00 00:00:00', 1),
(3, 2003, 'Mr.', 'Sales / Accounts', '-', '-', '-', '-', '-', '-', '-', 'Y', 'N', '0000-00-00 00:00:00', 1, '0000-00-00 00:00:00', 1),
(4, 2004, 'Mr.', 'Sales / Accounts', '-', '-', '-', '-', '-', '-', '-', 'Y', 'N', '0000-00-00 00:00:00', 1, '0000-00-00 00:00:00', 1),
(5, 2005, 'Mr.', 'Sales / Accounts', '-', '-', '-', '-', '-', '-', '-', 'Y', 'N', '0000-00-00 00:00:00', 1, '0000-00-00 00:00:00', 1),
(6, 2006, 'Mr.', 'Sales / Accounts', '-', '-', '-', '-', '-', '-', '-', 'Y', 'N', '0000-00-00 00:00:00', 1, '0000-00-00 00:00:00', 1),
(7, 2007, 'Mr.', 'Sales / Accounts', '-', '-', '-', '-', '-', '-', '-', 'Y', 'N', '0000-00-00 00:00:00', 1, '0000-00-00 00:00:00', 1),
(8, 2008, 'Mr.', 'Sales / Accounts', '-', '-', '-', '-', '-', '-', '-', 'Y', 'N', '0000-00-00 00:00:00', 1, '0000-00-00 00:00:00', 1),
(9, 2009, 'Mr.', 'Sales / Accounts', '-', '-', '-', '-', '-', '-', '-', 'Y', 'N', '0000-00-00 00:00:00', 1, '0000-00-00 00:00:00', 1),
(10, 2010, 'Mr.', 'Sales / Accounts', '-', '-', '-', '-', '-', '-', '-', 'Y', 'N', '0000-00-00 00:00:00', 1, '0000-00-00 00:00:00', 1),
(11, 2011, 'Mr.', 'Sales / Accounts', '-', '-', '-', '-', '-', '-', '-', 'Y', 'N', '0000-00-00 00:00:00', 1, '0000-00-00 00:00:00', 1),
(12, 2012, 'Mr.', 'Sales / Accounts', '-', '-', '-', '-', '-', '-', '-', 'Y', 'N', '0000-00-00 00:00:00', 1, '0000-00-00 00:00:00', 1),
(13, 2013, 'Mr.', 'Sales / Accounts', '-', '-', '-', '-', '-', '-', '-', 'Y', 'N', '0000-00-00 00:00:00', 1, '0000-00-00 00:00:00', 1),
(14, 2014, 'Mr.', 'Sales / Accounts', '-', '-', '-', '-', '-', '-', '-', 'Y', 'N', '0000-00-00 00:00:00', 1, '0000-00-00 00:00:00', 1),
(15, 2015, 'Mr.', 'Sales / Accounts', '-', '-', '-', '-', '-', '-', '-', 'Y', 'N', '0000-00-00 00:00:00', 1, '0000-00-00 00:00:00', 1),
(16, 2016, 'Mr.', 'Sales / Accounts', '-', '-', '-', '-', '-', '-', '-', 'Y', 'N', '0000-00-00 00:00:00', 1, '0000-00-00 00:00:00', 1),
(17, 2017, 'Mr.', 'Sales / Accounts', '-', '-', '-', '-', '-', '-', '-', 'Y', 'N', '0000-00-00 00:00:00', 1, '0000-00-00 00:00:00', 1),
(18, 2018, 'Mr.', 'Sales / Accounts', '-', '-', '-', '-', '-', '-', '-', 'Y', 'N', '0000-00-00 00:00:00', 1, '0000-00-00 00:00:00', 1),
(19, 2019, 'Mr.', 'Sales / Accounts', '-', '-', '-', '-', '-', '-', '-', 'Y', 'N', '0000-00-00 00:00:00', 1, '0000-00-00 00:00:00', 1),
(20, 2020, 'Mr.', 'Sales / Accounts', '-', '-', '-', '-', '-', '-', '-', 'Y', 'N', '0000-00-00 00:00:00', 1, '0000-00-00 00:00:00', 1),
(21, 2021, 'Mr.', 'Sales / Accounts', '-', '-', '-', '-', '-', '-', '-', 'Y', 'N', '0000-00-00 00:00:00', 1, '0000-00-00 00:00:00', 1),
(22, 2022, 'Mr.', 'Sales / Accounts', '-', '-', '-', '-', '-', '-', '-', 'Y', 'N', '0000-00-00 00:00:00', 1, '0000-00-00 00:00:00', 1),
(23, 2023, 'Mr.', 'Sales / Accounts', '-', '-', '-', '-', '-', '-', '-', 'Y', 'N', '0000-00-00 00:00:00', 1, '0000-00-00 00:00:00', 1),
(24, 2024, 'Mr.', 'Sales / Accounts', '-', '-', '-', '-', '-', '-', '-', 'Y', 'N', '0000-00-00 00:00:00', 1, '0000-00-00 00:00:00', 1),
(25, 2025, 'Mr.', 'Sales / Accounts', '-', '-', '-', '-', '-', '-', '-', 'Y', 'N', '0000-00-00 00:00:00', 1, '0000-00-00 00:00:00', 1),
(26, 2026, 'Mr.', 'Sales / Accounts', '-', '-', '-', '-', '-', '-', '-', 'Y', 'N', '0000-00-00 00:00:00', 1, '0000-00-00 00:00:00', 1),
(27, 2027, 'Mr.', 'Sales / Accounts', '-', '-', '-', '-', '-', '-', '-', 'Y', 'N', '0000-00-00 00:00:00', 1, '0000-00-00 00:00:00', 1),
(28, 2028, 'Mr.', 'Sales / Accounts', '-', '-', '-', '-', '-', '-', '-', 'Y', 'N', '0000-00-00 00:00:00', 1, '0000-00-00 00:00:00', 1),
(29, 2029, 'Mr.', 'Sales / Accounts', '-', '-', '-', '-', '-', '-', '-', 'Y', 'N', '0000-00-00 00:00:00', 1, '0000-00-00 00:00:00', 1),
(30, 2030, 'Mr.', 'Sales / Accounts', '-', '-', '-', '-', '-', '-', '-', 'Y', 'N', '0000-00-00 00:00:00', 1, '0000-00-00 00:00:00', 1),
(31, 2031, 'Mr.', 'Sales / Accounts', '-', '-', '-', '-', '-', '-', '-', 'Y', 'N', '0000-00-00 00:00:00', 1, '0000-00-00 00:00:00', 1),
(32, 2032, 'Mr.', 'Sales / Accounts', '-', '-', '-', '-', '-', '-', '-', 'Y', 'N', '0000-00-00 00:00:00', 1, '0000-00-00 00:00:00', 1),
(33, 2033, 'Mr.', 'Sales / Accounts', '-', '-', '-', '-', '-', '-', '-', 'Y', 'N', '0000-00-00 00:00:00', 1, '0000-00-00 00:00:00', 1),
(34, 2034, 'Mr.', 'Sales / Accounts', '-', '-', '-', '-', '-', '-', '-', 'Y', 'N', '0000-00-00 00:00:00', 1, '0000-00-00 00:00:00', 1),
(35, 2035, 'Mr.', 'Sales / Accounts', '-', '-', '-', '-', '-', '-', '-', 'Y', 'N', '0000-00-00 00:00:00', 1, '0000-00-00 00:00:00', 1),
(36, 2036, 'Mr.', 'Sales / Accounts', '-', '-', '-', '-', '-', '-', '-', 'Y', 'N', '0000-00-00 00:00:00', 1, '0000-00-00 00:00:00', 1),
(37, 2037, 'Mr.', 'Sales / Accounts', '-', '-', '-', '-', '-', '-', '-', 'Y', 'N', '0000-00-00 00:00:00', 1, '0000-00-00 00:00:00', 1),
(38, 2038, 'Mr.', 'Sales / Accounts', '-', '-', '-', '-', '-', '-', '-', 'Y', 'N', '0000-00-00 00:00:00', 1, '0000-00-00 00:00:00', 1),
(39, 2039, 'Mr.', 'Sales / Accounts', '-', '-', '-', '-', '-', '-', '-', 'Y', 'N', '0000-00-00 00:00:00', 1, '0000-00-00 00:00:00', 1),
(40, 2040, 'Mr.', 'Sales / Accounts', '-', '-', '-', '-', '-', '-', '-', 'Y', 'N', '0000-00-00 00:00:00', 1, '0000-00-00 00:00:00', 1),
(41, 2041, 'Mr.', 'Sales / Accounts', '-', '-', '-', '-', '-', '-', '-', 'Y', 'N', '0000-00-00 00:00:00', 1, '0000-00-00 00:00:00', 1),
(42, 2042, 'Mr.', 'Sales / Accounts', '-', '-', '-', '-', '-', '-', '-', 'Y', 'N', '0000-00-00 00:00:00', 1, '0000-00-00 00:00:00', 1),
(43, 2043, 'Mr.', 'Sales / Accounts', '-', '-', '-', '-', '-', '-', '-', 'Y', 'N', '0000-00-00 00:00:00', 1, '0000-00-00 00:00:00', 1),
(44, 2044, 'Mr.', 'Sales / Accounts', '-', '-', '-', '-', '-', '-', '-', 'Y', 'N', '0000-00-00 00:00:00', 1, '0000-00-00 00:00:00', 1),
(45, 2045, 'Mr.', 'Sales / Accounts', '-', '-', '-', '-', '-', '-', '-', 'Y', 'N', '0000-00-00 00:00:00', 1, '0000-00-00 00:00:00', 1),
(46, 2046, 'Mr.', 'Sales / Accounts', '-', '-', '-', '-', '-', '-', '-', 'Y', 'N', '0000-00-00 00:00:00', 1, '0000-00-00 00:00:00', 1),
(47, 2047, 'Mr.', 'Sales / Accounts', '-', '-', '-', '-', '-', '-', '-', 'Y', 'N', '0000-00-00 00:00:00', 1, '0000-00-00 00:00:00', 1),
(48, 2048, 'Mr.', 'Sales / Accounts', '-', '-', '-', '-', '-', '-', '-', 'Y', 'N', '0000-00-00 00:00:00', 1, '0000-00-00 00:00:00', 1),
(49, 2049, 'Mr.', 'Sales / Accounts', '-', '-', '-', '-', '-', '-', '-', 'Y', 'N', '0000-00-00 00:00:00', 1, '0000-00-00 00:00:00', 1),
(50, 2050, 'Mr.', 'Sales / Accounts', '-', '-', '-', '-', '-', '-', '-', 'Y', 'N', '0000-00-00 00:00:00', 1, '0000-00-00 00:00:00', 1),
(51, 2051, 'Mr.', 'Sales / Accounts', '-', '-', '-', '-', '-', '-', '-', 'Y', 'N', '0000-00-00 00:00:00', 1, '0000-00-00 00:00:00', 1),
(52, 2052, 'Mr.', 'Sales / Accounts', '-', '-', '-', '-', '-', '-', '-', 'Y', 'N', '0000-00-00 00:00:00', 1, '0000-00-00 00:00:00', 1),
(53, 2053, 'Mr.', 'Sales / Accounts', '-', '-', '-', '-', '-', '-', '-', 'Y', 'N', '0000-00-00 00:00:00', 1, '0000-00-00 00:00:00', 1),
(54, 2054, 'Mr.', 'Sales / Accounts', '-', '-', '-', '-', '-', '-', '-', 'Y', 'N', '0000-00-00 00:00:00', 1, '0000-00-00 00:00:00', 1),
(55, 2055, 'Mr.', 'Sales / Accounts', '-', '-', '-', '-', '-', '-', '-', 'Y', 'N', '0000-00-00 00:00:00', 1, '0000-00-00 00:00:00', 1),
(56, 2056, 'Mr.', 'Sales / Accounts', '-', '-', '-', '-', '-', '-', '-', 'Y', 'N', '0000-00-00 00:00:00', 1, '0000-00-00 00:00:00', 1),
(57, 2057, 'Mr.', 'Sales / Accounts', '-', '-', '-', '-', '-', '-', '-', 'Y', 'N', '0000-00-00 00:00:00', 1, '0000-00-00 00:00:00', 1),
(58, 2058, 'Mr.', 'Sales / Accounts', '-', '-', '-', '-', '-', '-', '-', 'Y', 'N', '0000-00-00 00:00:00', 1, '0000-00-00 00:00:00', 1),
(59, 2059, 'Mr.', 'Sales / Accounts', '-', '-', '-', '-', '-', '-', '-', 'Y', 'N', '0000-00-00 00:00:00', 1, '0000-00-00 00:00:00', 1),
(60, 2060, 'Mr.', 'Sales / Accounts', '-', '-', '-', '-', '-', '-', '-', 'Y', 'N', '0000-00-00 00:00:00', 1, '0000-00-00 00:00:00', 1),
(61, 2061, 'Mr.', 'Sales / Accounts', '-', '-', '-', '-', '-', '-', '-', 'Y', 'N', '0000-00-00 00:00:00', 1, '0000-00-00 00:00:00', 1),
(62, 2062, 'Mr.', 'Sales / Accounts', '-', '-', '-', '-', '-', '-', '-', 'Y', 'N', '0000-00-00 00:00:00', 1, '0000-00-00 00:00:00', 1),
(63, 2063, 'Mr.', 'Sales / Accounts', '-', '-', '-', '-', '-', '-', '-', 'Y', 'N', '0000-00-00 00:00:00', 1, '0000-00-00 00:00:00', 1),
(64, 2064, 'Mr.', 'Sales / Accounts', '-', '-', '-', '-', '-', '-', '-', 'Y', 'N', '0000-00-00 00:00:00', 1, '0000-00-00 00:00:00', 1),
(65, 2065, 'Mr.', 'Sales / Accounts', '-', '-', '-', '-', '-', '-', '-', 'Y', 'N', '0000-00-00 00:00:00', 1, '0000-00-00 00:00:00', 1),
(66, 2066, 'Mr.', 'Sales / Accounts', '-', '-', '-', '-', '-', '-', '-', 'Y', 'N', '0000-00-00 00:00:00', 1, '0000-00-00 00:00:00', 1),
(67, 2067, 'Mr.', 'Sales / Accounts', '-', '-', '-', '-', '-', '-', '-', 'Y', 'N', '0000-00-00 00:00:00', 1, '0000-00-00 00:00:00', 1),
(68, 2068, 'Mr.', 'Sales / Accounts', '-', '-', '-', '-', '-', '-', '-', 'Y', 'N', '0000-00-00 00:00:00', 1, '0000-00-00 00:00:00', 1),
(69, 2069, 'Mr.', 'Sales / Accounts', '-', '-', '-', '-', '-', '-', '-', 'Y', 'N', '0000-00-00 00:00:00', 1, '0000-00-00 00:00:00', 1),
(70, 2070, 'Mr.', 'Sales / Accounts', '-', '-', '-', '-', '-', '-', '-', 'Y', 'N', '0000-00-00 00:00:00', 1, '0000-00-00 00:00:00', 1),
(71, 2071, 'Mr.', 'Sales / Accounts', '-', '-', '-', '-', '-', '-', '-', 'Y', 'N', '0000-00-00 00:00:00', 1, '0000-00-00 00:00:00', 1),
(72, 2072, 'Mr.', 'Sales / Accounts', '-', '-', '-', '-', '-', '-', '-', 'Y', 'N', '0000-00-00 00:00:00', 1, '0000-00-00 00:00:00', 1),
(73, 2073, 'Mr.', 'Sales / Accounts', '-', '-', '-', '-', '-', '-', '-', 'Y', 'N', '0000-00-00 00:00:00', 1, '0000-00-00 00:00:00', 1),
(74, 2074, 'Mr.', 'Sales / Accounts', '-', '-', '-', '-', '-', '-', '-', 'Y', 'N', '0000-00-00 00:00:00', 1, '0000-00-00 00:00:00', 1),
(75, 2075, 'Mr.', 'Sales / Accounts', '-', '-', '-', '-', '-', '-', '-', 'Y', 'N', '0000-00-00 00:00:00', 1, '0000-00-00 00:00:00', 1),
(76, 2076, 'Mr.', 'Sales / Accounts', '-', '-', '-', '-', '-', '-', '-', 'Y', 'N', '0000-00-00 00:00:00', 1, '0000-00-00 00:00:00', 1),
(77, 2077, 'Mr.', 'Sales / Accounts', '-', '-', '-', '-', '-', '-', '-', 'Y', 'N', '0000-00-00 00:00:00', 1, '0000-00-00 00:00:00', 1),
(78, 2078, 'Mr.', 'Sales / Accounts', '-', '-', '-', '-', '-', '-', '-', 'Y', 'N', '0000-00-00 00:00:00', 1, '0000-00-00 00:00:00', 1),
(79, 2079, 'Mr.', 'Sales / Accounts', '-', '-', '-', '-', '-', '-', '-', 'Y', 'N', '0000-00-00 00:00:00', 1, '0000-00-00 00:00:00', 1),
(80, 2080, 'Mr.', 'Sales / Accounts', '-', '-', '-', '-', '-', '-', '-', 'Y', 'N', '0000-00-00 00:00:00', 1, '0000-00-00 00:00:00', 1),
(81, 2081, 'Mr.', 'Sales / Accounts', '-', '-', '-', '-', '-', '-', '-', 'Y', 'N', '0000-00-00 00:00:00', 1, '0000-00-00 00:00:00', 1),
(82, 2082, 'Mr.', 'Sales / Accounts', '-', '-', '-', '-', '-', '-', '-', 'Y', 'N', '0000-00-00 00:00:00', 1, '0000-00-00 00:00:00', 1),
(83, 2083, 'Mr.', 'Sales / Accounts', '-', '-', '-', '-', '-', '-', '-', 'Y', 'N', '0000-00-00 00:00:00', 1, '0000-00-00 00:00:00', 1),
(84, 2084, 'Mr.', 'Sales / Accounts', '-', '-', '-', '-', '-', '-', '-', 'Y', 'N', '0000-00-00 00:00:00', 1, '0000-00-00 00:00:00', 1),
(85, 2085, 'Mr.', 'Sales / Accounts', '-', '-', '-', '-', '-', '-', '-', 'Y', 'N', '0000-00-00 00:00:00', 1, '0000-00-00 00:00:00', 1),
(86, 2086, 'Mr.', 'Sales / Accounts', '-', '-', '-', '-', '-', '-', '-', 'Y', 'N', '0000-00-00 00:00:00', 1, '0000-00-00 00:00:00', 1),
(87, 2087, 'Mr.', 'Sales / Accounts', '-', '-', '-', '-', '-', '-', '-', 'Y', 'N', '0000-00-00 00:00:00', 1, '0000-00-00 00:00:00', 1),
(88, 2088, 'Mr.', 'Sales / Accounts', '-', '-', '-', '-', '-', '-', '-', 'Y', 'N', '0000-00-00 00:00:00', 1, '0000-00-00 00:00:00', 1),
(89, 2089, 'Mr.', 'Sales / Accounts', '-', '-', '-', '-', '-', '-', '-', 'Y', 'N', '0000-00-00 00:00:00', 1, '0000-00-00 00:00:00', 1),
(90, 2090, 'Mr.', 'Sales / Accounts', '-', '-', '-', '-', '-', '-', '-', 'Y', 'N', '0000-00-00 00:00:00', 1, '0000-00-00 00:00:00', 1),
(91, 2091, 'Mr.', 'Sales / Accounts', '-', '-', '-', '-', '-', '-', '-', 'Y', 'N', '0000-00-00 00:00:00', 1, '0000-00-00 00:00:00', 1),
(92, 2092, 'Mr.', 'Sales / Accounts', '-', '-', '-', '-', '-', '-', '-', 'Y', 'N', '0000-00-00 00:00:00', 1, '0000-00-00 00:00:00', 1),
(93, 2093, 'Mr.', 'Sales / Accounts', '-', '-', '-', '-', '-', '-', '-', 'Y', 'N', '0000-00-00 00:00:00', 1, '0000-00-00 00:00:00', 1),
(94, 2094, 'Mr.', 'Sales / Accounts', '-', '-', '-', '-', '-', '-', '-', 'Y', 'N', '0000-00-00 00:00:00', 1, '0000-00-00 00:00:00', 1),
(95, 2095, 'Mr.', 'Sales / Accounts', '-', '-', '-', '-', '-', '-', '-', 'Y', 'N', '0000-00-00 00:00:00', 1, '0000-00-00 00:00:00', 1),
(96, 2096, 'Mr.', 'Sales / Accounts', '-', '-', '-', '-', '-', '-', '-', 'Y', 'N', '0000-00-00 00:00:00', 1, '0000-00-00 00:00:00', 1),
(97, 2097, 'Mr.', 'Sales / Accounts', '-', '-', '-', '-', '-', '-', '-', 'Y', 'N', '0000-00-00 00:00:00', 1, '0000-00-00 00:00:00', 1),
(98, 2098, 'Mr.', 'Sales / Accounts', '-', '-', '-', '-', '-', '-', '-', 'Y', 'N', '0000-00-00 00:00:00', 1, '0000-00-00 00:00:00', 1),
(99, 2099, 'Mr.', 'Sales / Accounts', '-', '-', '-', '-', '-', '-', '-', 'Y', 'N', '0000-00-00 00:00:00', 1, '0000-00-00 00:00:00', 1),
(100, 2100, 'Mr', 'Sales/Account', '', '89569898', '', '', '', '', '', 'Y', 'N', '2025-05-27 03:00:38', 8, '2025-05-27 03:00:38', 8),
(101, 2101, 'Mr', 'Sales/Account', '', '767676', '', '', '', '', '', 'Y', 'N', '2025-06-01 09:46:27', 8, '2025-06-01 09:46:27', 8),
(102, 2001, 'Mr', 'Mr. Abraham', 'Purchase Manager', '04', 'Purchase', '050 458789', '', '', '', 'Y', 'Y', '2025-06-03 14:29:11', 1, '0000-00-00 00:00:00', 0),
(103, 2102, 'Mr', 'Sales/Account', '', '7863254159', '', '', '', '', '', 'Y', 'N', '2025-06-03 03:33:21', 8, '2025-06-03 03:33:21', 8),
(104, 2103, 'Mr', 'Sales/Account', '', '9898989', '', '', '', '', '', 'Y', 'N', '2025-06-05 09:10:59', 8, '2025-06-05 09:10:59', 8),
(105, 2104, 'Mr', 'Sales/Account', '', '899999999', '', '', '', '', '', 'Y', 'N', '2025-06-05 01:49:41', 8, '2025-06-05 01:49:41', 8),
(106, 2105, 'Mr', 'Sales/Account', '', '9876543210', '', '', '', '', '', 'Y', 'N', '2025-06-24 03:07:16', 8, '2025-06-24 03:07:16', 8),
(107, 2106, 'Mr', 'Sales/Account', '', '04', '', '', '', '', '', 'Y', 'N', '2025-06-30 08:53:33', 8, '2025-06-30 08:53:33', 8),
(108, 2107, 'Mr', 'Sales/Account', '', '9055663311', '', '', '', '', '', 'Y', 'N', '2025-08-28 08:32:14', 1, '2025-08-28 08:32:14', 1),
(109, 2108, 'Mr', 'Sales/Account', '', '0', '', '', '', '', '', 'Y', 'N', '2025-10-02 01:26:29', 1, '2025-10-02 01:26:29', 1);

-- --------------------------------------------------------

--
-- Table structure for table `erp_vendor_shipping_details`
--

CREATE TABLE `erp_vendor_shipping_details` (
  `id` int(11) NOT NULL,
  `vendor_id` int(11) NOT NULL,
  `state` varchar(255) NOT NULL,
  `city` varchar(255) NOT NULL,
  `street_address` text NOT NULL,
  `po_box` varchar(255) NOT NULL,
  `postal_code` varchar(255) NOT NULL,
  `country_id` int(11) NOT NULL
) ENGINE=MyISAM DEFAULT CHARSET=latin1 COLLATE=latin1_swedish_ci;

--
-- Dumping data for table `erp_vendor_shipping_details`
--

INSERT INTO `erp_vendor_shipping_details` (`id`, `vendor_id`, `state`, `city`, `street_address`, `po_box`, `postal_code`, `country_id`) VALUES
(1, 2001, '6', '', '-', '', '', 130),
(2, 2002, '6', '', '-', '', '', 130),
(3, 2003, '1', '', '-', '', '', 130),
(4, 2004, '9', '', '-', '', '', 130),
(5, 2005, '1', '', '-', '', '', 130),
(6, 2006, '6', '', '-', '', '', 130),
(7, 2007, '6', '', '-', '', '', 130),
(8, 2008, '6', '', '-', '', '', 130),
(9, 2009, '1', '', '-', '', '', 131),
(10, 2010, '6', '', '-', '', '', 130),
(11, 2011, '6', '', '-', '', '', 130),
(12, 2012, '6', '', '-', '', '', 130),
(13, 2013, '6', '', '-', '', '', 130),
(14, 2014, '1', '', '-', '', '', 130),
(15, 2015, '6', '', '-', '', '', 130),
(16, 2016, '6', '', '-', '', '', 130),
(17, 2017, '6', '', '-', '', '', 130),
(18, 2018, '6', '', '-', '', '', 130),
(19, 2019, '6', '', '-', '', '', 130),
(20, 2020, '2', '', '-', '', '', 130),
(21, 2021, '6', '', '-', '', '', 130),
(22, 2022, '6', '', '-', '', '', 130),
(23, 2023, '6', '', '-', '', '', 130),
(24, 2024, '6', '', '-', '', '', 130),
(25, 2025, '6', '', '-', '', '', 130),
(26, 2026, '6', '', '-', '', '', 130),
(27, 2027, '6', '', '-', '', '', 130),
(28, 2028, '6', '', '-', '', '', 130),
(29, 2029, '6', '', '-', '', '', 130),
(30, 2030, '6', '', '-', '', '', 130),
(31, 2031, '6', '', '-', '', '', 130),
(32, 2032, '1', '', '-', '', '', 130),
(33, 2033, '6', '', '-', '', '', 130),
(34, 2034, '6', '', '-', '', '', 130),
(35, 2035, '2', '', '-', '', '', 130),
(36, 2036, '1', '', '-', '', '', 130),
(37, 2037, '3', '', '-', '', '', 130),
(38, 2038, '6', '', '-', '', '', 130),
(39, 2039, '6', '', '-', '', '', 130),
(40, 2040, '6', '', '-', '', '', 130),
(41, 2041, '6', '', '-', '', '', 130),
(42, 2042, '2', '', '-', '', '', 130),
(43, 2043, '6', '', '-', '', '', 130),
(44, 2044, '6', '', '-', '', '', 130),
(45, 2045, '6', '', '-', '', '', 130),
(46, 2046, '8', '', '-', '', '', 130),
(47, 2047, '6', '', '-', '', '', 103),
(48, 2048, '2', '', '-', '', '', 130),
(49, 2049, '6', '', '-', '', '', 130),
(50, 2050, '6', '', '-', '', '', 130),
(51, 2051, '2', '', '-', '', '', 130),
(52, 2052, '2', '', '-', '', '', 130),
(53, 2053, '6', '', '-', '', '', 130),
(54, 2054, '6', '', '-', '', '', 130),
(55, 2055, '6', '', '-', '', '', 130),
(56, 2056, '6', '', '-', '', '', 130),
(57, 2057, '2', '', '-', '', '', 130),
(58, 2058, '1', '', '-', '', '', 130),
(59, 2059, '6', '', '-', '', '', 130),
(60, 2060, '6', '', '-', '', '', 130),
(61, 2061, '6', '', '-', '', '', 130),
(62, 2062, '2', '', '-', '', '', 130),
(63, 2063, '6', '', '-', '', '', 130),
(64, 2064, '6', '', '-', '', '', 130),
(65, 2065, '1', '', '-', '', '', 130),
(66, 2066, '6', '', '-', '', '', 130),
(67, 2067, '2', '', '-', '', '', 130),
(68, 2068, '6', '', '-', '', '', 130),
(69, 2069, '6', '', '-', '', '', 130),
(70, 2070, '6', '', '-', '', '', 78),
(71, 2071, '9', '', '-', '', '', 131),
(72, 2072, '1', '', '-', '', '', 130),
(73, 2073, '1', '', '-', '', '', 131),
(74, 2074, '6', '', '-', '', '', 130),
(75, 2075, '6', '', '-', '', '', 130),
(76, 2076, '6', '', '-', '', '', 130),
(77, 2077, '6', '', '-', '', '', 130),
(78, 2078, '6', '', '-', '', '', 130),
(79, 2079, '6', '', '-', '', '', 130),
(80, 2080, '2', '', '-', '', '', 130),
(81, 2081, '6', '', '-', '', '', 130),
(82, 2082, '6', '', '-', '', '', 130),
(83, 2083, '6', '', '-', '', '', 130),
(84, 2084, '1', '', '-', '', '', 132),
(85, 2085, '6', '', '-', '', '', 130),
(86, 2086, '1', '', '-', '', '', 130),
(87, 2087, '6', '', '-', '', '', 130),
(88, 2088, '6', '', '-', '', '', 130),
(89, 2089, '6', '', '-', '', '', 130),
(90, 2090, '6', '', '-', '', '', 130),
(91, 2091, '6', '', '-', '', '', 130),
(92, 2092, '1', '', '-', '', '', 130),
(93, 2093, '6', '', '-', '', '', 130),
(94, 2094, '6', '', '-', '', '', 130),
(95, 2095, '6', '', '-', '', '', 130),
(96, 2096, '6', '', '-', '', '', 130),
(97, 2097, '6', '', '-', '', '', 116),
(98, 2098, '6', '', '-', '', '', 130),
(99, 2099, '6', '', '-', '', '', 130);

-- --------------------------------------------------------

--
-- Table structure for table `erp_workspace`
--

CREATE TABLE `erp_workspace` (
  `id` int(11) NOT NULL,
  `name` varchar(100) NOT NULL,
  `sort_order` int(11) NOT NULL,
  `color_code` varchar(10) NOT NULL,
  `bg_color_code` varchar(100) NOT NULL,
  `ai_type_id` enum('SA','PR','PO','CF','ST','FI','IN','PL') NOT NULL COMMENT 'SA-Sales,PR-Purchase,PO-Production Order,CF-Contact Favourite,ST-Stock/Inventory,FI-Finance,IN-Info,PL-Pipeline',
  `created_date_time` datetime NOT NULL,
  `created_by` int(11) NOT NULL,
  `updated_date_time` datetime NOT NULL,
  `updated_by` int(11) NOT NULL,
  `isActive` enum('Y','N') NOT NULL,
  `isDefault` enum('Y','N') NOT NULL DEFAULT 'N'
) ENGINE=MyISAM DEFAULT CHARSET=latin1 COLLATE=latin1_swedish_ci;

--
-- Dumping data for table `erp_workspace`
--

INSERT INTO `erp_workspace` (`id`, `name`, `sort_order`, `color_code`, `bg_color_code`, `ai_type_id`, `created_date_time`, `created_by`, `updated_date_time`, `updated_by`, `isActive`, `isDefault`) VALUES
(3, 'Presentation Completed', 3, '#ffffff', '#a4b4f2', 'SA', '2020-03-25 02:19:43', 1, '2020-03-25 02:19:43', 1, 'N', 'N'),
(8, 'Creditnote', 9, '#ffffff', '#fdaca8', 'SA', '2020-03-25 07:42:01', 1, '2020-03-25 07:42:01', 1, 'Y', 'N'),
(1, 'Enquiry', 1, '#ffffff', '#fce1d1', 'SA', '2020-03-26 11:32:48', 1, '2020-03-26 11:32:48', 1, 'Y', 'Y'),
(7, 'Invoicing', 8, '#ffffff', '#c6b9b9', 'SA', '2020-03-26 11:33:29', 1, '2020-03-26 11:33:29', 1, 'Y', 'N'),
(4, 'Quotations', 4, '#ffffff', '#ebbae6', 'SA', '2022-06-27 08:09:58', 3, '2022-06-27 08:09:58', 3, 'Y', 'N'),
(6, 'Packaging', 6, '#ffffff', '#2fb807', 'SA', '2022-06-27 08:17:27', 3, '2022-06-27 08:17:27', 3, 'Y', 'N'),
(2, 'Meeting Scheduled', 2, '#ffffff', '#f9f3ae', 'SA', '2022-07-30 08:19:06', 3, '2022-07-30 08:19:06', 3, 'N', 'N'),
(5, 'Delivery', 7, '#ffffff', '#ccffff', 'SA', '2022-06-30 06:07:50', 3, '2022-06-30 06:07:50', 3, 'Y', 'N'),
(9, 'Requisition', 1, '#ffffff', '#ffdbcc', 'PR', '2025-06-10 08:47:03', 8, '2025-06-10 08:47:03', 8, 'Y', 'N'),
(10, 'Bill of Material', 10, '#ffff88', '#f7a950', 'PO', '2025-06-10 09:16:14', 1, '2025-06-10 09:16:14', 1, 'N', 'N'),
(11, 'Purchase Enquiry', 2, '#ffffff', '#8b5086', 'PR', '2025-06-10 09:17:35', 1, '2025-06-10 09:17:35', 1, 'Y', 'N'),
(12, 'Production Order', 11, '#ffff88', '#f3ba3f', 'PO', '2025-06-10 09:17:59', 1, '2025-06-10 09:17:59', 1, 'Y', 'N'),
(13, 'Goods Issue', 12, '#ffff88', '#87ff5c', 'PO', '2025-06-10 09:18:25', 1, '2025-06-10 09:18:25', 1, 'Y', 'N'),
(14, 'Purchase Order', 3, '#ffffff', '#6f6ddf', 'PR', '2025-06-10 09:18:38', 1, '2025-06-10 09:18:38', 1, 'Y', 'N'),
(15, 'Goods Receipt', 13, '#ffff88', '#44f367', 'PO', '2025-06-10 09:18:49', 1, '2025-06-10 09:18:49', 1, 'Y', 'N'),
(16, 'Material Receipt', 4, '#ffffff', '#82d9b3', 'PR', '2025-06-10 09:19:07', 1, '2025-06-10 09:19:07', 1, 'Y', 'N'),
(17, 'Quality Check', 5, '#ffffff', '#abce88', 'PR', '2025-06-10 09:19:33', 1, '2025-06-10 09:19:33', 1, 'Y', 'N'),
(18, 'Purchase Invoice', 6, '#ffffff', '#f0c466', 'PR', '2025-06-10 09:20:16', 1, '2025-06-10 09:20:16', 1, 'Y', 'N'),
(19, 'Purchase Return', 7, '#ffffff', '#e88e45', 'PR', '2025-06-10 09:20:40', 1, '2025-06-10 09:20:40', 1, 'Y', 'N'),
(20, 'Orders', 5, '#ffffff', '#a9eff4', 'SA', '2022-06-27 08:09:58', 3, '2022-06-27 08:09:58', 3, 'Y', 'N');

-- --------------------------------------------------------

--
-- Table structure for table `erp_workspace_09062025`
--

CREATE TABLE `erp_workspace_09062025` (
  `id` int(11) NOT NULL,
  `name` varchar(100) NOT NULL,
  `color_code` varchar(10) NOT NULL,
  `created_date_time` datetime NOT NULL,
  `created_by` int(11) NOT NULL,
  `updated_date_time` datetime NOT NULL,
  `updated_by` int(11) NOT NULL,
  `isActive` enum('Y','N') NOT NULL
) ENGINE=MyISAM DEFAULT CHARSET=latin1 COLLATE=latin1_swedish_ci;

-- --------------------------------------------------------

--
-- Table structure for table `erp_workspace_note`
--

CREATE TABLE `erp_workspace_note` (
  `id` int(11) NOT NULL,
  `customer_id` int(11) NOT NULL,
  `workspace_qtn_id` int(11) NOT NULL,
  `title` varchar(50) NOT NULL,
  `description` varchar(1000) NOT NULL,
  `sales_group_id` int(11) NOT NULL,
  `amount` decimal(15,2) NOT NULL,
  `through_id` int(11) NOT NULL,
  `lead_id` int(11) NOT NULL,
  `po_id` int(11) NOT NULL,
  `file_id` int(11) NOT NULL,
  `due_date` date NOT NULL,
  `workspace_id` int(11) NOT NULL,
  `shared_to` text NOT NULL,
  `status` enum('H','N','L') NOT NULL DEFAULT 'N' COMMENT 'H => high , N=>normal, L => low',
  `created_date_time` datetime NOT NULL,
  `created_by` int(11) NOT NULL,
  `updated_date_time` datetime NOT NULL,
  `updated_by` int(11) NOT NULL
) ENGINE=MyISAM DEFAULT CHARSET=latin1 COLLATE=latin1_swedish_ci;

--
-- Dumping data for table `erp_workspace_note`
--

INSERT INTO `erp_workspace_note` (`id`, `customer_id`, `workspace_qtn_id`, `title`, `description`, `sales_group_id`, `amount`, `through_id`, `lead_id`, `po_id`, `file_id`, `due_date`, `workspace_id`, `shared_to`, `status`, `created_date_time`, `created_by`, `updated_date_time`, `updated_by`) VALUES
(7, 1019, 0, 'BlueDot Mgt LLC- FZ', '1008', 5, 10.00, 8, 1008, 0, 10047, '0000-00-00', 5, '1', 'N', '2025-06-10 08:05:23', 1, '2025-06-10 08:05:23', 1),
(8, 1002, 0, 'Abu Dhabi Aviation', 'Testing Bill of material', 4, 5000.00, 8, 1021, 0, 10117, '0000-00-00', 10, '1', 'N', '2025-06-10 10:06:35', 1, '2025-06-10 10:06:35', 1),
(6, 1019, 0, 'BlueDot Mgt LLC- FZ', '1009', 3, 0.00, 8, 1009, 0, 10048, '0000-00-00', 8, '1', 'N', '2025-06-10 08:00:10', 1, '2025-06-10 08:00:10', 1),
(9, 1002, 0, 'Abu Dhabi Aviation', 'Testing', 2, 10000.00, 8, 1022, 0, 10118, '0000-00-00', 1, '1', 'N', '2025-06-10 10:08:21', 1, '2025-06-10 10:08:21', 1),
(10, 1002, 0, 'Abu Dhabi Aviation', 'TEst', 2, 5000.10, 8, 1023, 0, 10119, '0000-00-00', 1, '1', 'L', '2025-06-10 12:08:37', 1, '2025-06-10 12:08:37', 1),
(19, 1019, 0, 'BlueDot Mgt LLC- FZ', '1004', 1, 0.00, 8, 1004, 0, 10015, '0000-00-00', 6, '1', 'N', '2025-06-10 03:38:53', 1, '2025-06-10 03:38:53', 1),
(20, 1043, 0, 'Halcon Systems LLC', '1005', 1, 0.00, 7, 1005, 0, 10025, '0000-00-00', 4, '1', 'H', '2025-06-10 04:44:39', 1, '2025-06-10 04:44:39', 1),
(18, 1092, 0, 'Dabur India', 'Issue 2 Bag', 0, 0.00, 0, 0, 20023, 20023, '0000-00-00', 15, '1', 'N', '2025-06-10 03:38:01', 1, '2025-06-10 03:38:01', 1),
(14, 1001, 0, 'Abu Dhabi Autonomous Systems Investments LLC', '1020', 2, 0.00, 8, 1020, 0, 10116, '2030-11-01', 4, '1', 'N', '2025-06-10 03:02:00', 1, '2025-06-10 03:02:00', 1),
(16, 1001, 0, 'Abu Dhabi Autonomous Systems Investments LLC', '1007', 1, 10.00, 8, 1007, 0, 10045, '0000-00-00', 5, '1', 'N', '2025-06-10 03:25:23', 1, '2025-06-10 03:25:23', 1);

-- --------------------------------------------------------

--
-- Table structure for table `erp_workspace_note09062025`
--

CREATE TABLE `erp_workspace_note09062025` (
  `id` int(11) NOT NULL,
  `title` varchar(50) NOT NULL,
  `description` varchar(1000) NOT NULL,
  `lead_id` int(11) NOT NULL,
  `file_id` int(11) NOT NULL,
  `due_date` date NOT NULL,
  `workspace_id` int(11) NOT NULL,
  `shared_to` text NOT NULL,
  `created_date_time` datetime NOT NULL,
  `created_by` int(11) NOT NULL,
  `updated_date_time` datetime NOT NULL,
  `updated_by` int(11) NOT NULL
) ENGINE=MyISAM DEFAULT CHARSET=latin1 COLLATE=latin1_swedish_ci;

-- --------------------------------------------------------

--
-- Table structure for table `erp_workspace_project_module_details`
--

CREATE TABLE `erp_workspace_project_module_details` (
  `id` int(11) NOT NULL,
  `workspace_note_id` int(11) NOT NULL,
  `project_id` int(11) NOT NULL,
  `main_module_id` int(11) NOT NULL,
  `sub_module_id` int(11) NOT NULL,
  `questions` varchar(500) NOT NULL,
  `weightage_percent` decimal(15,2) NOT NULL,
  `current_weightage_percent` decimal(15,2) NOT NULL,
  `created_by` int(11) NOT NULL,
  `created_date_time` datetime NOT NULL,
  `updated_by` int(11) NOT NULL,
  `updated_date_time` datetime NOT NULL
) ENGINE=MyISAM DEFAULT CHARSET=latin1 COLLATE=latin1_swedish_ci;

--
-- Dumping data for table `erp_workspace_project_module_details`
--

INSERT INTO `erp_workspace_project_module_details` (`id`, `workspace_note_id`, `project_id`, `main_module_id`, `sub_module_id`, `questions`, `weightage_percent`, `current_weightage_percent`, `created_by`, `created_date_time`, `updated_by`, `updated_date_time`) VALUES
(1, 3, 1, 2, 1, 'Leads', 5.00, 5.00, 3, '2022-07-29 03:49:06', 3, '2022-08-05 04:34:56'),
(2, 3, 1, 2, 2, 'Quotes', 20.00, 20.00, 3, '2022-07-29 03:49:06', 3, '2022-08-05 04:34:56'),
(3, 3, 1, 2, 3, 'Orders', 20.00, 20.00, 3, '2022-07-29 03:49:06', 3, '2022-08-05 04:34:56'),
(4, 3, 1, 2, 4, 'Delivery Note', 20.00, 20.00, 3, '2022-07-29 03:49:06', 3, '2022-08-05 04:34:56'),
(5, 3, 1, 2, 5, 'Invoice', 25.00, 25.00, 3, '2022-07-29 03:49:06', 3, '2022-08-05 04:34:56'),
(25, 3, 1, 2, 0, 'credit Note ', 10.00, 5.00, 3, '2022-07-29 09:16:13', 3, '2022-08-05 04:34:56'),
(7, 6, 2, 0, 7, 'survey frontend', 50.00, 20.00, 3, '2022-07-29 04:00:59', 119, '2023-10-03 01:30:45'),
(8, 6, 2, 0, 8, 'survey backend', 30.00, 20.00, 3, '2022-07-29 04:00:59', 119, '2023-10-03 01:30:45'),
(9, 3, 1, 9, 20, 'Chart of Accounts', 5.00, 0.00, 3, '2022-07-29 04:27:51', 3, '2022-07-29 10:19:16'),
(10, 3, 1, 9, 21, 'Sub Ledgers', 5.00, 0.00, 3, '2022-07-29 04:27:51', 3, '2022-07-29 10:19:16'),
(11, 3, 1, 9, 22, 'Vouchers', 5.00, 0.00, 3, '2022-07-29 04:27:51', 3, '2022-07-29 10:19:16'),
(12, 3, 1, 9, 23, 'Receipts', 10.00, 0.00, 3, '2022-07-29 04:27:51', 3, '2022-07-29 10:19:16'),
(13, 3, 1, 9, 24, 'Payments', 10.00, 0.00, 3, '2022-07-29 04:27:51', 3, '2022-07-29 10:19:16'),
(14, 3, 1, 9, 25, 'Allocation', 5.00, 0.00, 3, '2022-07-29 04:27:51', 3, '2022-07-29 10:19:16'),
(15, 3, 1, 9, 26, 'Statement of Account C/S', 5.00, 0.00, 3, '2022-07-29 04:27:51', 3, '2022-07-29 10:19:16'),
(16, 3, 1, 9, 27, 'Ageing C/S', 5.00, 0.00, 3, '2022-07-29 04:27:51', 3, '2022-07-29 10:19:16'),
(17, 3, 1, 9, 28, 'VAT Report', 5.00, 0.00, 3, '2022-07-29 04:27:51', 3, '2022-07-29 10:19:16'),
(18, 3, 1, 9, 29, 'Trial Balance', 10.00, 0.00, 3, '2022-07-29 04:27:51', 3, '2022-07-29 10:19:16'),
(19, 3, 1, 9, 30, 'Profit & Loss', 10.00, 0.00, 3, '2022-07-29 04:27:51', 3, '2022-07-29 10:19:16'),
(20, 3, 1, 9, 31, 'Balance Sheet', 5.00, 0.00, 3, '2022-07-29 04:27:51', 3, '2022-07-29 10:19:16'),
(21, 3, 1, 9, 32, 'AR / AP', 5.00, 0.00, 3, '2022-07-29 04:27:51', 3, '2022-07-29 10:19:16'),
(22, 3, 1, 9, 33, 'General Ledger', 5.00, 0.00, 3, '2022-07-29 04:27:51', 3, '2022-07-29 10:19:16'),
(23, 3, 1, 9, 34, 'Posting', 10.00, 0.00, 3, '2022-07-29 04:27:51', 3, '2022-07-29 10:19:16'),
(31, 3, 1, 10, 0, 'Installation', 100.00, 80.00, 3, '2022-07-29 09:36:59', 3, '2022-07-29 11:46:58'),
(32, 3, 1, 11, 0, 'All reports', 100.00, 0.00, 3, '2022-07-29 09:37:23', 0, '0000-00-00 00:00:00'),
(33, 8, 1, 0, 0, 'Full', 100.00, 0.00, 3, '2022-07-29 09:37:40', 125, '2022-09-30 05:41:40'),
(34, 3, 1, 5, 1, 'Requisition', 5.00, 5.00, 3, '2022-07-29 09:38:07', 3, '2022-07-29 11:45:28'),
(35, 3, 1, 5, 2, 'Enquiry', 10.00, 0.00, 3, '2022-07-29 09:38:07', 3, '2022-07-29 11:45:28'),
(36, 3, 1, 5, 3, 'Purchase Order', 15.00, 0.00, 3, '2022-07-29 09:38:07', 3, '2022-07-29 11:45:28'),
(37, 3, 1, 5, 4, 'Material Receipt', 20.00, 0.00, 3, '2022-07-29 09:38:07', 3, '2022-07-29 11:45:28'),
(38, 3, 1, 5, 12, 'Quality Check', 15.00, 0.00, 3, '2022-07-29 09:38:07', 3, '2022-07-29 11:45:28'),
(39, 3, 1, 5, 13, 'Purchase Invoice', 20.00, 0.00, 3, '2022-07-29 09:38:07', 3, '2022-07-29 11:45:28'),
(40, 3, 1, 5, 14, 'Debit Note', 15.00, 0.00, 3, '2022-07-29 09:38:07', 3, '2022-07-29 11:45:28'),
(41, 3, 1, 8, 15, 'Products', 20.00, 0.00, 3, '2022-07-29 09:38:18', 3, '2022-07-29 11:46:08'),
(42, 3, 1, 8, 16, 'Service', 20.00, 0.00, 3, '2022-07-29 09:38:18', 3, '2022-07-29 11:46:08'),
(43, 3, 1, 8, 17, 'Issues', 20.00, 18.00, 3, '2022-07-29 09:38:18', 3, '2022-07-29 11:46:08'),
(44, 3, 1, 8, 18, 'Receipts', 20.00, 0.00, 3, '2022-07-29 09:38:18', 3, '2022-07-29 11:46:08'),
(45, 3, 1, 8, 19, 'Transfers', 20.00, 0.00, 3, '2022-07-29 09:38:18', 3, '2022-07-29 11:46:08'),
(46, 6, 2, 0, 46, 'Purchase', 10.00, 20.00, 3, '2022-07-29 12:20:31', 119, '2023-10-03 01:30:45'),
(47, 6, 2, 0, 47, 'Quotation', 10.00, 20.00, 3, '2022-07-29 12:20:51', 119, '2023-10-03 01:30:45'),
(48, 7, 3, 0, 0, 'test', 100.00, 100.00, 3, '2022-08-04 06:58:29', 0, '0000-00-00 00:00:00'),
(64, 1, 7, 0, 64, 'Instance Copy', 5.00, 4.00, 119, '2023-10-03 12:28:59', 119, '2023-10-03 12:33:59'),
(51, 2, 7, 0, 0, '01', 100.00, 90.00, 3, '2023-10-03 08:01:55', 0, '0000-00-00 00:00:00'),
(52, 9, 7, 0, 0, '01', 100.00, 80.00, 3, '2023-10-03 08:31:54', 0, '0000-00-00 00:00:00'),
(53, 10, 7, 0, 0, '01', 100.00, 50.00, 3, '2023-10-03 08:34:59', 0, '0000-00-00 00:00:00'),
(54, 11, 7, 0, 0, '01', 100.00, 75.00, 3, '2023-10-03 08:35:46', 0, '0000-00-00 00:00:00'),
(55, 12, 7, 0, 0, '01', 100.00, 80.00, 3, '2023-10-03 08:36:34', 0, '0000-00-00 00:00:00'),
(56, 13, 7, 0, 56, '01', 100.00, 0.00, 3, '2023-10-03 08:37:25', 3, '2023-10-04 01:08:26'),
(57, 14, 7, 0, 0, '01', 100.00, 0.00, 3, '2023-10-03 08:41:30', 0, '0000-00-00 00:00:00'),
(58, 15, 7, 0, 0, '01', 100.00, 60.00, 3, '2023-10-03 08:52:22', 0, '0000-00-00 00:00:00'),
(59, 16, 7, 0, 0, '01', 100.00, 90.00, 3, '2023-10-03 08:53:11', 0, '0000-00-00 00:00:00'),
(60, 17, 7, 0, 0, '01', 100.00, 50.00, 3, '2023-10-03 08:54:01', 0, '0000-00-00 00:00:00'),
(61, 18, 7, 0, 0, '01', 100.00, 90.00, 3, '2023-10-03 08:54:52', 0, '0000-00-00 00:00:00'),
(62, 19, 7, 0, 0, '01', 100.00, 99.00, 3, '2023-10-03 08:55:56', 0, '0000-00-00 00:00:00'),
(63, 20, 7, 0, 0, '01', 100.00, 90.00, 3, '2023-10-03 08:56:40', 0, '0000-00-00 00:00:00'),
(65, 1, 7, 0, 65, 'Assigned Work', 5.00, 4.00, 119, '2023-10-03 12:28:59', 119, '2023-10-03 12:33:59'),
(66, 1, 7, 0, 66, 'Design', 20.00, 10.00, 119, '2023-10-03 12:28:59', 119, '2023-10-03 12:33:59'),
(67, 1, 7, 0, 67, 'Programming', 50.00, 30.00, 119, '2023-10-03 12:28:59', 119, '2023-10-03 12:33:59'),
(68, 1, 7, 0, 68, 'Verification', 10.00, 0.00, 119, '2023-10-03 12:28:59', 119, '2023-10-03 12:33:59'),
(69, 1, 7, 0, 69, 'Confirmation', 10.00, 0.00, 119, '2023-10-03 12:28:59', 119, '2023-10-03 12:33:59'),
(70, 21, 1, 0, 2, 'Sales', 10.00, 0.00, 3, '2023-10-04 10:43:39', 0, '0000-00-00 00:00:00'),
(71, 21, 1, 0, 5, 'Purchase', 15.00, 0.00, 3, '2023-10-04 10:43:39', 0, '0000-00-00 00:00:00'),
(72, 21, 1, 0, 8, 'Inventory', 20.00, 0.00, 3, '2023-10-04 10:43:39', 0, '0000-00-00 00:00:00'),
(73, 21, 1, 0, 9, 'Finance', 20.00, 0.00, 3, '2023-10-04 10:43:39', 0, '0000-00-00 00:00:00'),
(74, 21, 1, 0, 10, 'Projects', 15.00, 0.00, 3, '2023-10-04 10:43:39', 0, '0000-00-00 00:00:00'),
(75, 21, 1, 0, 11, 'Reports', 10.00, 0.00, 3, '2023-10-04 10:43:39', 0, '0000-00-00 00:00:00'),
(76, 21, 1, 0, 12, 'Dashboard', 10.00, 0.00, 3, '2023-10-04 10:43:39', 0, '0000-00-00 00:00:00'),
(77, 22, 2, 0, 1, 'Sales', 60.00, 0.00, 3, '2023-10-04 10:44:39', 0, '0000-00-00 00:00:00'),
(78, 22, 2, 0, 3, 'Purchase', 40.00, 0.00, 3, '2023-10-04 10:44:39', 0, '0000-00-00 00:00:00'),
(79, 23, 2, 0, 1, 'Sales', 60.00, 0.00, 3, '2023-10-04 11:05:38', 0, '0000-00-00 00:00:00'),
(80, 23, 2, 0, 3, 'Purchase', 40.00, 0.00, 3, '2023-10-04 11:05:38', 0, '0000-00-00 00:00:00');

-- --------------------------------------------------------

--
-- Table structure for table `erp_workspace_qtns`
--

CREATE TABLE `erp_workspace_qtns` (
  `id` int(11) NOT NULL,
  `workspace_id` int(11) NOT NULL,
  `details` text NOT NULL,
  `sort_order` int(11) NOT NULL,
  `created_date_time` datetime NOT NULL,
  `created_by` int(11) NOT NULL,
  `updated_date_time` datetime NOT NULL,
  `updated_by` int(11) NOT NULL,
  `isActive` enum('Y','N') NOT NULL
) ENGINE=MyISAM DEFAULT CHARSET=latin1 COLLATE=latin1_swedish_ci;

--
-- Dumping data for table `erp_workspace_qtns`
--

INSERT INTO `erp_workspace_qtns` (`id`, `workspace_id`, `details`, `sort_order`, `created_date_time`, `created_by`, `updated_date_time`, `updated_by`, `isActive`) VALUES
(1, 7, 'aaaaa1', 1, '0000-00-00 00:00:00', 0, '0000-00-00 00:00:00', 0, 'N'),
(2, 7, 'bbbbbbbb2', 2, '0000-00-00 00:00:00', 0, '0000-00-00 00:00:00', 0, 'N'),
(3, 1, 'cccccc', 1, '0000-00-00 00:00:00', 0, '0000-00-00 00:00:00', 0, 'N'),
(4, 4, 'aaaaa11122', 133, '0000-00-00 00:00:00', 0, '2022-08-04 13:36:18', 3, 'N'),
(5, 4, 'tttttttt', 1, '2022-08-04 13:34:18', 3, '2022-08-04 13:35:02', 3, 'N'),
(6, 2, '', 0, '2022-08-04 13:35:12', 3, '0000-00-00 00:00:00', 0, 'N'),
(7, 7, 'bbbbbbbbbb11', 1, '0000-00-00 00:00:00', 0, '0000-00-00 00:00:00', 0, 'N'),
(8, 7, 'No Interest', 1, '0000-00-00 00:00:00', 0, '0000-00-00 00:00:00', 0, 'Y'),
(9, 7, 'Fixed some other software', 2, '0000-00-00 00:00:00', 0, '0000-00-00 00:00:00', 0, 'Y'),
(10, 7, 'Cash Flow Issues', 3, '0000-00-00 00:00:00', 0, '0000-00-00 00:00:00', 0, 'Y'),
(11, 8, 'Due to Price', 1, '0000-00-00 00:00:00', 0, '0000-00-00 00:00:00', 0, 'Y'),
(12, 8, 'Project / Requirement Cancelled', 2, '0000-00-00 00:00:00', 0, '0000-00-00 00:00:00', 0, 'Y'),
(13, 8, 'Not able to meet specifications', 3, '0000-00-00 00:00:00', 0, '0000-00-00 00:00:00', 0, 'Y'),
(14, 8, 'Missed out', 4, '0000-00-00 00:00:00', 0, '0000-00-00 00:00:00', 0, 'Y'),
(15, 7, 'Missed out from our side', 4, '0000-00-00 00:00:00', 0, '0000-00-00 00:00:00', 0, 'Y'),
(16, 6, 'Easy and simple', 1, '0000-00-00 00:00:00', 0, '0000-00-00 00:00:00', 0, 'Y'),
(17, 6, 'Inside Help', 2, '0000-00-00 00:00:00', 0, '0000-00-00 00:00:00', 0, 'Y'),
(18, 6, 'Commission', 3, '0000-00-00 00:00:00', 0, '0000-00-00 00:00:00', 0, 'Y'),
(19, 6, 'Recommendation', 4, '0000-00-00 00:00:00', 0, '0000-00-00 00:00:00', 0, 'Y'),
(20, 6, 'Achievement', 5, '0000-00-00 00:00:00', 0, '0000-00-00 00:00:00', 0, 'Y'),
(21, 5, '1 week', 1, '0000-00-00 00:00:00', 0, '0000-00-00 00:00:00', 0, 'Y'),
(22, 5, '2 weeks', 2, '0000-00-00 00:00:00', 0, '0000-00-00 00:00:00', 0, 'Y'),
(23, 5, '1 month', 3, '0000-00-00 00:00:00', 0, '0000-00-00 00:00:00', 0, 'Y'),
(24, 5, 'Will come for sure', 4, '0000-00-00 00:00:00', 0, '0000-00-00 00:00:00', 0, 'Y'),
(25, 2, '234', 1, '0000-00-00 00:00:00', 0, '0000-00-00 00:00:00', 0, 'N');

-- --------------------------------------------------------

--
-- Table structure for table `erp_ws_master_material_submited_scheduled_details`
--

CREATE TABLE `erp_ws_master_material_submited_scheduled_details` (
  `id` int(11) NOT NULL,
  `main_id` int(11) NOT NULL,
  `main_id_status` int(11) NOT NULL DEFAULT 1 COMMENT '1 - active',
  `alternate_id` varchar(255) NOT NULL,
  `type_id` int(11) NOT NULL,
  `project_id` int(11) NOT NULL,
  `drawing_no` varchar(255) NOT NULL,
  `title` varchar(255) NOT NULL,
  `location` varchar(255) NOT NULL,
  `reference` varchar(255) NOT NULL,
  `planned_submission_date` date NOT NULL,
  `actual_submission_date` date NOT NULL,
  `returned_date` date NOT NULL,
  `status` enum('Y','N') NOT NULL DEFAULT 'Y',
  `note` varchar(255) NOT NULL,
  `created_by` int(11) NOT NULL,
  `created_date_time` datetime NOT NULL,
  `updated_by` int(11) NOT NULL,
  `updated_date_time` datetime NOT NULL
) ENGINE=MyISAM DEFAULT CHARSET=latin1 COLLATE=latin1_swedish_ci;

-- --------------------------------------------------------

--
-- Table structure for table `erp_ws_master_submitted_shedule_type`
--

CREATE TABLE `erp_ws_master_submitted_shedule_type` (
  `id` int(11) NOT NULL,
  `scheduled_type` varchar(255) NOT NULL,
  `is_active` enum('Y','N') NOT NULL DEFAULT 'Y',
  `created_by` int(11) NOT NULL,
  `created_date_time` datetime NOT NULL,
  `updated_by` int(11) NOT NULL,
  `updated_date_time` datetime NOT NULL
) ENGINE=MyISAM DEFAULT CHARSET=latin1 COLLATE=latin1_swedish_ci;

-- --------------------------------------------------------

--
-- Table structure for table `erp_ws_master_task_category`
--

CREATE TABLE `erp_ws_master_task_category` (
  `id` int(11) NOT NULL,
  `category_name` varchar(255) NOT NULL,
  `isDefault` enum('Y','N') NOT NULL DEFAULT 'N',
  `is_active` enum('Y','N') NOT NULL DEFAULT 'Y',
  `created_by` int(11) NOT NULL,
  `created_date_time` datetime NOT NULL,
  `updated_by` int(11) NOT NULL,
  `updated_date_time` datetime NOT NULL
) ENGINE=MyISAM DEFAULT CHARSET=latin1 COLLATE=latin1_swedish_ci;

--
-- Dumping data for table `erp_ws_master_task_category`
--

INSERT INTO `erp_ws_master_task_category` (`id`, `category_name`, `isDefault`, `is_active`, `created_by`, `created_date_time`, `updated_by`, `updated_date_time`) VALUES
(1, 'Costing', 'N', 'Y', 8, '2025-05-06 08:40:58', 8, '2025-05-19 03:43:34'),
(2, 'Drawing', 'N', 'Y', 8, '2025-05-06 08:41:03', 8, '2025-05-19 03:43:41'),
(3, 'Laser Machiing', 'N', 'Y', 8, '2025-05-06 08:41:08', 8, '2025-05-19 03:44:13'),
(4, 'Foaming', 'N', 'Y', 8, '2025-05-06 08:41:17', 8, '2025-05-19 03:44:28'),
(5, 'Assembly', 'Y', 'Y', 8, '2025-05-19 03:44:36', 0, '0000-00-00 00:00:00'),
(6, 'Bearings and Chains', 'N', 'Y', 8, '2025-05-23 04:03:43', 0, '0000-00-00 00:00:00');

-- --------------------------------------------------------

--
-- Table structure for table `erp_ws_master_task_sub_category`
--

CREATE TABLE `erp_ws_master_task_sub_category` (
  `id` int(11) NOT NULL,
  `task_category_id` int(11) NOT NULL,
  `subcategory_name` varchar(255) NOT NULL,
  `hourly_rate` decimal(15,2) NOT NULL,
  `isDefault` enum('Y','N') NOT NULL DEFAULT 'N',
  `is_active` enum('Y','N') NOT NULL DEFAULT 'Y',
  `created_by` int(11) NOT NULL,
  `created_date_time` datetime NOT NULL,
  `updated_by` int(11) NOT NULL,
  `updated_date_time` datetime NOT NULL
) ENGINE=MyISAM DEFAULT CHARSET=latin1 COLLATE=latin1_swedish_ci;

--
-- Dumping data for table `erp_ws_master_task_sub_category`
--

INSERT INTO `erp_ws_master_task_sub_category` (`id`, `task_category_id`, `subcategory_name`, `hourly_rate`, `isDefault`, `is_active`, `created_by`, `created_date_time`, `updated_by`, `updated_date_time`) VALUES
(1, 1, 'Analysis', 10.00, 'N', 'Y', 8, '2025-05-06 08:41:36', 8, '2025-05-26 10:13:02'),
(2, 1, 'AutoCAD', 20.00, 'Y', 'Y', 8, '2025-05-06 08:41:48', 8, '2025-05-26 10:13:09'),
(3, 1, 'Verification', 25.00, 'N', 'Y', 8, '2025-05-06 08:41:59', 0, '0000-00-00 00:00:00'),
(4, 3, 'Estimation', 20.00, 'N', 'Y', 8, '2025-05-06 08:42:21', 0, '0000-00-00 00:00:00'),
(5, 2, 'Inspection', 20.00, 'N', 'Y', 8, '2025-05-06 08:42:29', 0, '0000-00-00 00:00:00'),
(6, 6, 'Tools', 17.00, 'N', 'Y', 8, '2025-05-26 10:01:45', 8, '2025-05-26 10:03:04'),
(7, 6, 'Spinner', 10.00, 'N', 'Y', 8, '2025-05-26 10:03:54', 0, '0000-00-00 00:00:00');

-- --------------------------------------------------------

--
-- Table structure for table `erp_ws_project`
--

CREATE TABLE `erp_ws_project` (
  `id` int(11) NOT NULL,
  `job_id` int(11) NOT NULL,
  `project_name` varchar(500) NOT NULL,
  `location` varchar(500) NOT NULL,
  `project_date` date NOT NULL,
  `actual_end_date` date NOT NULL,
  `manager_name` varchar(50) NOT NULL,
  `customer_id` int(11) NOT NULL,
  `notes` text NOT NULL,
  `isActive` enum('Y','N') NOT NULL,
  `engineer_notes` text NOT NULL,
  `project_manager_notes` text NOT NULL,
  `project_type` int(11) NOT NULL,
  `admin_percentage` decimal(10,2) NOT NULL DEFAULT 10.00,
  `profit_percentage` decimal(10,2) NOT NULL,
  `status` enum('E','P','PJ','H','C','WP') NOT NULL DEFAULT 'E' COMMENT 'E-Enquiry,P-Proposal,PJ-Project,H-OnHold,C-Completed,WP - Work In Progress',
  `created_by` int(11) NOT NULL,
  `created_date_time` datetime NOT NULL,
  `updated_by` int(11) NOT NULL,
  `updated_date_time` datetime NOT NULL
) ENGINE=MyISAM DEFAULT CHARSET=latin1 COLLATE=latin1_swedish_ci ROW_FORMAT=DYNAMIC;

--
-- Dumping data for table `erp_ws_project`
--

INSERT INTO `erp_ws_project` (`id`, `job_id`, `project_name`, `location`, `project_date`, `actual_end_date`, `manager_name`, `customer_id`, `notes`, `isActive`, `engineer_notes`, `project_manager_notes`, `project_type`, `admin_percentage`, `profit_percentage`, `status`, `created_by`, `created_date_time`, `updated_by`, `updated_date_time`) VALUES
(10001, 0, 'A New Project', 'Abu Dhabi', '2025-05-06', '2025-12-31', '31', 1002, '', 'Y', '', '', 0, 10.00, 10.00, 'E', 8, '2025-05-06 08:37:48', 8, '2025-05-21 11:57:16'),
(10002, 0, 'RAM25-PRO0089', 'UAE', '2025-05-19', '0000-00-00', '5', 1043, '', 'Y', '', '', 0, 10.00, 0.00, 'WP', 8, '2025-05-19 03:06:38', 8, '2025-05-21 05:11:04'),
(10003, 0, 'Project for Abu Dhabi Aviation', 'Abu Dhabi', '2025-05-20', '2025-09-30', '3', 1002, 'SOme Notes can come here', 'Y', '', '', 0, 10.00, 30.00, 'E', 8, '2025-05-20 04:18:32', 8, '2025-05-21 05:07:11'),
(10004, 0, 'Project 2105-2025', 'Dubai', '2025-05-21', '2025-10-31', '16', 1019, 'Testing purpose', 'Y', '', '', 0, 10.00, 0.00, 'E', 1, '2025-05-21 01:55:41', 1, '2025-05-21 02:45:17'),
(10005, 0, 'Advanced', 'UAE', '2025-06-24', '0000-00-00', '', 1006, '', 'Y', '', '', 0, 10.00, 0.00, 'E', 8, '2025-06-24 17:39:00', 0, '0000-00-00 00:00:00'),
(10006, 0, 'Popular', 'UAE', '2025-06-24', '2025-06-24', '', 1009, '', 'Y', '', '', 0, 10.00, 0.00, 'E', 8, '2025-06-24 17:39:26', 0, '0000-00-00 00:00:00'),
(10007, 0, 'The June PRoject', 'Dubai', '2025-06-30', '2025-07-15', '1', 1010, '', 'Y', '', '', 0, 10.00, 0.00, 'WP', 8, '2025-06-30 09:08:52', 8, '2025-06-30 09:10:05');

-- --------------------------------------------------------

--
-- Table structure for table `erp_ws_project_activities`
--

CREATE TABLE `erp_ws_project_activities` (
  `id` int(11) NOT NULL,
  `project_id` int(11) NOT NULL,
  `phase_id` int(11) NOT NULL,
  `activities_details` text NOT NULL,
  `total_value` decimal(15,3) NOT NULL,
  `previous_work_progress` decimal(15,3) NOT NULL,
  `present_work_progress` decimal(15,3) NOT NULL,
  `reload_activity` enum('Y','N') NOT NULL DEFAULT 'N',
  `created_by` int(11) NOT NULL,
  `created_date_time` datetime NOT NULL,
  `updated_by` int(11) NOT NULL,
  `updated_date_time` datetime NOT NULL
) ENGINE=MyISAM DEFAULT CHARSET=latin1 COLLATE=latin1_swedish_ci;

-- --------------------------------------------------------

--
-- Table structure for table `erp_ws_project_activity_phase_details`
--

CREATE TABLE `erp_ws_project_activity_phase_details` (
  `id` int(11) NOT NULL,
  `project_id` int(11) NOT NULL,
  `phase_id` int(11) NOT NULL,
  `created_by` int(11) NOT NULL,
  `created_date_time` datetime NOT NULL,
  `updated_by` int(11) NOT NULL,
  `updated_date_time` datetime NOT NULL
) ENGINE=MyISAM DEFAULT CHARSET=latin1 COLLATE=latin1_swedish_ci;

--
-- Dumping data for table `erp_ws_project_activity_phase_details`
--

INSERT INTO `erp_ws_project_activity_phase_details` (`id`, `project_id`, `phase_id`, `created_by`, `created_date_time`, `updated_by`, `updated_date_time`) VALUES
(1, 10001, 0, 0, '0000-00-00 00:00:00', 0, '0000-00-00 00:00:00'),
(2, 10001, 0, 0, '0000-00-00 00:00:00', 0, '0000-00-00 00:00:00'),
(3, 10001, 0, 0, '0000-00-00 00:00:00', 0, '0000-00-00 00:00:00'),
(4, 10001, 0, 0, '0000-00-00 00:00:00', 0, '0000-00-00 00:00:00'),
(5, 10002, 0, 0, '0000-00-00 00:00:00', 0, '0000-00-00 00:00:00'),
(6, 10002, 0, 0, '0000-00-00 00:00:00', 0, '0000-00-00 00:00:00'),
(7, 10003, 0, 0, '0000-00-00 00:00:00', 0, '0000-00-00 00:00:00'),
(8, 10003, 0, 0, '0000-00-00 00:00:00', 0, '0000-00-00 00:00:00'),
(9, 10003, 0, 0, '0000-00-00 00:00:00', 0, '0000-00-00 00:00:00'),
(10, 10003, 0, 0, '0000-00-00 00:00:00', 0, '0000-00-00 00:00:00'),
(11, 10003, 0, 0, '0000-00-00 00:00:00', 0, '0000-00-00 00:00:00'),
(12, 10003, 0, 0, '0000-00-00 00:00:00', 0, '0000-00-00 00:00:00'),
(13, 10003, 0, 0, '0000-00-00 00:00:00', 0, '0000-00-00 00:00:00'),
(14, 10003, 0, 0, '0000-00-00 00:00:00', 0, '0000-00-00 00:00:00'),
(15, 10003, 0, 0, '0000-00-00 00:00:00', 0, '0000-00-00 00:00:00'),
(16, 10001, 0, 0, '0000-00-00 00:00:00', 0, '0000-00-00 00:00:00'),
(17, 10001, 0, 0, '0000-00-00 00:00:00', 0, '0000-00-00 00:00:00'),
(18, 10001, 0, 0, '0000-00-00 00:00:00', 0, '0000-00-00 00:00:00'),
(19, 10003, 0, 0, '0000-00-00 00:00:00', 0, '0000-00-00 00:00:00'),
(20, 10003, 0, 0, '0000-00-00 00:00:00', 0, '0000-00-00 00:00:00'),
(21, 10004, 0, 0, '0000-00-00 00:00:00', 0, '0000-00-00 00:00:00'),
(22, 10004, 0, 0, '0000-00-00 00:00:00', 0, '0000-00-00 00:00:00'),
(23, 10004, 0, 0, '0000-00-00 00:00:00', 0, '0000-00-00 00:00:00'),
(24, 10004, 0, 0, '0000-00-00 00:00:00', 0, '0000-00-00 00:00:00'),
(25, 10004, 0, 0, '0000-00-00 00:00:00', 0, '0000-00-00 00:00:00'),
(26, 10004, 0, 0, '0000-00-00 00:00:00', 0, '0000-00-00 00:00:00'),
(27, 10004, 0, 0, '0000-00-00 00:00:00', 0, '0000-00-00 00:00:00'),
(28, 10003, 0, 0, '0000-00-00 00:00:00', 0, '0000-00-00 00:00:00'),
(29, 10004, 0, 0, '0000-00-00 00:00:00', 0, '0000-00-00 00:00:00'),
(30, 10003, 0, 0, '0000-00-00 00:00:00', 0, '0000-00-00 00:00:00'),
(31, 10003, 0, 0, '0000-00-00 00:00:00', 0, '0000-00-00 00:00:00'),
(32, 10003, 0, 0, '0000-00-00 00:00:00', 0, '0000-00-00 00:00:00'),
(33, 10002, 0, 0, '0000-00-00 00:00:00', 0, '0000-00-00 00:00:00'),
(34, 10002, 0, 0, '0000-00-00 00:00:00', 0, '0000-00-00 00:00:00'),
(35, 10007, 0, 0, '0000-00-00 00:00:00', 0, '0000-00-00 00:00:00'),
(36, 10007, 0, 0, '0000-00-00 00:00:00', 0, '0000-00-00 00:00:00');

-- --------------------------------------------------------

--
-- Table structure for table `erp_ws_project_dailyschedule`
--

CREATE TABLE `erp_ws_project_dailyschedule` (
  `id` int(11) NOT NULL,
  `project_id` int(11) NOT NULL,
  `schedule_date` date NOT NULL,
  `schedule_description` text NOT NULL,
  `created_by` int(11) NOT NULL,
  `created_date_time` datetime NOT NULL,
  `updated_by` int(11) NOT NULL,
  `updated_date_time` datetime NOT NULL
) ENGINE=MyISAM DEFAULT CHARSET=latin1 COLLATE=latin1_swedish_ci;

--
-- Dumping data for table `erp_ws_project_dailyschedule`
--

INSERT INTO `erp_ws_project_dailyschedule` (`id`, `project_id`, `schedule_date`, `schedule_description`, `created_by`, `created_date_time`, `updated_by`, `updated_date_time`) VALUES
(1, 10001, '2025-05-05', 'Test 1', 8, '2025-05-06 08:43:35', 8, '2025-05-21 11:57:16'),
(2, 10001, '2025-05-06', 'Test 2', 1, '2025-05-06 11:20:51', 8, '2025-05-21 11:57:16'),
(3, 10002, '2025-05-19', '', 8, '2025-05-19 15:23:27', 8, '2025-05-21 17:11:04'),
(4, 10003, '2025-05-20', 'Some Task has to be done today', 8, '2025-05-20 16:19:53', 8, '2025-05-21 17:07:11'),
(5, 10003, '2025-05-19', 'CLear Project Scope', 8, '2025-05-20 16:26:21', 8, '2025-05-21 17:07:11'),
(6, 10003, '2025-05-21', 'Test', 8, '2025-05-21 10:23:48', 8, '2025-05-21 17:07:11'),
(7, 10004, '2025-05-21', '', 1, '2025-05-21 14:08:20', 1, '2025-05-21 14:45:17'),
(8, 10007, '2025-06-30', '', 8, '2025-06-30 09:09:20', 8, '2025-06-30 09:10:05');

-- --------------------------------------------------------

--
-- Table structure for table `erp_ws_project_equipments`
--

CREATE TABLE `erp_ws_project_equipments` (
  `id` int(11) NOT NULL,
  `project_id` int(11) NOT NULL,
  `stock_item_id` int(11) NOT NULL COMMENT '(item:the product to be purchased,foreign key reference to inventory item table)',
  `stock_item_name` varchar(255) NOT NULL,
  `stock_item_description` varchar(255) NOT NULL,
  `stock_item_unit` varchar(255) NOT NULL,
  `stock_item_quantity` decimal(15,3) NOT NULL,
  `stock_item_rate` decimal(15,3) NOT NULL,
  `amount` decimal(15,3) NOT NULL,
  `from_date` date NOT NULL,
  `to_date` date NOT NULL,
  `created_by` int(11) NOT NULL,
  `updated_by` int(11) NOT NULL,
  `created_date_time` datetime NOT NULL,
  `updated_date_time` datetime NOT NULL
) ENGINE=InnoDB DEFAULT CHARSET=latin1 COLLATE=latin1_swedish_ci;

--
-- Dumping data for table `erp_ws_project_equipments`
--

INSERT INTO `erp_ws_project_equipments` (`id`, `project_id`, `stock_item_id`, `stock_item_name`, `stock_item_description`, `stock_item_unit`, `stock_item_quantity`, `stock_item_rate`, `amount`, `from_date`, `to_date`, `created_by`, `updated_by`, `created_date_time`, `updated_date_time`) VALUES
(1, 10001, 0, '', '', '', 0.000, 0.000, 0.000, '2025-05-06', '2025-05-06', 8, 8, '2025-05-06 08:43:35', '2025-05-21 11:57:16'),
(2, 10002, 0, '', '', '', 0.000, 0.000, 0.000, '2025-05-19', '2025-05-19', 8, 8, '2025-05-19 15:23:27', '2025-05-21 17:11:04'),
(3, 10003, 0, '', '', '', 0.000, 0.000, 0.000, '2025-05-20', '2025-05-20', 8, 8, '2025-05-20 16:19:53', '2025-05-21 17:07:11'),
(4, 10004, 0, '', '', '', 0.000, 0.000, 0.000, '2025-05-21', '2025-05-21', 1, 1, '2025-05-21 14:08:20', '2025-05-21 14:45:17'),
(5, 10007, 0, '', '', '', 0.000, 0.000, 0.000, '2025-06-30', '2025-06-30', 8, 8, '2025-06-30 09:09:20', '2025-06-30 09:10:05');

-- --------------------------------------------------------

--
-- Table structure for table `erp_ws_project_estimation_details`
--

CREATE TABLE `erp_ws_project_estimation_details` (
  `id` int(11) NOT NULL,
  `project_id` int(11) NOT NULL,
  `product_id` int(11) NOT NULL,
  `phase_id` int(11) NOT NULL,
  `category_id` int(11) NOT NULL,
  `description` varchar(255) NOT NULL,
  `size` varchar(255) NOT NULL,
  `brand` int(11) NOT NULL,
  `quantity` int(11) NOT NULL,
  `unit` int(11) NOT NULL,
  `material_price` decimal(15,2) NOT NULL,
  `unit_price` decimal(15,2) NOT NULL,
  `total_material_cost` decimal(15,2) NOT NULL,
  `markup_price` int(11) NOT NULL,
  `labour_cost` decimal(15,2) NOT NULL,
  `total_sale_value` decimal(15,2) NOT NULL,
  `created_by` int(11) NOT NULL,
  `created_date_time` datetime NOT NULL,
  `updated_by` int(11) NOT NULL,
  `updated_date_time` datetime NOT NULL
) ENGINE=MyISAM DEFAULT CHARSET=latin1 COLLATE=latin1_swedish_ci;

--
-- Dumping data for table `erp_ws_project_estimation_details`
--

INSERT INTO `erp_ws_project_estimation_details` (`id`, `project_id`, `product_id`, `phase_id`, `category_id`, `description`, `size`, `brand`, `quantity`, `unit`, `material_price`, `unit_price`, `total_material_cost`, `markup_price`, `labour_cost`, `total_sale_value`, `created_by`, `created_date_time`, `updated_by`, `updated_date_time`) VALUES
(1, 10001, 154, 1, 4, 'Steel Recessed Castor with 64mm / 2.52 Diameter Black Wheel', '', 21, 0, 2, 0.00, 18.69, 93.45, 0, 0.00, 0.00, 8, '2025-05-06 08:54:22', 1, '2025-09-29 09:51:29'),
(2, 10001, 156, 1, 4, 'Die-Cast Corner Castor with Heavy Duty 75mm / 3 Diameter Wheel - Recommended Load Capacity per Wheel: 150kg/330.69lb', '', 21, 0, 2, 0.00, 17.98, 107.88, 0, 0.00, 0.00, 8, '2025-05-06 08:54:22', 1, '2025-09-29 09:51:29'),
(3, 10001, 185, 1, 4, 'Castor 4- Fixed', '', 21, 0, 2, 0.00, 20.94, 188.46, 0, 0.00, 0.00, 8, '2025-05-06 08:54:22', 1, '2025-09-29 09:51:29'),
(4, 10001, 20, 1, 2, '6 Hole Brace', '', 21, 0, 2, 0.00, 0.92, 3.68, 0, 0.00, 0.00, 8, '2025-05-06 09:41:36', 1, '2025-09-29 09:51:29'),
(5, 10001, 22, 1, 2, '3-Way Divider Brace for 9.2mm / 3/8 panels', '', 21, 0, 2, 0.00, 0.89, 1.78, 0, 0.00, 0.00, 8, '2025-05-06 09:41:36', 1, '2025-09-29 09:51:05'),
(6, 10001, 212, 1, 2, '4 Hole Brace - Rounded', '', 21, 0, 2, 0.00, 0.35, 0.35, 0, 0.00, 0.00, 8, '2025-05-06 09:41:36', 1, '2025-09-29 09:51:05'),
(7, 10001, 10, 1, 27, 'TCT Fine Finishing Saw Blade', '1', 7, 0, 2, 0.00, 0.00, 0.00, 0, 0.00, 0.00, 8, '2025-05-06 09:55:05', 1, '2025-09-29 09:51:16'),
(8, 10001, 153, 1, 6, 'Recess Castor Dish - Square', '', 21, 0, 2, 0.00, 3.04, 15.20, 0, 0.00, 0.00, 8, '2025-05-06 10:25:29', 1, '2025-09-29 09:51:29'),
(9, 10002, 18, 2, 2, '4 Hole Brace', '', 21, 0, 2, 0.00, 0.48, 3.84, 0, 0.00, 3.84, 8, '2025-05-19 03:23:27', 1, '2025-06-30 10:52:57'),
(10, 10002, 183, 2, 4, 'Castor 4- Braked', '', 21, 0, 2, 0.00, 26.87, 107.48, 0, 0.00, 107.48, 8, '2025-05-19 03:24:05', 1, '2025-06-30 10:52:57'),
(11, 10002, 184, 2, 4, 'Castor 4- Swiveled', '', 21, 0, 2, 0.00, 22.91, 91.64, 0, 0.00, 91.64, 8, '2025-05-19 03:24:05', 1, '2025-06-30 10:52:57'),
(12, 10003, 114, 4, 21, '1U Rack Drawer with 2 Slam Locks', '', 21, 0, 2, 0.00, 86.92, 434.60, 0, 0.00, 0.00, 8, '2025-05-20 04:19:53', 1, '2025-06-11 13:54:56'),
(13, 10003, 130, 4, 21, '2U Black 1.5mm Thick Rack Panel', '', 21, 0, 2, 0.00, 12.30, 36.90, 0, 0.00, 0.00, 8, '2025-05-20 04:19:53', 1, '2025-06-30 10:53:38'),
(14, 10003, 194, 4, 21, 'Rack Tilt Frame', '', 21, 0, 2, 0.00, 63.75, 127.50, 0, 0.00, 0.00, 8, '2025-05-20 04:19:53', 1, '2025-06-30 10:53:38'),
(15, 10003, 136, 4, 26, 'Folding Table Legs', '', 21, 0, 2, 0.00, 244.17, 976.68, 0, 0.00, 0.00, 8, '2025-05-20 04:20:08', 1, '2025-06-30 10:53:38'),
(16, 10003, 664, 4, 28, 'Dummy Item', '', 25, 0, 2, 0.00, 7.00, 28.00, 5, 50.00, 81.90, 8, '2025-05-20 04:22:50', 1, '2025-06-30 10:53:38'),
(21, 10003, 665, 4, 28, 'Service Item', '1', 25, 0, 2, 0.00, 0.00, 0.00, 0, 0.00, 0.00, 8, '2025-05-21 11:42:12', 1, '2025-06-30 10:53:38'),
(22, 10001, 60, 1, 1, 'G1570 Fan Grill/Guard', '1', 21, 0, 2, 0.00, 11.00, 55.00, 0, 0.00, 0.00, 8, '2025-05-21 11:56:57', 1, '2025-09-29 09:51:29'),
(23, 10004, 60, 5, 1, 'G1570 Fan Grill/Guard', '', 21, 5, 2, 0.00, 11.00, 55.00, 0, 0.00, 55.00, 1, '2025-05-21 14:08:20', 1, '2025-05-21 14:45:17'),
(24, 10004, 102, 5, 1, 'Cooling Fan 210/240v 50/60Hz 14.5/12.5W 2200/2400 RPM Impedance Protected', '', 21, 1, 2, 0.00, 0.00, 0.00, 0, 0.00, 0.00, 1, '2025-05-21 14:08:20', 1, '2025-05-21 14:45:17'),
(25, 10004, 152, 5, 1, 'Screen Lift', '', 21, 1, 2, 0.00, 0.00, 0.00, 0, 0.00, 0.00, 1, '2025-05-21 14:08:20', 1, '2025-05-21 14:45:17'),
(26, 10004, 221, 5, 1, 'Wrench Actuation Tool', '', 21, 1, 2, 0.00, 0.00, 0.00, 0, 0.00, 0.00, 1, '2025-05-21 14:08:20', 1, '2025-05-21 14:45:17'),
(27, 10004, 313, 5, 1, 'TSA Combination Padlock', '', 28, 10, 2, 0.00, 33.71, 337.10, 2, 200.00, 547.84, 1, '2025-05-21 14:08:20', 1, '2025-05-21 14:45:17'),
(28, 10004, 607, 5, 1, 'TSA 3 Locking Latch Kit', '', 28, 1, 2, 0.00, 59.60, 59.60, 0, 0.00, 59.60, 1, '2025-05-21 14:08:20', 1, '2025-05-21 14:45:17'),
(29, 10004, 650, 5, 1, 'MANUAL RELEASE VALVE', '', 28, 1, 2, 0.00, 18.77, 18.77, 0, 0.00, 18.77, 1, '2025-05-21 14:08:20', 1, '2025-05-21 14:45:17'),
(30, 10004, 663, 5, 1, 'Shipping Charges', '', 25, 1, 2, 0.00, 0.00, 0.00, 0, 0.00, 0.00, 1, '2025-05-21 14:08:20', 1, '2025-05-21 14:45:17'),
(31, 10004, 666, 5, 1, 'Duty Charges', '', 20, 1, 2, 0.00, 0.00, 0.00, 0, 0.00, 0.00, 1, '2025-05-21 14:08:20', 1, '2025-05-21 14:45:17'),
(32, 10004, 667, 5, 1, 'Shipping Charges', '', 20, 1, 2, 0.00, 0.00, 0.00, 0, 0.00, 0.00, 1, '2025-05-21 14:08:20', 1, '2025-05-21 14:45:17'),
(33, 10007, 60, 6, 1, 'G1570 Fan Grill/Guard', '', 21, 1, 2, 0.00, 11.00, 11.00, 0, 0.00, 11.00, 8, '2025-06-30 09:09:20', 1, '2025-06-30 10:58:11'),
(34, 10007, 313, 6, 1, 'TSA Combination Padlock', '', 28, 1, 2, 0.00, 33.71, 33.71, 0, 0.00, 33.71, 8, '2025-06-30 09:09:20', 1, '2025-06-30 10:58:11'),
(35, 10007, 667, 6, 1, 'Shipping Charges', '', 20, 3, 2, 0.00, 25.00, 125.00, 0, 0.00, 125.00, 8, '2025-06-30 09:09:20', 1, '2025-06-30 10:59:24'),
(36, 10007, 36, 6, 5, 'Brace Ball Corner 81mm / 3.19', '', 21, 0, 2, 0.00, 12.00, 24.00, 0, 0.00, 24.00, 8, '2025-06-30 09:09:37', 1, '2025-06-30 10:59:24'),
(37, 10007, 38, 6, 5, 'Medium Flat Corners- Female Stacking', '', 21, 2, 2, 0.00, 1.71, 3.42, 0, 0.00, 3.42, 8, '2025-06-30 09:09:37', 1, '2025-06-30 10:58:11');

-- --------------------------------------------------------

--
-- Table structure for table `erp_ws_project_expense`
--

CREATE TABLE `erp_ws_project_expense` (
  `id` int(11) NOT NULL,
  `project_id` int(11) NOT NULL,
  `expense_date` date NOT NULL,
  `expense_details` text NOT NULL,
  `amount` decimal(15,3) NOT NULL,
  `created_by` int(11) NOT NULL,
  `created_date_time` datetime NOT NULL,
  `updated_by` int(11) NOT NULL,
  `updated_date_time` datetime NOT NULL
) ENGINE=MyISAM DEFAULT CHARSET=latin1 COLLATE=latin1_swedish_ci;

--
-- Dumping data for table `erp_ws_project_expense`
--

INSERT INTO `erp_ws_project_expense` (`id`, `project_id`, `expense_date`, `expense_details`, `amount`, `created_by`, `created_date_time`, `updated_by`, `updated_date_time`) VALUES
(1, 10001, '2025-05-05', 'Fork Lift Charges', 125.000, 8, '2025-05-06 08:43:35', 8, '2025-05-21 11:57:16'),
(2, 10001, '2025-05-05', 'Food for Staff', 75.000, 1, '2025-05-06 11:21:34', 8, '2025-05-21 11:57:16'),
(3, 10002, '2025-05-19', '', 0.000, 8, '2025-05-19 15:23:27', 8, '2025-05-21 17:11:04'),
(4, 10003, '2025-05-20', 'Fork Lift Expenses', 250.000, 8, '2025-05-20 16:19:53', 8, '2025-05-21 17:07:11'),
(5, 10003, '2025-05-20', 'Other Sdditional Expenses', 150.000, 8, '2025-05-20 16:37:08', 8, '2025-05-21 17:07:11'),
(6, 10004, '2025-05-21', '', 0.000, 1, '2025-05-21 14:08:20', 1, '2025-05-21 14:45:17'),
(7, 10007, '2025-06-30', '', 0.000, 8, '2025-06-30 09:09:20', 8, '2025-06-30 09:10:05');

-- --------------------------------------------------------

--
-- Table structure for table `erp_ws_project_induction`
--

CREATE TABLE `erp_ws_project_induction` (
  `id` int(11) NOT NULL,
  `project_id` int(11) NOT NULL,
  `employee_id` int(11) NOT NULL,
  `labour_category_id` int(11) NOT NULL,
  `category` int(11) NOT NULL,
  `trade_id` int(11) NOT NULL,
  `type` enum('O','E') NOT NULL,
  `created_by` int(11) NOT NULL,
  `created_date_time` datetime NOT NULL,
  `updated_by` int(11) NOT NULL,
  `updated_date_time` datetime NOT NULL
) ENGINE=MyISAM DEFAULT CHARSET=latin1 COLLATE=latin1_swedish_ci;

--
-- Dumping data for table `erp_ws_project_induction`
--

INSERT INTO `erp_ws_project_induction` (`id`, `project_id`, `employee_id`, `labour_category_id`, `category`, `trade_id`, `type`, `created_by`, `created_date_time`, `updated_by`, `updated_date_time`) VALUES
(1, 10001, 25, 0, 0, 0, 'O', 8, '2025-05-06 08:44:36', 8, '2025-05-21 11:57:16'),
(2, 10001, 15, 0, 0, 0, 'O', 8, '2025-05-06 08:44:36', 8, '2025-05-21 11:57:16'),
(3, 10001, 39, 0, 0, 0, 'O', 8, '2025-05-06 08:44:36', 8, '2025-05-21 11:57:16'),
(4, 10001, 32, 0, 0, 0, 'O', 8, '2025-05-06 08:44:36', 8, '2025-05-21 11:57:16'),
(5, 10003, 8, 0, 0, 0, 'O', 8, '2025-05-20 16:25:35', 8, '2025-05-21 17:07:11'),
(6, 10003, 16, 0, 0, 0, 'O', 8, '2025-05-20 16:25:35', 8, '2025-05-21 17:07:11'),
(7, 10003, 5, 0, 0, 0, 'O', 8, '2025-05-20 16:25:35', 8, '2025-05-21 17:07:11');

-- --------------------------------------------------------

--
-- Table structure for table `erp_ws_project_job_sheet`
--

CREATE TABLE `erp_ws_project_job_sheet` (
  `id` int(11) NOT NULL,
  `project_id` int(11) NOT NULL,
  `job_id` int(11) NOT NULL,
  `customer_id` int(11) NOT NULL,
  `task_category_id` int(11) NOT NULL,
  `task_subcategory_id` int(11) NOT NULL,
  `project_date` date NOT NULL,
  `job_date` date NOT NULL,
  `is_assigned` enum('Y','N') NOT NULL DEFAULT 'N',
  `assigned_person_id` int(11) NOT NULL,
  `status` varchar(5) NOT NULL,
  `created_by` int(11) NOT NULL,
  `created_date_time` datetime NOT NULL,
  `updated_by` int(11) NOT NULL,
  `updated_date_time` datetime NOT NULL
) ENGINE=InnoDB DEFAULT CHARSET=latin1 COLLATE=latin1_swedish_ci;

-- --------------------------------------------------------

--
-- Table structure for table `erp_ws_project_labour_time`
--

CREATE TABLE `erp_ws_project_labour_time` (
  `id` int(11) NOT NULL,
  `project_id` int(11) NOT NULL,
  `phase_id` int(11) NOT NULL,
  `total_years` int(11) NOT NULL,
  `total_months` int(11) NOT NULL,
  `total_days` int(11) NOT NULL,
  `total_hours` int(11) NOT NULL,
  `total_converted_hrs` int(11) NOT NULL,
  `created_by` int(11) NOT NULL,
  `created_date_time` date NOT NULL,
  `updated_by` int(11) NOT NULL,
  `updated_date_time` date NOT NULL
) ENGINE=MyISAM DEFAULT CHARSET=latin1 COLLATE=latin1_swedish_ci;

--
-- Dumping data for table `erp_ws_project_labour_time`
--

INSERT INTO `erp_ws_project_labour_time` (`id`, `project_id`, `phase_id`, `total_years`, `total_months`, `total_days`, `total_hours`, `total_converted_hrs`, `created_by`, `created_date_time`, `updated_by`, `updated_date_time`) VALUES
(1, 10001, 1, 0, 0, 5, 0, 40, 8, '2025-05-06', 8, '2025-05-21'),
(2, 10002, 2, 0, 0, 0, 0, 0, 8, '2025-05-19', 8, '2025-05-21'),
(3, 10002, 3, 0, 0, 0, 0, 0, 8, '2025-05-19', 8, '2025-05-21'),
(4, 10003, 4, 0, 0, 12, 0, 96, 8, '2025-05-20', 8, '2025-05-21'),
(5, 10004, 5, 0, 0, 0, 0, 0, 1, '2025-05-21', 1, '2025-05-21'),
(6, 10007, 6, 0, 2, 0, 0, 416, 8, '2025-06-30', 8, '2025-06-30');

-- --------------------------------------------------------

--
-- Table structure for table `erp_ws_project_memos`
--

CREATE TABLE `erp_ws_project_memos` (
  `id` int(11) NOT NULL,
  `project_id` int(11) NOT NULL,
  `employee_id` int(11) NOT NULL,
  `memo_category_id` int(11) NOT NULL,
  `memo_date` date NOT NULL,
  `document_file` text NOT NULL,
  `created_by` int(11) NOT NULL,
  `updated_by` int(11) NOT NULL,
  `created_date_time` datetime NOT NULL,
  `updated_date_time` datetime NOT NULL
) ENGINE=InnoDB DEFAULT CHARSET=latin1 COLLATE=latin1_swedish_ci;

-- --------------------------------------------------------

--
-- Table structure for table `erp_ws_project_phase`
--

CREATE TABLE `erp_ws_project_phase` (
  `id` int(11) NOT NULL,
  `project_id` varchar(255) NOT NULL,
  `phase_name` varchar(255) NOT NULL,
  `reference` varchar(200) NOT NULL,
  `client_reference` varchar(200) NOT NULL,
  `notes` text NOT NULL,
  `added_date` date NOT NULL
) ENGINE=MyISAM DEFAULT CHARSET=latin1 COLLATE=latin1_swedish_ci;

--
-- Dumping data for table `erp_ws_project_phase`
--

INSERT INTO `erp_ws_project_phase` (`id`, `project_id`, `phase_name`, `reference`, `client_reference`, `notes`, `added_date`) VALUES
(1, '10001', 'Phase 1', '', '', '', '0000-00-00'),
(2, '10002', 'COSTING', '', '', '', '0000-00-00'),
(3, '10002', 'PRODUCTION', '', '', '', '0000-00-00'),
(4, '10003', 'Phase 1', '', '', '', '0000-00-00'),
(5, '10004', 'Phase 1', '', '', '', '0000-00-00'),
(6, '10007', 'Phase 1', '', '', '', '0000-00-00');

-- --------------------------------------------------------

--
-- Table structure for table `erp_ws_project_phase_cost_details`
--

CREATE TABLE `erp_ws_project_phase_cost_details` (
  `id` int(11) NOT NULL,
  `project_id` int(11) NOT NULL,
  `phase_id` int(11) NOT NULL,
  `category_id` int(11) NOT NULL,
  `material_cost_amount` decimal(15,2) NOT NULL,
  `labour_cost_amount` decimal(15,2) NOT NULL,
  `total_amount` decimal(15,2) NOT NULL,
  `admin_amount` decimal(15,2) NOT NULL,
  `profit_amount` decimal(15,2) NOT NULL,
  `net_amount` decimal(15,2) NOT NULL,
  `created_by` int(11) NOT NULL,
  `created_date_time` datetime NOT NULL,
  `updated_by` int(11) NOT NULL,
  `updated_date_time` datetime NOT NULL
) ENGINE=MyISAM DEFAULT CHARSET=latin1 COLLATE=latin1_swedish_ci;

-- --------------------------------------------------------

--
-- Table structure for table `erp_ws_project_phase_details`
--

CREATE TABLE `erp_ws_project_phase_details` (
  `id` int(11) NOT NULL,
  `project_id` int(11) NOT NULL,
  `phase_id` int(11) NOT NULL,
  `category_id` int(11) NOT NULL,
  `created_by` int(11) NOT NULL,
  `created_date_time` datetime NOT NULL,
  `updated_by` int(11) NOT NULL,
  `updated_date_time` datetime NOT NULL
) ENGINE=MyISAM DEFAULT CHARSET=latin1 COLLATE=latin1_swedish_ci;

-- --------------------------------------------------------

--
-- Table structure for table `erp_ws_project_rework`
--

CREATE TABLE `erp_ws_project_rework` (
  `id` int(11) NOT NULL,
  `project_id` int(11) NOT NULL,
  `rework_date` date NOT NULL,
  `rework_description` text NOT NULL,
  `employee_id` int(11) NOT NULL,
  `qty` decimal(15,3) NOT NULL,
  `cost` decimal(15,3) NOT NULL,
  `selling_price` decimal(15,3) NOT NULL,
  `cost_amt` decimal(15,3) NOT NULL,
  `total_amt` decimal(15,3) NOT NULL,
  `created_by` int(11) NOT NULL,
  `created_date_time` datetime NOT NULL,
  `updated_by` int(11) NOT NULL,
  `updated_date_time` datetime NOT NULL
) ENGINE=MyISAM DEFAULT CHARSET=latin1 COLLATE=latin1_swedish_ci;

-- --------------------------------------------------------

--
-- Table structure for table `erp_ws_project_task_breakup`
--

CREATE TABLE `erp_ws_project_task_breakup` (
  `id` int(11) NOT NULL,
  `project_id` int(11) NOT NULL,
  `task_category_id` int(11) NOT NULL,
  `task_subcategory_id` int(11) NOT NULL,
  `task_start_date` date NOT NULL,
  `task_end_date` date NOT NULL,
  `assigned_person` int(11) NOT NULL,
  `task_cost` decimal(15,2) NOT NULL,
  `percent_of_completion` decimal(3,2) NOT NULL,
  `budget_task_hours` varchar(255) NOT NULL,
  `task_actual_hours` varchar(255) NOT NULL,
  `variance` int(11) NOT NULL,
  `variance_notes` text NOT NULL,
  `proj_status` enum('S','A','C') NOT NULL,
  `created_by` int(11) NOT NULL,
  `created_date_time` datetime NOT NULL,
  `updated_by` int(11) NOT NULL,
  `updated_date_time` datetime NOT NULL
) ENGINE=InnoDB DEFAULT CHARSET=latin1 COLLATE=latin1_swedish_ci;

--
-- Dumping data for table `erp_ws_project_task_breakup`
--

INSERT INTO `erp_ws_project_task_breakup` (`id`, `project_id`, `task_category_id`, `task_subcategory_id`, `task_start_date`, `task_end_date`, `assigned_person`, `task_cost`, `percent_of_completion`, `budget_task_hours`, `task_actual_hours`, `variance`, `variance_notes`, `proj_status`, `created_by`, `created_date_time`, `updated_by`, `updated_date_time`) VALUES
(1, 10001, 1, 1, '2025-05-06', '2025-05-06', 31, 0.00, 0.00, '10', '', 0, 'Test', 'S', 8, '2025-05-06 11:22:11', 8, '2025-05-21 11:57:16'),
(2, 10001, 3, 4, '0000-00-00', '0000-00-00', 28, 0.00, 0.00, '20', '', 0, '', 'S', 8, '2025-05-06 11:23:16', 8, '2025-05-21 11:57:16'),
(6, 10002, 1, 2, '2025-05-19', '2025-05-22', 17, 0.00, 0.00, '5', '', 0, '', 'S', 8, '2025-05-19 15:24:42', 8, '2025-05-21 17:11:04'),
(7, 10003, 2, 5, '0000-00-00', '0000-00-00', 16, 0.00, 0.00, '5', '', 0, '', 'S', 8, '2025-05-20 16:24:44', 8, '2025-05-21 17:07:11'),
(8, 10003, 1, 1, '0000-00-00', '0000-00-00', 30, 0.00, 0.00, '7', '', 0, '', 'S', 8, '2025-05-20 16:24:44', 8, '2025-05-21 17:07:11'),
(9, 10007, 6, 6, '0000-00-00', '0000-00-00', 1, 0.00, 0.00, '5', '', 0, '', 'S', 8, '2025-06-30 09:09:55', 8, '2025-06-30 09:10:05');

-- --------------------------------------------------------

--
-- Table structure for table `erp_ws_project_time_sheet`
--

CREATE TABLE `erp_ws_project_time_sheet` (
  `id` int(11) NOT NULL,
  `project_id` int(11) NOT NULL,
  `proj_det_id` int(11) NOT NULL,
  `task_category_id` int(11) NOT NULL,
  `task_subcategory_id` int(11) DEFAULT NULL,
  `project_date` date NOT NULL,
  `task_start_date_time` datetime NOT NULL,
  `task_end_date_time` datetime NOT NULL,
  `assigned_person_id` int(11) NOT NULL,
  `project_task_hours` varchar(100) NOT NULL,
  `time_sheet_notes` text NOT NULL,
  `created_by` int(11) NOT NULL,
  `created_date_time` datetime NOT NULL,
  `updated_by` int(11) NOT NULL,
  `updated_date_time` datetime NOT NULL
) ENGINE=InnoDB DEFAULT CHARSET=latin1 COLLATE=latin1_swedish_ci;

-- --------------------------------------------------------

--
-- Table structure for table `erp_ws_project_work_time`
--

CREATE TABLE `erp_ws_project_work_time` (
  `id` int(11) NOT NULL,
  `project_id` int(11) NOT NULL,
  `task_id` int(11) NOT NULL COMMENT 'From ws_project_task_breakup ',
  `sub_task_id` int(11) NOT NULL,
  `work_location` enum('S','F') NOT NULL DEFAULT 'S' COMMENT 'S-Site,F-Factory',
  `employee_id` int(11) NOT NULL,
  `work_date` date NOT NULL,
  `start_time` time NOT NULL,
  `end_time` time NOT NULL,
  `total_time` time NOT NULL,
  `worked_hrs` time NOT NULL,
  `project_1_hours` time NOT NULL,
  `project_2_id` int(11) NOT NULL,
  `project_2_hours` time NOT NULL,
  `project_3_id` int(11) NOT NULL,
  `project_3_hours` time NOT NULL,
  `project_4_id` int(11) NOT NULL,
  `project_4_hours` time NOT NULL,
  `project_5_id` int(11) NOT NULL,
  `project_5_hours` time NOT NULL,
  `travel_hrs` time NOT NULL,
  `idle_hrs` time NOT NULL,
  `overtime_hrs` time NOT NULL,
  `overtime_type` enum('B','H','W','N') NOT NULL COMMENT 'B-Normal,H-Holiday,W-Weekend,N-Night SHift',
  `employee_type` enum('C','E') NOT NULL DEFAULT 'C' COMMENT 'C-Company Employees,E-External Labour',
  `task_type` enum('A','O') NOT NULL DEFAULT 'O' COMMENT 'A-Admin Task,O-Company/External Staff Task',
  `created_by` int(11) NOT NULL,
  `created_date_time` datetime NOT NULL,
  `updated_by` int(11) NOT NULL,
  `updated_date_time` datetime NOT NULL
) ENGINE=MyISAM DEFAULT CHARSET=latin1 COLLATE=latin1_swedish_ci;

--
-- Dumping data for table `erp_ws_project_work_time`
--

INSERT INTO `erp_ws_project_work_time` (`id`, `project_id`, `task_id`, `sub_task_id`, `work_location`, `employee_id`, `work_date`, `start_time`, `end_time`, `total_time`, `worked_hrs`, `project_1_hours`, `project_2_id`, `project_2_hours`, `project_3_id`, `project_3_hours`, `project_4_id`, `project_4_hours`, `project_5_id`, `project_5_hours`, `travel_hrs`, `idle_hrs`, `overtime_hrs`, `overtime_type`, `employee_type`, `task_type`, `created_by`, `created_date_time`, `updated_by`, `updated_date_time`) VALUES
(1, 10001, 0, 0, 'S', 25, '2025-05-05', '08:00:00', '16:30:00', '08:30:00', '07:00:00', '00:00:00', 0, '00:00:00', 0, '00:00:00', 0, '00:00:00', 0, '00:00:00', '00:00:00', '00:00:00', '00:00:00', 'B', 'C', 'O', 8, '2025-05-06 12:16:31', 8, '2025-05-06 12:19:25'),
(2, 10001, 0, 0, 'S', 16, '2025-05-05', '08:00:00', '16:30:00', '08:30:00', '07:00:00', '00:00:00', 0, '00:00:00', 0, '00:00:00', 0, '00:00:00', 0, '00:00:00', '00:00:00', '00:00:00', '00:00:00', 'B', 'C', 'O', 8, '2025-05-06 12:16:31', 8, '2025-05-06 12:19:25'),
(3, 10001, 0, 0, 'S', 30, '2025-05-05', '08:00:00', '16:30:00', '08:30:00', '07:00:00', '00:00:00', 0, '00:00:00', 0, '00:00:00', 0, '00:00:00', 0, '00:00:00', '00:00:00', '00:00:00', '00:00:00', 'B', 'C', 'O', 8, '2025-05-06 12:16:31', 8, '2025-05-06 12:19:25'),
(4, 10001, 3, 4, 'S', 11, '2025-05-05', '00:00:00', '00:00:00', '00:00:00', '05:00:00', '00:00:00', 0, '00:00:00', 0, '00:00:00', 0, '00:00:00', 0, '00:00:00', '00:00:00', '00:00:00', '00:00:00', 'B', 'C', 'A', 8, '2025-05-06 12:18:30', 8, '2025-05-06 12:19:25'),
(5, 10001, 1, 1, 'S', 26, '2025-05-05', '00:00:00', '00:00:00', '00:00:00', '03:00:00', '00:00:00', 0, '00:00:00', 0, '00:00:00', 0, '00:00:00', 0, '00:00:00', '00:00:00', '00:00:00', '00:00:00', 'B', 'C', 'A', 8, '2025-05-06 12:18:30', 8, '2025-05-06 12:19:25'),
(6, 10003, 1, 1, 'S', 28, '2025-05-20', '08:00:00', '17:00:00', '09:00:00', '07:30:00', '00:00:00', 0, '00:00:00', 0, '00:00:00', 0, '00:00:00', 0, '00:00:00', '00:00:00', '00:00:00', '00:00:00', 'B', 'C', 'A', 8, '2025-05-21 17:03:40', 8, '2025-05-21 17:04:13'),
(7, 10003, 0, 0, 'S', 42, '2025-05-20', '08:00:00', '17:00:00', '09:00:00', '07:30:00', '00:00:00', 0, '00:00:00', 0, '00:00:00', 0, '00:00:00', 0, '00:00:00', '00:00:00', '00:00:00', '00:00:00', 'B', 'C', 'O', 8, '2025-05-21 17:04:13', 0, '0000-00-00 00:00:00'),
(8, 10003, 0, 0, 'S', 10, '2025-05-20', '08:00:00', '17:00:00', '09:00:00', '07:30:00', '00:00:00', 0, '00:00:00', 0, '00:00:00', 0, '00:00:00', 0, '00:00:00', '00:00:00', '00:00:00', '00:00:00', 'B', 'C', 'O', 8, '2025-05-21 17:04:13', 0, '0000-00-00 00:00:00'),
(9, 10003, 0, 0, 'S', 15, '2025-05-22', '00:00:00', '12:00:00', '12:00:00', '12:00:00', '00:00:00', 0, '00:00:00', 0, '00:00:00', 0, '00:00:00', 0, '00:00:00', '00:00:00', '00:00:00', '00:00:00', 'B', 'C', 'O', 8, '2025-05-22 00:14:44', 0, '0000-00-00 00:00:00'),
(10, 10001, 5, 0, 'S', 1, '2025-06-24', '10:00:00', '15:00:00', '05:00:00', '05:00:00', '00:00:00', 0, '00:00:00', 0, '00:00:00', 0, '00:00:00', 0, '00:00:00', '00:00:00', '00:00:00', '00:00:00', 'B', 'C', 'A', 8, '2025-06-24 17:41:04', 8, '2025-06-24 17:46:29'),
(11, 10002, 0, 0, 'S', 3, '2025-06-24', '10:00:00', '18:00:00', '08:00:00', '08:00:00', '00:00:00', 0, '00:00:00', 0, '00:00:00', 0, '00:00:00', 0, '00:00:00', '00:00:00', '00:00:00', '00:00:00', 'B', 'C', 'O', 8, '2025-06-24 17:49:20', 0, '0000-00-00 00:00:00');

-- --------------------------------------------------------

--
-- Table structure for table `temp_inventory_uploaded_list`
--

CREATE TABLE `temp_inventory_uploaded_list` (
  `id` int(11) NOT NULL,
  `product_id` int(11) NOT NULL,
  `item_code` varchar(255) NOT NULL COMMENT 'part_number',
  `item` varchar(255) NOT NULL COMMENT 'description',
  `quantity` decimal(15,6) NOT NULL,
  `unit_price` decimal(15,6) NOT NULL,
  `category_name` varchar(255) NOT NULL COMMENT 'generic name',
  `brand_name` varchar(255) NOT NULL,
  `branch` varchar(255) NOT NULL COMMENT 'warehouse name',
  `kitchen_location` int(11) NOT NULL,
  `warehouse_id` int(11) NOT NULL,
  `unit_name` varchar(255) NOT NULL COMMENT 'unit name',
  `unit_id` int(11) NOT NULL,
  `uom_id` int(11) NOT NULL,
  `created_by` int(11) NOT NULL,
  `created_date_time` datetime NOT NULL,
  `stock_updated` enum('Y','N') NOT NULL DEFAULT 'N'
) ENGINE=InnoDB DEFAULT CHARSET=latin1 COLLATE=latin1_swedish_ci;

-- --------------------------------------------------------

--
-- Table structure for table `temp_inventory_uploaded_list_03072025`
--

CREATE TABLE `temp_inventory_uploaded_list_03072025` (
  `id` int(11) NOT NULL,
  `product_id` int(11) NOT NULL,
  `item_code` varchar(255) NOT NULL COMMENT 'part_number',
  `item` varchar(255) NOT NULL COMMENT 'description',
  `quantity` decimal(15,6) NOT NULL,
  `unit_price` decimal(15,6) NOT NULL,
  `category_name` varchar(255) NOT NULL COMMENT 'generic name',
  `brand_name` varchar(255) NOT NULL,
  `branch` varchar(255) NOT NULL COMMENT 'warehouse name',
  `kitchen_location` int(11) NOT NULL,
  `warehouse_id` int(11) NOT NULL,
  `unit_name` varchar(255) NOT NULL COMMENT 'unit name',
  `unit_id` int(11) NOT NULL,
  `uom_id` int(11) NOT NULL,
  `created_by` int(11) NOT NULL,
  `created_date_time` datetime NOT NULL,
  `stock_updated` enum('Y','N') NOT NULL DEFAULT 'N'
) ENGINE=InnoDB DEFAULT CHARSET=latin1 COLLATE=latin1_swedish_ci;

--
-- Dumping data for table `temp_inventory_uploaded_list_03072025`
--

INSERT INTO `temp_inventory_uploaded_list_03072025` (`id`, `product_id`, `item_code`, `item`, `quantity`, `unit_price`, `category_name`, `brand_name`, `branch`, `kitchen_location`, `warehouse_id`, `unit_name`, `unit_id`, `uom_id`, `created_by`, `created_date_time`, `stock_updated`) VALUES
(1, 2, '1207SF', 'GP Laminate SF (261) Dark Gray 4x8x0.8mm', 14.000000, 52.000000, '', '', 'Warehouse 1', 0, 1, 'Each', 2, 2, 8, '2025-07-03 16:33:55', 'Y'),
(2, 6, '1908', 'Strap Hinges', 179.000000, 8.090000, '', '', 'Warehouse 1', 0, 1, 'Each', 2, 6, 8, '2025-07-03 16:33:55', 'Y'),
(3, 11, '33646SF', 'Black Laminate 4  x 8 x 0.9mm', 114.000000, 43.370000, '', '', 'Warehouse 1', 0, 1, 'Each', 2, 11, 8, '2025-07-03 16:33:55', 'Y'),
(4, 13, '4440-99-224-6993', 'Desiccant Silica Gel 100gms', 20000.000000, 7.320000, '', '', 'Warehouse 1', 0, 1, 'Each', 2, 13, 8, '2025-07-03 16:33:55', 'Y'),
(5, 15, '5-02201-94', 'GT2200 Smart Padlock Silver S-Shackle', 86.000000, 163.710000, '', '', 'Warehouse 1', 0, 1, 'Each', 2, 15, 8, '2025-07-03 16:33:55', 'Y'),
(6, 18, 'B1121', '4 Hole Brace', 2988.000000, 0.480000, '', '', 'Warehouse 1', 0, 1, 'Each', 2, 18, 8, '2025-07-03 16:33:55', 'Y'),
(7, 20, 'B1131', '6 Hole Brace', 10784.000000, 0.910000, '', '', 'Warehouse 1', 0, 1, 'Each', 2, 20, 8, '2025-07-03 16:33:55', 'Y'),
(8, 21, 'B1141', 'L-Brace. Both Legs 20mm / 13/16', 902.000000, 1.070000, '', '', 'Warehouse 1', 0, 1, 'Each', 2, 21, 8, '2025-07-03 16:33:55', 'Y'),
(9, 22, 'B1631', '3-Way Divider Brace for 9.2mm / 3/8 panels', 3003.000000, 0.890000, '', '', 'Warehouse 1', 0, 1, 'Each', 2, 22, 8, '2025-07-03 16:33:55', 'Y'),
(10, 23, 'B1641', '4-Way Divider Brace for 9.2mm / 3/8 panels', 2980.000000, 1.280000, '', '', 'Warehouse 1', 0, 1, 'Each', 2, 23, 8, '2025-07-03 16:33:55', 'Y'),
(11, 30, 'C0675Z', 'Medium Flat Corner', 1614.000000, 1.410000, '', '', 'Warehouse 1', 0, 1, 'Each', 2, 30, 8, '2025-07-03 16:33:55', 'Y'),
(12, 31, 'C1150Z', 'Medium Flat Corners- Male Stacking', 1946.000000, 1.620000, '', '', 'Warehouse 1', 0, 1, 'Each', 2, 31, 8, '2025-07-03 16:33:55', 'Y'),
(13, 32, 'C1340Z', '3-Leg Large Ball Corner-Male', 8045.000000, 2.500000, '', '', 'Warehouse 1', 0, 1, 'Each', 2, 32, 8, '2025-07-03 16:33:55', 'Y'),
(14, 34, 'C1373', '2Leg Brace Ball Corner with 67mm / 2.64 Leg', 4940.000000, 2.290000, '', '', 'Warehouse 1', 0, 1, 'Each', 2, 34, 8, '2025-07-03 16:33:55', 'Y'),
(15, 35, 'C1373/01', '2Leg Brace Ball Corner with 67mm / 2.64 Leg-Female', 1334.000000, 1.910000, '', '', 'Warehouse 1', 0, 1, 'Each', 2, 35, 8, '2025-07-03 16:33:55', 'Y'),
(16, 37, 'C1384Z', '3-LegLarge Ball Corner- Stackable/Female', 2474.000000, 0.960000, '', '', 'Warehouse 1', 0, 1, 'Each', 2, 37, 8, '2025-07-03 16:33:55', 'Y'),
(17, 38, 'C1935Z', 'Medium Flat Corners- Female Stacking', 1959.000000, 1.710000, '', '', 'Warehouse 1', 0, 1, 'Each', 2, 38, 8, '2025-07-03 16:33:55', 'Y'),
(18, 39, 'CNC000161', 'Top Insert 283x153x85 LD33 BKPF05858', 1992.000000, 22.140000, '', '', 'Warehouse 1', 0, 1, 'Each', 2, 39, 8, '2025-07-03 16:33:55', 'Y'),
(19, 40, 'CNC000162', 'Bottom Insert 272x177x85 LD33 BKPF05859', 1536.000000, 22.140000, '', '', 'Warehouse 1', 0, 1, 'Each', 2, 40, 8, '2025-07-03 16:33:55', 'Y'),
(20, 41, 'D0553Z', 'Lid Stays Top 17.1mm / 11/16 & Bottom 19.7mm / 3/4', 2140.000000, 9.110000, '', '', 'Warehouse 1', 0, 1, 'Each', 2, 41, 8, '2025-07-03 16:33:55', 'Y'),
(21, 42, 'D0553Z-SD', 'Large Lidstay with Anti-Slam System', 524.000000, 11.990000, '', '', 'Warehouse 1', 0, 1, 'Each', 2, 42, 8, '2025-07-03 16:33:55', 'Y'),
(22, 43, 'D0593K', 'Medium Lid Stay in 10mm / 3/8 Deep Dish-Black', 200.000000, 8.810000, '', '', 'Warehouse 1', 0, 1, 'Each', 2, 43, 8, '2025-07-03 16:33:55', 'Y'),
(23, 44, 'D0597Z', 'Medium Lid Stay in 10mm / 3/8 Deep Dish', 3294.000000, 8.450000, '', '', 'Warehouse 1', 0, 1, 'Each', 2, 44, 8, '2025-07-03 16:33:55', 'Y'),
(24, 47, 'D0941Z', 'Rectangular Plain Dish', 5139.000000, 3.030000, '', '', 'Warehouse 1', 0, 1, 'Each', 2, 47, 8, '2025-07-03 16:33:55', 'Y'),
(25, 48, 'D2101Z', 'Large Plain Dish', 62.000000, 5.240000, '', '', 'Warehouse 1', 0, 1, 'Each', 2, 48, 8, '2025-07-03 16:33:55', 'Y'),
(26, 49, 'D2115Z', 'Recessed Label Dish for Self-Adhesive Tour Labels', 923.000000, 9.440000, '', '', 'Warehouse 1', 0, 1, 'Each', 2, 49, 8, '2025-07-03 16:33:55', 'Y'),
(27, 50, 'D2116Z', 'Recessed Label Dish for Self-Adhesive Tour Labels', 1181.000000, 9.240000, '', '', 'Warehouse 1', 0, 1, 'Each', 2, 50, 8, '2025-07-03 16:33:55', 'Y'),
(28, 54, 'F0615', 'Stacking Feet - Male', 227.000000, 3.440000, '', '', 'Warehouse 1', 0, 1, 'Each', 2, 54, 8, '2025-07-03 16:33:55', 'Y'),
(29, 55, 'F0620', 'Stacking Feet - Female', 56.000000, 3.440000, '', '', 'Warehouse 1', 0, 1, 'Each', 2, 55, 8, '2025-07-03 16:33:55', 'Y'),
(30, 56, 'F1687', 'Rubber Feet', 954.000000, 0.830000, '', '', 'Warehouse 1', 0, 1, 'Each', 2, 56, 8, '2025-07-03 16:33:55', 'Y'),
(31, 57, 'FMD-A-2', 'Rubber Shockmount-RED', 64.000000, 20.000000, '', '', 'Warehouse 1', 0, 1, 'Each', 2, 57, 8, '2025-07-03 16:33:55', 'Y'),
(32, 58, 'FRD601', 'M6 T-Nut with 4points- Round basis- Zinc', 7255.000000, 0.090000, '', '', 'Warehouse 1', 0, 1, 'Each', 2, 58, 8, '2025-07-03 16:33:55', 'Y'),
(33, 59, 'FRD801', 'M8 T-Nut with 4points- Round basis- Zinc', 5396.000000, 0.180000, '', '', 'Warehouse 1', 0, 1, 'Each', 2, 59, 8, '2025-07-03 16:33:55', 'Y'),
(34, 60, 'G1570', 'G1570 Fan Grill/Guard', 55.000000, 11.000000, '', '', 'Warehouse 1', 0, 1, 'Each', 2, 60, 8, '2025-07-03 16:33:55', 'Y'),
(35, 65, 'GR5*8', '5x8mm Aluminum Steel Grooved Rivets', 144000.000000, 0.040000, '', '', 'Warehouse 1', 0, 1, 'Each', 2, 65, 8, '2025-07-03 16:33:55', 'Y'),
(36, 66, 'H1009', 'Strap Handle with Metal End Caps and Plastic Covers', 115.000000, 2.720000, '', '', 'Warehouse 1', 0, 1, 'Each', 2, 66, 8, '2025-07-03 16:33:55', 'Y'),
(37, 67, 'H1026Z', 'Corner Handle', 1148.000000, 19.580000, '', '', 'Warehouse 1', 0, 1, 'Each', 2, 67, 8, '2025-07-03 16:33:55', 'Y'),
(38, 68, 'H1052Z', 'Sprung Surface Handle', 1124.000000, 4.930000, '', '', 'Warehouse 1', 0, 1, 'Each', 2, 68, 8, '2025-07-03 16:33:55', 'Y'),
(39, 69, 'H1190', 'PVC Covered Spring Handle', 62.000000, 11.300000, '', '', 'Warehouse 1', 0, 1, 'Each', 2, 69, 8, '2025-07-03 16:33:55', 'Y'),
(40, 70, 'H1425', 'Briefcase Swivel Handle', 41.000000, 3.520000, '', '', 'Warehouse 1', 0, 1, 'Each', 2, 70, 8, '2025-07-03 16:33:55', 'Y'),
(41, 71, 'H2000', 'Recessed Pull-Out Handle', 19.000000, 47.260000, '', '', 'Warehouse 1', 0, 1, 'Each', 2, 71, 8, '2025-07-03 16:33:55', 'Y'),
(42, 73, 'H2017/DC', 'Recessed Pull-Out Handle- Die Cast Dish', 12.000000, 79.450000, '', '', 'Warehouse 1', 0, 1, 'Each', 2, 73, 8, '2025-07-03 16:33:55', 'Y'),
(43, 74, 'H7151K', 'Medium Recessed Handles- Black', 287.000000, 9.470000, '', '', 'Warehouse 1', 0, 1, 'Each', 2, 74, 8, '2025-07-03 16:33:55', 'Y'),
(44, 75, 'H7151Z', 'Medium Recessed Handle', 8279.000000, 7.940000, '', '', 'Warehouse 1', 0, 1, 'Each', 2, 75, 8, '2025-07-03 16:33:55', 'Y'),
(45, 76, 'L0350', 'Black Lever Latch', 157.000000, 11.870000, '', '', 'Warehouse 1', 0, 1, 'Each', 2, 76, 8, '2025-07-03 16:33:55', 'Y'),
(46, 78, 'L0565Z', 'Large Draw Bolt- Padlockable.', 66.000000, 2.570000, '', '', 'Warehouse 1', 0, 1, 'Each', 2, 78, 8, '2025-07-03 16:33:55', 'Y'),
(47, 79, 'L0968Z', 'Valance Spanning Overlatch in plain dish', 537.000000, 16.630000, '', '', 'Warehouse 1', 0, 1, 'Each', 2, 79, 8, '2025-07-03 16:33:55', 'Y'),
(48, 80, 'L1068Z', 'Slam Latch', 90.000000, 29.350000, '', '', 'Warehouse 1', 0, 1, 'Each', 2, 80, 8, '2025-07-03 16:33:55', 'Y'),
(49, 81, 'L903/7336Z', '2 Unit Rack Lid Latch in Narrow and Very Shallow Plain Dish', 314.000000, 6.440000, '', '', 'Warehouse 1', 0, 1, 'Each', 2, 81, 8, '2025-07-03 16:33:55', 'Y'),
(50, 82, 'L904/914PBZ', 'Small Latch in Plain Dish Padlockable', 688.000000, 7.250000, '', '', 'Warehouse 1', 0, 1, 'Each', 2, 82, 8, '2025-07-03 16:33:55', 'Y'),
(51, 83, 'L905/55/915Z', 'Crating Latch', 811.000000, 17.480000, '', '', 'Warehouse 1', 0, 1, 'Each', 2, 83, 8, '2025-07-03 16:33:55', 'Y'),
(52, 85, 'L907/927', 'Medium MOL Latch in 27mm / 1 1/16 Offset Dish with Key Lock', 16.000000, 32.010000, '', '', 'Warehouse 1', 0, 1, 'Each', 2, 85, 8, '2025-07-03 16:33:55', 'Y'),
(53, 86, 'L907/928K', 'Medium MOL Latch- Black', 194.000000, 14.920000, '', '', 'Warehouse 1', 0, 1, 'Each', 2, 86, 8, '2025-07-03 16:33:55', 'Y'),
(54, 87, 'L907/928PBZ', 'Medium MOL Latch in 27mm / 1 1/16 Offset Dish with Padlock Bracket', 920.000000, 13.030000, '', '', 'Warehouse 1', 0, 1, 'Each', 2, 87, 8, '2025-07-03 16:33:55', 'Y'),
(55, 88, 'L907/928', 'Medium MOL Latch in 27mm / 1 1/16 Offset Dish', 5109.000000, 11.220000, '', '', 'Warehouse 1', 0, 1, 'Each', 2, 88, 8, '2025-07-03 16:33:55', 'Y'),
(56, 90, 'L944/527/10PBZ', 'Large MOL Latch in 27mm / 1 1/16 Offset Dish with Padlock Bracket', 7499.000000, 21.940000, '', '', 'Warehouse 1', 0, 1, 'Each', 2, 90, 8, '2025-07-03 16:33:55', 'Y'),
(57, 92, 'L944/537/10', 'Large MOL Latch in Offset Dish', 40.000000, 18.480000, '', '', 'Warehouse 1', 0, 1, 'Each', 2, 92, 8, '2025-07-03 16:33:55', 'Y'),
(58, 93, 'M865007', 'FLight Panel - Light Weight Polypropylene Board- Black 7mm', 93.000000, 283.910000, '', '', 'Warehouse 1', 0, 1, 'Each', 2, 93, 8, '2025-07-03 16:33:55', 'Y'),
(59, 95, 'M865107', 'FLight Panel - BLUE - 7mm / 1/4', 21.000000, 319.700000, '', '', 'Warehouse 1', 0, 1, 'Each', 2, 95, 8, '2025-07-03 16:33:55', 'Y'),
(60, 96, 'M865207', 'FLight Panel - GREY - 7mm / 1/4', 4.000000, 401.410000, '', '', 'Warehouse 1', 0, 1, 'Each', 2, 96, 8, '2025-07-03 16:33:55', 'Y'),
(61, 97, 'M865307', 'FLight Panel - RED - 7mm / 1/4', 1.000000, 355.850000, '', '', 'Warehouse 1', 0, 1, 'Each', 2, 97, 8, '2025-07-03 16:33:55', 'Y'),
(62, 98, 'P0620', 'Hinge Zinc 70mm x 38.5mm Open', 1814.000000, 1.790000, '', '', 'Warehouse 1', 0, 1, 'Each', 2, 98, 8, '2025-07-03 16:33:55', 'Y'),
(63, 99, 'P0625Z', 'Lift-Off Hinge', 84.000000, 3.240000, '', '', 'Warehouse 1', 0, 1, 'Each', 2, 99, 8, '2025-07-03 16:33:55', 'Y'),
(64, 100, 'P1240', '200mm / 7.87 Locking Lid Stay', 56.000000, 5.320000, '', '', 'Warehouse 1', 0, 1, 'Each', 2, 100, 8, '2025-07-03 16:33:55', 'Y'),
(65, 101, 'P1350P', 'Lightweight Aluminium Piano Hinges- Punched', 283.000000, 51.130000, '', '', 'Warehouse 1', 0, 1, 'Each', 2, 101, 8, '2025-07-03 16:33:55', 'Y'),
(66, 104, 'P1995', 'Strut Hinge', 448.000000, 3.430000, '', '', 'Warehouse 1', 0, 1, 'Each', 2, 104, 8, '2025-07-03 16:33:55', 'Y'),
(67, 105, 'P2597Z', 'Hinge with Lid Stay in 7mm / 1/4 Shallow Dish- From Split to Hole Centre: 10mm / 3/8', 13.000000, 8.020000, '', '', 'Warehouse 1', 0, 1, 'Each', 2, 105, 8, '2025-07-03 16:33:55', 'Y'),
(68, 107, 'PK-886MF', 'Edging Extrusion - Mill Finish', 912.000000, 16.800000, '', '', 'Warehouse 1', 0, 1, 'Each', 2, 107, 8, '2025-07-03 16:33:55', 'Y'),
(69, 108, 'PK-887MF', 'Locating Extrusion 11mm - Mill Finish', 908.000000, 14.400000, '', '', 'Warehouse 1', 0, 1, 'Each', 2, 108, 8, '2025-07-03 16:33:55', 'Y'),
(70, 109, 'PK-888MF', 'Locating Extrusion 7mm - Mill Finish', 373.000000, 11.040000, '', '', 'Warehouse 1', 0, 1, 'Each', 2, 109, 8, '2025-07-03 16:33:55', 'Y'),
(71, 110, 'R0863/2MM', 'Full Hole Rack Rail - Single', 739.000000, 25.120000, '', '', 'Warehouse 1', 0, 1, 'Each', 2, 110, 8, '2025-07-03 16:33:55', 'Y'),
(72, 111, 'R0883', 'DOUBLE RACK RAIL 2 MTRS', 398.000000, 44.370000, '', '', 'Warehouse 1', 0, 1, 'Each', 2, 111, 8, '2025-07-03 16:33:55', 'Y'),
(73, 114, 'R1291K/2L', '1U Rack Drawer with 2 Slam Locks', 1.000000, 86.920000, '', '', 'Warehouse 1', 0, 1, 'Each', 2, 114, 8, '2025-07-03 16:33:55', 'Y'),
(74, 115, 'R129LD-50-BK', 'LD29 - 2000 x 1000 x 50mm-Black', 926.000000, 126.890000, '', '', 'Warehouse 1', 0, 1, 'Each', 2, 115, 8, '2025-07-03 16:33:55', 'Y'),
(75, 117, 'R133LD-30-BK-2M', 'LD33 - 2000 x 1000 x 30mm-Black', 825.000000, 120.100000, '', '', 'Warehouse 1', 0, 1, 'Each', 2, 117, 8, '2025-07-03 16:33:55', 'Y'),
(76, 118, 'R133LD-30-BL', 'LD33 - 2000 x 1000 x 30mm-Blue', 141.000000, 96.740000, '', '', 'Warehouse 1', 0, 1, 'Each', 2, 118, 8, '2025-07-03 16:33:55', 'Y'),
(77, 119, 'R133LD-30-BN', 'LD33 - 2000 x 1000 x 30mm-Brown', 3.000000, 126.480000, '', '', 'Warehouse 1', 0, 1, 'Each', 2, 119, 8, '2025-07-03 16:33:55', 'Y'),
(78, 120, 'R133LD-30-GN', 'LD33 - 2000 x 1000 x 30mm-Green', 35.000000, 126.480000, '', '', 'Warehouse 1', 0, 1, 'Each', 2, 120, 8, '2025-07-03 16:33:55', 'Y'),
(79, 122, 'R133LD-30-OR', 'LD33 - 2000 x 1000 x 30mm-Orange', 3.000000, 121.710000, '', '', 'Warehouse 1', 0, 1, 'Each', 2, 122, 8, '2025-07-03 16:33:55', 'Y'),
(80, 123, 'R133LD-30-PN', 'LD33 - 2000 x 1000 x 30mm-Pink', 10.000000, 126.480000, '', '', 'Warehouse 1', 0, 1, 'Each', 2, 123, 8, '2025-07-03 16:33:55', 'Y'),
(81, 124, 'R133LD-30-RD', 'LD33 - 2000 x 1000 x 30mm-Red', 61.000000, 98.050000, '', '', 'Warehouse 1', 0, 1, 'Each', 2, 124, 8, '2025-07-03 16:33:55', 'Y'),
(82, 125, 'R133LD-30-VT', 'LD33 - 2000 x 1000 x 30mm-Violet', 7.000000, 126.480000, '', '', 'Warehouse 1', 0, 1, 'Each', 2, 125, 8, '2025-07-03 16:33:55', 'Y'),
(83, 126, 'R133LD-30-WT', 'LD33 - 2000 x 1000 x 30mm-White', 17.000000, 126.480000, '', '', 'Warehouse 1', 0, 1, 'Each', 2, 126, 8, '2025-07-03 16:33:55', 'Y'),
(84, 127, 'R133LD-30-YL', 'LD33 - 2000 x 1000 x 30mm-Yellow', 136.000000, 101.370000, '', '', 'Warehouse 1', 0, 1, 'Each', 2, 127, 8, '2025-07-03 16:33:55', 'Y'),
(85, 128, 'R135VA-30-RD', 'EVA R135 - 2000 x 1000 x 30mm-Red', 84.000000, 128.660000, '', '', 'Warehouse 1', 0, 1, 'Each', 2, 128, 8, '2025-07-03 16:33:55', 'Y'),
(86, 129, 'R1385/1UK', '1U Black 1.5mm Thick Rack Panel', 60.000000, 8.280000, '', '', 'Warehouse 1', 0, 1, 'Each', 2, 129, 8, '2025-07-03 16:33:55', 'Y'),
(87, 130, 'R1385/2UK', '2U Black 1.5mm Thick Rack Panel', 66.000000, 12.300000, '', '', 'Warehouse 1', 0, 1, 'Each', 2, 130, 8, '2025-07-03 16:33:55', 'Y'),
(88, 132, 'R145LD-30-BK-2M', 'LD45 - 2000 x 1000 x 30mm-Black', 916.000000, 126.430000, '', '', 'Warehouse 1', 0, 1, 'Each', 2, 132, 8, '2025-07-03 16:33:55', 'Y'),
(89, 134, 'R145LD-30-FL', 'LD45 - 2000 x 1000 x 30mm-Flesh', 7.000000, 160.880000, '', '', 'Warehouse 1', 0, 1, 'Each', 2, 134, 8, '2025-07-03 16:33:55', 'Y'),
(90, 136, 'R1600', 'Folding Table Legs', 9.000000, 244.170000, '', '', 'Warehouse 1', 0, 1, 'Each', 2, 136, 8, '2025-07-03 16:33:55', 'Y'),
(91, 137, 'R1606F', 'Table Mounting Latch - Female', 65.000000, 4.880000, '', '', 'Warehouse 1', 0, 1, 'Each', 2, 137, 8, '2025-07-03 16:33:55', 'Y'),
(92, 138, 'R1606M', 'Table Mounting Latch - Male', 66.000000, 13.640000, '', '', 'Warehouse 1', 0, 1, 'Each', 2, 138, 8, '2025-07-03 16:33:55', 'Y'),
(93, 142, 'R305/2-50-BK', 'Etha220 - 2750 x 1200 x 50mm-Black', 40.000000, 159.320000, '', '', 'Warehouse 1', 0, 1, 'Each', 2, 142, 8, '2025-07-03 16:33:55', 'Y'),
(94, 143, 'R541/2-100-EST', 'Ester R541/2 - 2000 x 1100 x 100mm', 11.000000, 156.110000, '', '', 'Warehouse 1', 0, 1, 'Each', 2, 143, 8, '2025-07-03 16:33:55', 'Y'),
(95, 144, 'R541/2-EGG-BK', 'Eggbox R541/2 - 2040 x 1190 x 20mm', 14.000000, 145.860000, '', '', 'Warehouse 1', 0, 1, 'Each', 2, 144, 8, '2025-07-03 16:33:55', 'Y'),
(96, 148, 'S1160K', 'Pozidriv Pan Head Screws M6 - Black', 5039.000000, 0.210000, '', '', 'Warehouse 1', 0, 1, 'Each', 2, 148, 8, '2025-07-03 16:33:55', 'Y'),
(97, 149, 'S1172', 'Cage Nuts', 5564.000000, 0.210000, '', '', 'Warehouse 1', 0, 1, 'Each', 2, 149, 8, '2025-07-03 16:33:55', 'Y'),
(98, 150, 'S1940', 'Slim M6 Cup Washer', 4428.000000, 0.180000, '', '', 'Warehouse 1', 0, 1, 'Each', 2, 150, 8, '2025-07-03 16:33:55', 'Y'),
(99, 153, 'W0964Z', 'Recess Castor Dish - Square', 400.000000, 3.040000, '', '', 'Warehouse 1', 0, 1, 'Each', 2, 153, 8, '2025-07-03 16:33:55', 'Y'),
(100, 154, 'W2065Z', 'Steel Recessed Castor with 64mm / 2.52 Diameter Black Wheel', 83.000000, 18.690000, '', '', 'Warehouse 1', 0, 1, 'Each', 2, 154, 8, '2025-07-03 16:33:55', 'Y'),
(101, 155, 'W2100', 'Recessed Castor with 100mm / 4 Diameter Blue Wheel', 116.000000, 30.330000, '', '', 'Warehouse 1', 0, 1, 'Each', 2, 155, 8, '2025-07-03 16:33:55', 'Y'),
(102, 156, 'W8675', 'Die-Cast Corner Castor with Heavy Duty 75mm / 3 Diameter Wheel - Recommended Load Capacity per Wheel: 150kg/330.69lb', 123.000000, 17.980000, '', '', 'Warehouse 1', 0, 1, 'Each', 2, 156, 8, '2025-07-03 16:33:55', 'Y'),
(103, 158, '3i-4411-12T-01', 'Tan Case-2/10 Deep-Empty', 6.000000, 763.640000, '', '', 'Warehouse 1', 0, 1, 'Each', 2, 158, 8, '2025-07-03 16:33:55', 'Y'),
(104, 166, 'PN028ST', 'HP Laminate 4 x 8 x 0.7mm- Naranja Nieve Yellow', 45.000000, 47.000000, '', '', 'Warehouse 1', 0, 1, 'Each', 2, 166, 8, '2025-07-03 16:33:55', 'Y'),
(105, 170, '1904', 'Strap Hinges 4', 385.000000, 4.520000, '', '', 'Warehouse 1', 0, 1, 'Each', 2, 170, 8, '2025-07-03 16:33:55', 'Y'),
(106, 171, 'R50335', 'Slider for Rack Door 555mm', 7.000000, 64.770000, '', '', 'Warehouse 1', 0, 1, 'Each', 2, 171, 8, '2025-07-03 16:33:55', 'Y'),
(107, 172, 'R50338', 'Slider for Rack Door 610mm', 22.000000, 73.000000, '', '', 'Warehouse 1', 0, 1, 'Each', 2, 172, 8, '2025-07-03 16:33:55', 'Y'),
(108, 175, 'SFM-A-Y-40', 'Rubber Shockmount- Yellow', 137.000000, 30.000000, '', '', 'Warehouse 1', 0, 1, 'Each', 2, 175, 8, '2025-07-03 16:33:55', 'Y'),
(109, 182, '2129N-5', 'Locking Lid Stay 280mm / 11.02', 31.000000, 3.950000, '', '', 'Warehouse 1', 0, 1, 'Each', 2, 182, 8, '2025-07-03 16:33:55', 'Y'),
(110, 183, 'W0985-V6', 'Castor 4- Braked', 2117.000000, 26.960000, '', '', 'Warehouse 1', 0, 1, 'Each', 2, 183, 8, '2025-07-03 16:33:55', 'Y'),
(111, 184, 'W0990-V6', 'Castor 4- Swiveled', 2060.000000, 22.970000, '', '', 'Warehouse 1', 0, 1, 'Each', 2, 184, 8, '2025-07-03 16:33:55', 'Y'),
(112, 185, 'W0975-V6', 'Castor 4- Fixed', 88.000000, 20.940000, '', '', 'Warehouse 1', 0, 1, 'Each', 2, 185, 8, '2025-07-03 16:33:55', 'Y'),
(113, 187, 'R678', 'Anthracite Foam R678 45kg 2000x1000x100mm', 25.000000, 478.180000, '', '', 'Warehouse 1', 0, 1, 'Each', 2, 187, 8, '2025-07-03 16:33:55', 'Y'),
(114, 188, 'R590', 'Class O Fireseal Foam R590 2000x1000x50mm', 28.000000, 149.270000, '', '', 'Warehouse 1', 0, 1, 'Each', 2, 188, 8, '2025-07-03 16:33:55', 'Y'),
(115, 189, 'GR4.8*10', '4.8x10mm Aluminum Steel Grooved Rivets', 183000.000000, 0.050000, '', '', 'Warehouse 1', 0, 1, 'Each', 2, 189, 8, '2025-07-03 16:33:55', 'Y'),
(116, 190, 'L1037Z', 'Slam Latch Small', 101.000000, 15.810000, '', '', 'Warehouse 1', 0, 1, 'Each', 2, 190, 8, '2025-07-03 16:33:55', 'Y'),
(117, 191, 'NC2HE', 'N-Case 2 Extrusion Hybrid', 16.000000, 10.470000, '', '', 'Warehouse 1', 0, 1, 'Each', 2, 191, 8, '2025-07-03 16:33:55', 'Y'),
(118, 192, 'R2295-2UK', 'Rack Drawer Ali US 14 2U Black', 49.000000, 164.310000, '', '', 'Warehouse 1', 0, 1, 'Each', 2, 192, 8, '2025-07-03 16:33:55', 'Y'),
(119, 193, 'R2295-3UK', 'Rack Drawer Ali US 14 3U Black', 4.000000, 166.600000, '', '', 'Warehouse 1', 0, 1, 'Each', 2, 193, 8, '2025-07-03 16:33:55', 'Y'),
(120, 194, 'R2860-SET', 'Rack Tilt Frame', 21.000000, 63.750000, '', '', 'Warehouse 1', 0, 1, 'Each', 2, 194, 8, '2025-07-03 16:33:55', 'Y'),
(121, 196, 'NC2C3K', 'N-Case 2 Corner 3 legged', 32.000000, 2.110000, '', '', 'Warehouse 1', 0, 1, 'Each', 2, 196, 8, '2025-07-03 16:33:55', 'Y'),
(122, 197, 'NC2DAE', 'NC2 Extrusion Double Angle', 4.000000, 19.200000, '', '', 'Warehouse 1', 0, 1, 'Each', 2, 197, 8, '2025-07-03 16:33:55', 'Y'),
(123, 198, 'NC2HCBK', 'N-Case 2 Corner Hybrid base', 32.000000, 2.110000, '', '', 'Warehouse 1', 0, 1, 'Each', 2, 198, 8, '2025-07-03 16:33:55', 'Y'),
(124, 199, 'NC2HCLK', 'N-Case 2 Corner Hybrid', 32.000000, 2.110000, '', '', 'Warehouse 1', 0, 1, 'Each', 2, 199, 8, '2025-07-03 16:33:55', 'Y'),
(125, 200, 'NC2LC54K', 'N-Case 2 Lidmaker Corner', 24.000000, 2.210000, '', '', 'Warehouse 1', 0, 1, 'Each', 2, 200, 8, '2025-07-03 16:33:55', 'Y'),
(126, 201, 'NC2LE54', 'N-C2 Lidmaker Extrusion 54mm', 6.000000, 17.670000, '', '', 'Warehouse 1', 0, 1, 'Each', 2, 201, 8, '2025-07-03 16:33:55', 'Y'),
(127, 202, 'P1250-05', 'Adjustable Ratchet Stay with 5 stops', 12.000000, 11.780000, '', '', 'Warehouse 1', 0, 1, 'Each', 2, 202, 8, '2025-07-03 16:33:55', 'Y'),
(128, 203, 'P1250-10', 'Adjustable Ratchet Stay with 10 stops', 12.000000, 17.150000, '', '', 'Warehouse 1', 0, 1, 'Each', 2, 203, 8, '2025-07-03 16:33:55', 'Y'),
(129, 205, 'L2473', 'Slam Latch for Slam Lid System', 20.000000, 13.500000, '', '', 'Warehouse 1', 0, 1, 'Each', 2, 205, 8, '2025-07-03 16:33:55', 'Y'),
(130, 212, 'B1130', '4 Hole Brace - Rounded', 1280.000000, 0.350000, '', '', 'Warehouse 1', 0, 1, 'Each', 2, 212, 8, '2025-07-03 16:33:55', 'Y'),
(131, 213, '2204SF', 'Laminates (264) Red Dynasty 4x8x0.8mm', 1.000000, 57.000000, '', '', 'Warehouse 1', 0, 1, 'Each', 2, 213, 8, '2025-07-03 16:33:55', 'Y'),
(132, 215, 'GR5*14', '5x14mm Aluminum Steel Grooved Rivets', 315000.000000, 0.050000, '', '', 'Warehouse 1', 0, 1, 'Each', 2, 215, 8, '2025-07-03 16:33:55', 'Y'),
(133, 219, '9274F', 'Panel Lock Female', 26.000000, 6.750000, '', '', 'Warehouse 1', 0, 1, 'Each', 2, 219, 8, '2025-07-03 16:33:55', 'Y'),
(134, 220, '9274M', 'Panel Lock Male', 26.000000, 27.280000, '', '', 'Warehouse 1', 0, 1, 'Each', 2, 220, 8, '2025-07-03 16:33:55', 'Y'),
(135, 222, 'H2433K', 'Briefcase Swivel Handle', 8.000000, 18.630000, '', '', 'Warehouse 1', 0, 1, 'Each', 2, 222, 8, '2025-07-03 16:33:55', 'Y'),
(136, 223, 'L0571K', 'Die-Cast Latch Black', 10.000000, 47.210000, '', '', 'Warehouse 1', 0, 1, 'Each', 2, 223, 8, '2025-07-03 16:33:55', 'Y'),
(137, 224, 'L0575K', 'Lockable Die-Cast Latch Black', 10.000000, 47.210000, '', '', 'Warehouse 1', 0, 1, 'Each', 2, 224, 8, '2025-07-03 16:33:55', 'Y'),
(138, 227, 'HLB22', 'Egg Foam HLB22 1220x2030x9.5Base/28.5Rise', 89.000000, 64.300000, '', '', 'Warehouse 1', 0, 1, 'Each', 2, 227, 8, '2025-07-03 16:33:55', 'Y'),
(139, 235, 'CNC000669', 'Quad Pack P3 LD33/LD45 Foam Fitment including Case', 1050.000000, 3789.590000, '', '', 'Warehouse 1', 0, 1, 'Each', 2, 235, 8, '2025-07-03 16:33:55', 'Y'),
(140, 237, 'R130AE30BKSD-S/S', 'Pln R130 LD SD Black 1900x1000x30mm S/S', 53.000000, 290.070000, '', '', 'Warehouse 1', 0, 1, 'Each', 2, 237, 8, '2025-07-03 16:33:55', 'Y'),
(141, 238, 'R140AF29BKS', 'Pln R140 LD SD Black 1650x900x29mm S/S', 41.000000, 282.730000, '', '', 'Warehouse 1', 0, 1, 'Each', 2, 238, 8, '2025-07-03 16:33:55', 'Y'),
(142, 243, 'BPLY-017', '18mm BB/CP Russian Birch Ply [2400x1200mm]', 31.000000, 139.000000, '', '', 'Warehouse 1', 0, 1, 'Each', 2, 243, 8, '2025-07-03 16:33:55', 'Y'),
(143, 244, 'BPLY-018', '6mm BB/CP Birch Ply [2400x1200mm]', 9.000000, 100.000000, '', '', 'Warehouse 1', 0, 1, 'Each', 2, 244, 8, '2025-07-03 16:33:55', 'Y'),
(144, 246, 'BPLY-020', '9mm BB/BB Birch Ply [2400x1200mm]', 205.000000, 77.000000, '', '', 'Warehouse 1', 0, 1, 'Each', 2, 246, 8, '2025-07-03 16:33:55', 'Y'),
(145, 247, 'R129LD-50-BK-1.2M', 'LD29 - 2000 x 1000 x 50mm-Black- 2x1.2m', 95.000000, 188.530000, '', '', 'Warehouse 1', 0, 1, 'Each', 2, 247, 8, '2025-07-03 16:33:55', 'Y'),
(146, 252, 'F1691', 'Rubber Foot 25.4x25.4mm', 926.000000, 0.900000, '', '', 'Warehouse 1', 0, 1, 'Each', 2, 252, 8, '2025-07-03 16:33:55', 'Y'),
(147, 253, 'L0560Z', 'Small Zinc Draw Bolt', 96.000000, 2.800000, '', '', 'Warehouse 1', 0, 1, 'Each', 2, 253, 8, '2025-07-03 16:33:55', 'Y'),
(148, 254, 'R2295-4UK', 'Aluminium Rack Drawers 4U 14', 4.000000, 226.710000, '', '', 'Warehouse 1', 0, 1, 'Each', 2, 254, 8, '2025-07-03 16:33:55', 'Y'),
(149, 676, 'SCP-LBL', 'Halcon P2 Case Labels', 32800.000000, 2.280000, '', '', 'Warehouse 1', 0, 1, 'Each', 2, 676, 8, '2025-07-03 16:33:55', 'Y'),
(150, 677, 'R133LD-50-BK-2M', 'LD33 - 2000 x 1230 x 50mm,Black', 450.000000, 231.560000, '', '', 'Warehouse 1', 0, 1, 'Each', 2, 677, 8, '2025-07-03 16:33:55', 'Y'),
(151, 256, '1RMM32-DHW', 'Rolling Mixer CS Midas M32', 1.000000, 0.100000, '', '', 'Warehouse 1', 0, 1, 'Each', 2, 256, 8, '2025-07-03 16:33:55', 'Y'),
(152, 257, '1RMQU32-DHW', 'Roto-molded Allen & Heath QU32 Mixer Case w/ wheels', 2.000000, 0.100000, '', '', 'Warehouse 1', 0, 1, 'Each', 2, 257, 8, '2025-07-03 16:33:55', 'Y'),
(153, 258, '1RMTF5-DHW', 'Roto-molded Yamaha TF5 Mixer Case w/ Wheels', 3.000000, 0.100000, '', '', 'Warehouse 1', 0, 1, 'Each', 2, 258, 8, '2025-07-03 16:33:55', 'Y'),
(154, 259, '1RMX32-DHW', 'Roto-molded Behringer X32 Mixer Case w/ wheels', 3.000000, 0.100000, '', '', 'Warehouse 1', 0, 1, 'Each', 2, 259, 8, '2025-07-03 16:33:55', 'Y'),
(155, 260, '1SKB-16', 'Shallow Acoustic Roundback Shaped Hardshell Case', 5.000000, 0.100000, '', '', 'Warehouse 1', 0, 1, 'Each', 2, 260, 8, '2025-07-03 16:33:55', 'Y'),
(156, 261, '1SKB-17', 'Acoustic Roundback Guitar Case', 7.000000, 0.100000, '', '', 'Warehouse 1', 0, 1, 'Each', 2, 261, 8, '2025-07-03 16:33:55', 'Y'),
(157, 263, '1SKB-1916', 'Shockmount Roto Caster Kit', 5.000000, 0.100000, '', '', 'Warehouse 1', 0, 1, 'Each', 2, 263, 8, '2025-07-03 16:33:55', 'Y'),
(158, 264, '1SKB19-R1406', 'The Mighty 07 GigRig', 4.000000, 0.100000, '', '', 'Warehouse 1', 0, 1, 'Each', 2, 264, 8, '2025-07-03 16:33:55', 'Y'),
(159, 266, '1SKB19-RSF4U', 'Roto-Molded 4U Studio Flyer Rack Case', 1.000000, 0.100000, '', '', 'Warehouse 1', 0, 1, 'Each', 2, 266, 8, '2025-07-03 16:33:55', 'Y'),
(160, 274, '1SKB-58', 'Flying V Hardshell Guitar Case', 4.000000, 0.100000, '', '', 'Warehouse 1', 0, 1, 'Each', 2, 274, 8, '2025-07-03 16:33:55', 'Y'),
(161, 275, '1SKB-5817W', 'SKB SKB-5817W ATA Slimline Keyboard Case with Wheels (Black)', 6.000000, 0.100000, '', '', 'Warehouse 1', 0, 1, 'Each', 2, 275, 8, '2025-07-03 16:33:55', 'Y'),
(162, 277, '1SKB-61', 'SG Hardshell Guitar Case', 4.000000, 0.100000, '', '', 'Warehouse 1', 0, 1, 'Each', 2, 277, 8, '2025-07-03 16:33:55', 'Y'),
(163, 278, '1SKB-62', 'Jaguar/Jazzmaster Type Hardshell Case', 11.000000, 0.100000, '', '', 'Warehouse 1', 0, 1, 'Each', 2, 278, 8, '2025-07-03 16:33:55', 'Y'),
(164, 279, '1SKB-63', 'Explorer / Firebird Hardshell Guitar Case', 5.000000, 0.100000, '', '', 'Warehouse 1', 0, 1, 'Each', 2, 279, 8, '2025-07-03 16:33:55', 'Y'),
(165, 283, '1SKB-AV14', 'A/V Shelf for Mighty GigRig', 1.000000, 0.100000, '', '', 'Warehouse 1', 0, 1, 'Each', 2, 283, 8, '2025-07-03 16:33:55', 'Y'),
(166, 284, '1SKB-AV8', '8 Space Audio Video Shelf', 1.000000, 0.100000, '', '', 'Warehouse 1', 0, 1, 'Each', 2, 284, 8, '2025-07-03 16:33:55', 'Y'),
(167, 285, '1SKB-CB22', '22 Cymbal Gig Bag', 4.000000, 0.100000, '', '', 'Warehouse 1', 0, 1, 'Each', 2, 285, 8, '2025-07-03 16:33:55', 'Y'),
(168, 289, '1SKB-D0808', 'Tom Drum Case 8x8', 1.000000, 0.100000, '', '', 'Warehouse 1', 0, 1, 'Each', 2, 289, 8, '2025-07-03 16:33:55', 'Y'),
(169, 290, '1SKB-D0910', 'Tom Drum Case 9x10', 2.000000, 0.100000, '', '', 'Warehouse 1', 0, 1, 'Each', 2, 290, 8, '2025-07-03 16:33:55', 'Y'),
(170, 297, '1SKB-DBS2', 'Drum Soft Gig Bag Set 2', 1.000000, 0.100000, '', '', 'Warehouse 1', 0, 1, 'Each', 2, 297, 8, '2025-07-03 16:33:55', 'Y'),
(171, 298, '1SKB-DBS3', 'Drum Soft Gig Bag Set 3', 2.000000, 0.100000, '', '', 'Warehouse 1', 0, 1, 'Each', 2, 298, 8, '2025-07-03 16:33:55', 'Y'),
(172, 299, '1SKB-DBS4', 'Drum Soft Gig Bag Set 4', 2.000000, 0.100000, '', '', 'Warehouse 1', 0, 1, 'Each', 2, 299, 8, '2025-07-03 16:33:55', 'Y'),
(173, 303, '1SKB-DRP3', 'Drum Package 3- Includes: D1620- D1012- D1616', 1.000000, 0.100000, '', '', 'Warehouse 1', 0, 1, 'Each', 2, 303, 8, '2025-07-03 16:33:55', 'Y'),
(174, 304, '1SKB-DRP4', 'Drum Package 4 -Includes: D1824- D1012- D1616', 1.000000, 0.100000, '', '', 'Warehouse 1', 0, 1, 'Each', 2, 304, 8, '2025-07-03 16:33:55', 'Y'),
(175, 306, '1SKB-GB18', 'Acoustic Style Gig Bag', 16.000000, 0.100000, '', '', 'Warehouse 1', 0, 1, 'Each', 2, 306, 8, '2025-07-03 16:33:55', 'Y'),
(176, 307, '1SKB-GB44', 'Bass Gig Bag', 16.000000, 0.100000, '', '', 'Warehouse 1', 0, 1, 'Each', 2, 307, 8, '2025-07-03 16:33:55', 'Y'),
(177, 308, '1SKB-GB66', 'Electric Guitar Gig Bag', 4.000000, 0.100000, '', '', 'Warehouse 1', 0, 1, 'Each', 2, 308, 8, '2025-07-03 16:33:55', 'Y'),
(178, 309, '1SKB-GSM', 'Taylor GS Mini Acoustic Hard Case', 41.000000, 0.100000, '', '', 'Warehouse 1', 0, 1, 'Each', 2, 309, 8, '2025-07-03 16:33:55', 'Y'),
(179, 311, '1SKB-iSF2U', 'Injection Molded 2U Studio Flyer Rack Case', 15.000000, 0.100000, '', '', 'Warehouse 1', 0, 1, 'Each', 2, 311, 8, '2025-07-03 16:33:55', 'Y'),
(180, 312, '1SKB-iSF4U', 'Injection Molded 4U Studio Flyer Rack Case', 12.000000, 0.100000, '', '', 'Warehouse 1', 0, 1, 'Each', 2, 312, 8, '2025-07-03 16:33:55', 'Y'),
(181, 313, '1SKB-PDL', 'TSA Combination Padlock', 88.000000, 0.100000, '', '', 'Warehouse 1', 0, 1, 'Each', 2, 313, 8, '2025-07-03 16:33:55', 'Y'),
(182, 315, '1SKB-R100', 'Roto-molded 10U Top Mixer Rack', 2.000000, 0.100000, '', '', 'Warehouse 1', 0, 1, 'Each', 2, 315, 8, '2025-07-03 16:33:55', 'Y'),
(183, 316, '1SKB-R102', '10 x 2 Roto Rack/Mixer Console', 3.000000, 0.100000, '', '', 'Warehouse 1', 0, 1, 'Each', 2, 316, 8, '2025-07-03 16:33:55', 'Y'),
(184, 317, '1SKB-R104', 'Audio and DJ Rack Case', 6.000000, 0.100000, '', '', 'Warehouse 1', 0, 1, 'Each', 2, 317, 8, '2025-07-03 16:33:55', 'Y'),
(185, 318, '1SKB-R106', '10x6 Roto Rack Console', 9.000000, 0.100000, '', '', 'Warehouse 1', 0, 1, 'Each', 2, 318, 8, '2025-07-03 16:33:55', 'Y'),
(186, 319, '1SKB-R10U', '10U Roto Rack', 13.000000, 0.100000, '', '', 'Warehouse 1', 0, 1, 'Each', 2, 319, 8, '2025-07-03 16:33:55', 'Y'),
(187, 320, '1SKB-R12U', '12U Roto Rack', 3.000000, 0.100000, '', '', 'Warehouse 1', 0, 1, 'Each', 2, 320, 8, '2025-07-03 16:33:55', 'Y'),
(188, 321, '1SKB-R1906', 'Roto Molded Rack Expansion Case (with wheels)', 7.000000, 0.100000, '', '', 'Warehouse 1', 0, 1, 'Each', 2, 321, 8, '2025-07-03 16:33:55', 'Y'),
(189, 322, '1SKB-R2S', 'Roto-Molded 2U Shallow Rack', 10.000000, 0.100000, '', '', 'Warehouse 1', 0, 1, 'Each', 2, 322, 8, '2025-07-03 16:33:55', 'Y'),
(190, 324, '1SKB-R3411W', 'NEW - Roto-Mold Tripod case (34 x 11) w/wheels', 4.000000, 0.100000, '', '', 'Warehouse 1', 0, 1, 'Each', 2, 324, 8, '2025-07-03 16:33:55', 'Y'),
(191, 326, '1SKB-R3U', '3U Roto Rack', 16.000000, 0.100000, '', '', 'Warehouse 1', 0, 1, 'Each', 2, 326, 8, '2025-07-03 16:33:55', 'Y'),
(192, 327, '1SKB-R4S', 'Roto-Molded 4U Shallow Rack', 12.000000, 0.100000, '', '', 'Warehouse 1', 0, 1, 'Each', 2, 327, 8, '2025-07-03 16:33:55', 'Y'),
(193, 328, '1SKB-R4U', '4U Roto Rack', 12.000000, 0.100000, '', '', 'Warehouse 1', 0, 1, 'Each', 2, 328, 8, '2025-07-03 16:33:55', 'Y'),
(194, 329, '1SKB-R4UW', '4U Roto Rolling Rack', 21.000000, 0.100000, '', '', 'Warehouse 1', 0, 1, 'Each', 2, 329, 8, '2025-07-03 16:33:55', 'Y'),
(195, 330, '1SKB-R6S', 'Roto-Molded 6U Shallow Rack', 2.000000, 0.100000, '', '', 'Warehouse 1', 0, 1, 'Each', 2, 330, 8, '2025-07-03 16:33:55', 'Y'),
(196, 331, '1SKB-R6U', '6U Roto Rack', 22.000000, 0.100000, '', '', 'Warehouse 1', 0, 1, 'Each', 2, 331, 8, '2025-07-03 16:33:55', 'Y'),
(197, 332, '1SKB-R6UW', '6U ROTO-MOLD RACK CASE W/WHEELS', 51.000000, 0.100000, '', '', 'Warehouse 1', 0, 1, 'Each', 2, 332, 8, '2025-07-03 16:33:55', 'Y'),
(198, 334, '1SKB-R8U', '8U Roto Rack', 23.000000, 0.100000, '', '', 'Warehouse 1', 0, 1, 'Each', 2, 334, 8, '2025-07-03 16:33:55', 'Y'),
(199, 335, '1SKB-R8UW', '8U Roto Shockmount Rack Case with Wheels', 10.000000, 0.100000, '', '', 'Warehouse 1', 0, 1, 'Each', 2, 335, 8, '2025-07-03 16:33:55', 'Y'),
(200, 336, '1SKB-R904U20', '20 Deep 4U Roto Shock Rack', 7.000000, 0.100000, '', '', 'Warehouse 1', 0, 1, 'Each', 2, 336, 8, '2025-07-03 16:33:55', 'Y'),
(201, 337, '1SKB-R906U20', '20 Deep 6U Roto Shock Rack', 2.000000, 0.100000, '', '', 'Warehouse 1', 0, 1, 'Each', 2, 337, 8, '2025-07-03 16:33:55', 'Y'),
(202, 338, '1SKB-R908U20', '20 Deep 8U Roto Shock Rack', 9.000000, 0.100000, '', '', 'Warehouse 1', 0, 1, 'Each', 2, 338, 8, '2025-07-03 16:33:55', 'Y'),
(203, 339, '1SKB-R910U20', '20 Deep 10U Roto Shock Rack', 13.000000, 0.100000, '', '', 'Warehouse 1', 0, 1, 'Each', 2, 339, 8, '2025-07-03 16:33:55', 'Y'),
(204, 340, '1SKB-R912U20', '12U 20-inch Deep rSeries Shock Rack', 3.000000, 0.100000, '', '', 'Warehouse 1', 0, 1, 'Each', 2, 340, 8, '2025-07-03 16:33:55', 'Y'),
(205, 341, '1SKB-R916U20', '16U 20-inch Deep rSeries Shock Rack', 1.000000, 0.100000, '', '', 'Warehouse 1', 0, 1, 'Each', 2, 341, 8, '2025-07-03 16:33:55', 'Y'),
(206, 342, '1SKB-RCB', 'Roto and Shallow Rack Caster Platform', 10.000000, 0.100000, '', '', 'Warehouse 1', 0, 1, 'Each', 2, 342, 8, '2025-07-03 16:33:55', 'Y'),
(207, 343, '1SKB-SB100', 'Standard Stick Bag', 29.000000, 0.100000, '', '', 'Warehouse 1', 0, 1, 'Each', 2, 343, 8, '2025-07-03 16:33:55', 'Y'),
(208, 344, '1SKB-SB300', 'Deluxe Stick Gig Bag', 30.000000, 0.100000, '', '', 'Warehouse 1', 0, 1, 'Each', 2, 344, 8, '2025-07-03 16:33:55', 'Y'),
(209, 346, '1SKB-SC1913', 'Controller Soft Case 19 x 13 x 3 (VMS4- Torq Xponent- Axiom 25)', 10.000000, 0.100000, '', '', 'Warehouse 1', 0, 1, 'Each', 2, 346, 8, '2025-07-03 16:33:55', 'Y'),
(210, 347, '1SKB-SC191U', '1U Soft Case Rack', 2.000000, 0.100000, '', '', 'Warehouse 1', 0, 1, 'Each', 2, 347, 8, '2025-07-03 16:33:55', 'Y'),
(211, 348, '1SKB-SC192U', '2U Soft Rack Case', 3.000000, 0.100000, '', '', 'Warehouse 1', 0, 1, 'Each', 2, 348, 8, '2025-07-03 16:33:55', 'Y'),
(212, 349, '1SKB-SC2111', 'Foot Controller Soft Case 21 x 11 x 3 (VG99- FC300- RP1000- M13)', 4.000000, 0.100000, '', '', 'Warehouse 1', 0, 1, 'Each', 2, 349, 8, '2025-07-03 16:33:55', 'Y'),
(213, 350, '1SKB-SC2311', 'Controller Soft Case 23 x 11 x 3.75 (MINIAK- microKORG Vocoder)', 9.000000, 0.100000, '', '', 'Warehouse 1', 0, 1, 'Each', 2, 350, 8, '2025-07-03 16:33:55', 'Y'),
(214, 351, '1SKB-SC2316', '23 x 16 x 5.75 Soft Case for PS-8 and PS-15 Pedalboards', 9.000000, 0.100000, '', '', 'Warehouse 1', 0, 1, 'Each', 2, 351, 8, '2025-07-03 16:33:55', 'Y'),
(215, 352, '1SKB-SC2414', 'DJ/Keyboard Controller Soft Case 24 X 14 4', 11.000000, 0.100000, '', '', 'Warehouse 1', 0, 1, 'Each', 2, 352, 8, '2025-07-03 16:33:55', 'Y'),
(216, 353, '1SKB-SC2709', 'MIDI Foot Controller Soft Case (For FCB1010- MFC10- FC200- CyberFoot)', 9.000000, 0.100000, '', '', 'Warehouse 1', 0, 1, 'Each', 2, 353, 8, '2025-07-03 16:33:55', 'Y'),
(217, 354, '1SKB-SC2714', 'DJ/Keyboard Controller Soft Case 27 X 14 4', 9.000000, 0.100000, '', '', 'Warehouse 1', 0, 1, 'Each', 2, 354, 8, '2025-07-03 16:33:55', 'Y'),
(218, 356, '1SKB-SC3212', 'Controller Soft Case 32 X 12 3.5', 11.000000, 0.100000, '', '', 'Warehouse 1', 0, 1, 'Each', 2, 356, 8, '2025-07-03 16:33:55', 'Y'),
(219, 357, '1SKB-SC56', 'Les Paul Guitar Soft Case', 1.000000, 0.100000, '', '', 'Warehouse 1', 0, 1, 'Each', 2, 357, 8, '2025-07-03 16:33:55', 'Y'),
(220, 359, '1SKB-SC88KW', 'Soft Case for 88-Note Keyboards', 8.000000, 0.100000, '', '', 'Warehouse 1', 0, 1, 'Each', 2, 359, 8, '2025-07-03 16:33:55', 'Y'),
(221, 361, '1SKB-SCFS6', 'Universal Shaped Electric Guitar Soft Case', 2.000000, 0.100000, '', '', 'Warehouse 1', 0, 1, 'Each', 2, 361, 8, '2025-07-03 16:33:55', 'Y'),
(222, 362, '1SKB-SCPM1', 'Small Rolling Powered Speaker/Mixer Soft Case', 2.000000, 0.100000, '', '', 'Warehouse 1', 0, 1, 'Each', 2, 362, 8, '2025-07-03 16:33:55', 'Y'),
(223, 363, '1SKB-UB0909', 'Universal Equipment/Mixer Bag 9 x 9 x 2.5', 18.000000, 0.100000, '', '', 'Warehouse 1', 0, 1, 'Each', 2, 363, 8, '2025-07-03 16:33:55', 'Y'),
(224, 364, '1SKB-UB1212', 'Universal Equipment/Mixer Bag 12 x 12 x 4', 19.000000, 0.100000, '', '', 'Warehouse 1', 0, 1, 'Each', 2, 364, 8, '2025-07-03 16:33:55', 'Y'),
(225, 365, '1SKB-UB1515', 'Universal Equipment/Mixer Bag 15 x 15 x 5', 20.000000, 0.100000, '', '', 'Warehouse 1', 0, 1, 'Each', 2, 365, 8, '2025-07-03 16:33:55', 'Y'),
(226, 366, '1SKB-UB1818', 'Universal Equipment/Mixer Bag 18 x 18 x 5', 18.000000, 0.100000, '', '', 'Warehouse 1', 0, 1, 'Each', 2, 366, 8, '2025-07-03 16:33:55', 'Y'),
(227, 367, '1SKB-UB2020', 'Universal Equipment/Mixer Bag 20 x 20 x 5', 16.000000, 0.100000, '', '', 'Warehouse 1', 0, 1, 'Each', 2, 367, 8, '2025-07-03 16:33:55', 'Y'),
(228, 369, '2SFR-5013', 'SFR 5013 Double Rifle Case', 22.000000, 0.100000, '', '', 'Warehouse 1', 0, 1, 'Each', 2, 369, 8, '2025-07-03 16:33:55', 'Y'),
(229, 371, '2SKB-4009', 'ATA Short Double Rifle Case 4009', 15.000000, 0.100000, '', '', 'Warehouse 1', 0, 1, 'Each', 2, 371, 8, '2025-07-03 16:33:55', 'Y'),
(230, 373, '2SKB-4117-H', 'Hoyt Hunter Series Bow Case', 39.000000, 0.100000, '', '', 'Warehouse 1', 0, 1, 'Each', 2, 373, 8, '2025-07-03 16:33:55', 'Y'),
(231, 375, '2SKB-4206-B', '4206 Archery Bag', 25.000000, 0.100000, '', '', 'Warehouse 1', 0, 1, 'Each', 2, 375, 8, '2025-07-03 16:33:55', 'Y'),
(232, 376, '2SKB-4814W', 'Deluxe Standard ATA Golf Travel Case', 2.000000, 0.100000, '', '', 'Warehouse 1', 0, 1, 'Each', 2, 376, 8, '2025-07-03 16:33:55', 'Y'),
(233, 377, '2SKB-5009', 'Double Rifle Transport Case 5009', 18.000000, 0.100000, '', '', 'Warehouse 1', 0, 1, 'Each', 2, 377, 8, '2025-07-03 16:33:55', 'Y'),
(234, 380, '2SKB-HG15-BK', 'Dry-Tek 15 Handgun Bag', 1.000000, 0.100000, '', '', 'Warehouse 1', 0, 1, 'Each', 2, 380, 8, '2025-07-03 16:33:55', 'Y'),
(235, 382, '2SKB-SC3409', 'Hybrid Breakdown Shotgun Case 3409', 2.000000, 0.100000, '', '', 'Warehouse 1', 0, 1, 'Each', 2, 382, 8, '2025-07-03 16:33:55', 'Y');

--
-- Indexes for dumped tables
--

--
-- Indexes for table `erp_acc_allocation`
--
ALTER TABLE `erp_acc_allocation`
  ADD PRIMARY KEY (`id`);

--
-- Indexes for table `erp_acc_allocation_items`
--
ALTER TABLE `erp_acc_allocation_items`
  ADD PRIMARY KEY (`id`);

--
-- Indexes for table `erp_acc_audit_close`
--
ALTER TABLE `erp_acc_audit_close`
  ADD PRIMARY KEY (`id`);

--
-- Indexes for table `erp_acc_audit_close_details`
--
ALTER TABLE `erp_acc_audit_close_details`
  ADD PRIMARY KEY (`id`);

--
-- Indexes for table `erp_acc_audit_log`
--
ALTER TABLE `erp_acc_audit_log`
  ADD PRIMARY KEY (`id`);

--
-- Indexes for table `erp_acc_general_settings`
--
ALTER TABLE `erp_acc_general_settings`
  ADD PRIMARY KEY (`id`);

--
-- Indexes for table `erp_acc_ledger`
--
ALTER TABLE `erp_acc_ledger`
  ADD PRIMARY KEY (`id`),
  ADD KEY `ledger` (`ledger_acc_no`,`ledger_acc_name`,`level`,`ledger_main_acc`,`root`,`is_parent`) USING BTREE,
  ADD KEY `ledger_id` (`id`);

--
-- Indexes for table `erp_acc_mas_acc_year`
--
ALTER TABLE `erp_acc_mas_acc_year`
  ADD PRIMARY KEY (`id`);

--
-- Indexes for table `erp_acc_mas_branch`
--
ALTER TABLE `erp_acc_mas_branch`
  ADD PRIMARY KEY (`id`);

--
-- Indexes for table `erp_acc_mas_company`
--
ALTER TABLE `erp_acc_mas_company`
  ADD PRIMARY KEY (`id`);

--
-- Indexes for table `erp_acc_mas_cost_center`
--
ALTER TABLE `erp_acc_mas_cost_center`
  ADD PRIMARY KEY (`id`);

--
-- Indexes for table `erp_acc_payment_ledger`
--
ALTER TABLE `erp_acc_payment_ledger`
  ADD PRIMARY KEY (`id`);

--
-- Indexes for table `erp_acc_payment_mode`
--
ALTER TABLE `erp_acc_payment_mode`
  ADD PRIMARY KEY (`id`);

--
-- Indexes for table `erp_acc_reconciliation`
--
ALTER TABLE `erp_acc_reconciliation`
  ADD PRIMARY KEY (`id`),
  ADD KEY `ledger_id` (`ledger_id`),
  ADD KEY `subledger_id` (`subledger_id`);

--
-- Indexes for table `erp_acc_security_cheque`
--
ALTER TABLE `erp_acc_security_cheque`
  ADD PRIMARY KEY (`id`);

--
-- Indexes for table `erp_acc_subledger`
--
ALTER TABLE `erp_acc_subledger`
  ADD PRIMARY KEY (`id`);

--
-- Indexes for table `erp_acc_subledger_type`
--
ALTER TABLE `erp_acc_subledger_type`
  ADD PRIMARY KEY (`id`);

--
-- Indexes for table `erp_acc_system_accounts_mapping`
--
ALTER TABLE `erp_acc_system_accounts_mapping`
  ADD PRIMARY KEY (`id`);

--
-- Indexes for table `erp_acc_voucher`
--
ALTER TABLE `erp_acc_voucher`
  ADD PRIMARY KEY (`id`);

--
-- Indexes for table `erp_acc_voucher_items`
--
ALTER TABLE `erp_acc_voucher_items`
  ADD PRIMARY KEY (`id`);

--
-- Indexes for table `erp_acc_voucher_items_ref`
--
ALTER TABLE `erp_acc_voucher_items_ref`
  ADD PRIMARY KEY (`id`);

--
-- Indexes for table `erp_acc_voucher_type`
--
ALTER TABLE `erp_acc_voucher_type`
  ADD PRIMARY KEY (`id`);

--
-- Indexes for table `erp_acc_voucher_type_details`
--
ALTER TABLE `erp_acc_voucher_type_details`
  ADD PRIMARY KEY (`id`);

--
-- Indexes for table `erp_activity`
--
ALTER TABLE `erp_activity`
  ADD PRIMARY KEY (`id`),
  ADD KEY `date_to_do` (`deadline_date_time`),
  ADD KEY `date_of_activity` (`task_date_time`),
  ADD KEY `date_to_do_2` (`deadline_date_time`);

--
-- Indexes for table `erp_activity_master`
--
ALTER TABLE `erp_activity_master`
  ADD PRIMARY KEY (`id`);

--
-- Indexes for table `erp_activity_mas_added_from`
--
ALTER TABLE `erp_activity_mas_added_from`
  ADD PRIMARY KEY (`id`);

--
-- Indexes for table `erp_activity_notes_history`
--
ALTER TABLE `erp_activity_notes_history`
  ADD PRIMARY KEY (`id`);

--
-- Indexes for table `erp_activity_prospects`
--
ALTER TABLE `erp_activity_prospects`
  ADD PRIMARY KEY (`id`),
  ADD KEY `contact_id` (`contact_id`),
  ADD KEY `typ_of_activity` (`type_of_activity`),
  ADD KEY `date_to_do` (`date_to_do`),
  ADD KEY `date_of_activity` (`date_of_activity`),
  ADD KEY `crm_user_id` (`crm_user_id`),
  ADD KEY `date_to_do_2` (`date_to_do`);

--
-- Indexes for table `erp_activity_status`
--
ALTER TABLE `erp_activity_status`
  ADD PRIMARY KEY (`id`);

--
-- Indexes for table `erp_activity_type`
--
ALTER TABLE `erp_activity_type`
  ADD PRIMARY KEY (`id`);

--
-- Indexes for table `erp_allocated_materials`
--
ALTER TABLE `erp_allocated_materials`
  ADD PRIMARY KEY (`id`),
  ADD KEY `product_id` (`product_id`),
  ADD KEY `file_id` (`file_id`),
  ADD KEY `allocation_date` (`allocation_date`),
  ADD KEY `allocation_end_date` (`allocation_end_date`),
  ADD KEY `allocated_from` (`allocated_from`);

--
-- Indexes for table `erp_api_call`
--
ALTER TABLE `erp_api_call`
  ADD PRIMARY KEY (`id`);

--
-- Indexes for table `erp_api_master_settings`
--
ALTER TABLE `erp_api_master_settings`
  ADD PRIMARY KEY (`id`);

--
-- Indexes for table `erp_application_images`
--
ALTER TABLE `erp_application_images`
  ADD PRIMARY KEY (`id`);

--
-- Indexes for table `erp_approval_history`
--
ALTER TABLE `erp_approval_history`
  ADD PRIMARY KEY (`id`);

--
-- Indexes for table `erp_approval_level_details`
--
ALTER TABLE `erp_approval_level_details`
  ADD PRIMARY KEY (`id`);

--
-- Indexes for table `erp_approval_level_general`
--
ALTER TABLE `erp_approval_level_general`
  ADD PRIMARY KEY (`id`);

--
-- Indexes for table `erp_audit_log`
--
ALTER TABLE `erp_audit_log`
  ADD PRIMARY KEY (`id`);

--
-- Indexes for table `erp_audit_log_functionality_lookup`
--
ALTER TABLE `erp_audit_log_functionality_lookup`
  ADD PRIMARY KEY (`id`);

--
-- Indexes for table `erp_brand_sales_target`
--
ALTER TABLE `erp_brand_sales_target`
  ADD PRIMARY KEY (`id`);

--
-- Indexes for table `erp_change_rack_bin`
--
ALTER TABLE `erp_change_rack_bin`
  ADD PRIMARY KEY (`id`);

--
-- Indexes for table `erp_cheque_collection`
--
ALTER TABLE `erp_cheque_collection`
  ADD PRIMARY KEY (`id`);

--
-- Indexes for table `erp_ch_template`
--
ALTER TABLE `erp_ch_template`
  ADD PRIMARY KEY (`id`);

--
-- Indexes for table `erp_color_settings`
--
ALTER TABLE `erp_color_settings`
  ADD PRIMARY KEY (`id`);

--
-- Indexes for table `erp_company_settings`
--
ALTER TABLE `erp_company_settings`
  ADD PRIMARY KEY (`id`);

--
-- Indexes for table `erp_cost_price_group`
--
ALTER TABLE `erp_cost_price_group`
  ADD PRIMARY KEY (`id`);

--
-- Indexes for table `erp_cost_price_group_name`
--
ALTER TABLE `erp_cost_price_group_name`
  ADD PRIMARY KEY (`id`);

--
-- Indexes for table `erp_creditnote`
--
ALTER TABLE `erp_creditnote`
  ADD PRIMARY KEY (`id`),
  ADD KEY `crm_user_id` (`crm_user_id`),
  ADD KEY `company_id` (`customer_id`),
  ADD KEY `file_id` (`file_id`),
  ADD KEY `contact_id` (`contact_id`),
  ADD KEY `isActive` (`isActive`),
  ADD KEY `credit_date` (`credited_date`);

--
-- Indexes for table `erp_creditnote_addition`
--
ALTER TABLE `erp_creditnote_addition`
  ADD PRIMARY KEY (`id`),
  ADD KEY `creditnote_id` (`creditnote_id`);

--
-- Indexes for table `erp_creditnote_deduction`
--
ALTER TABLE `erp_creditnote_deduction`
  ADD PRIMARY KEY (`id`),
  ADD KEY `creditnote_id` (`creditnote_id`);

--
-- Indexes for table `erp_creditnote_item`
--
ALTER TABLE `erp_creditnote_item`
  ADD PRIMARY KEY (`id`),
  ADD KEY `product_id` (`product_id`),
  ADD KEY `creditnote_id` (`creditnote_id`),
  ADD KEY `deliverynote_id` (`deliverynote_id`);

--
-- Indexes for table `erp_customer_contact`
--
ALTER TABLE `erp_customer_contact`
  ADD PRIMARY KEY (`id`),
  ADD KEY `company_id` (`customer_id`),
  ADD KEY `id` (`id`);

--
-- Indexes for table `erp_customer_dashboard`
--
ALTER TABLE `erp_customer_dashboard`
  ADD PRIMARY KEY (`id`);

--
-- Indexes for table `erp_customer_docs`
--
ALTER TABLE `erp_customer_docs`
  ADD PRIMARY KEY (`id`);

--
-- Indexes for table `erp_customer_feedback`
--
ALTER TABLE `erp_customer_feedback`
  ADD PRIMARY KEY (`id`);

--
-- Indexes for table `erp_customer_feedback_details`
--
ALTER TABLE `erp_customer_feedback_details`
  ADD PRIMARY KEY (`id`);

--
-- Indexes for table `erp_customer_pricing_group`
--
ALTER TABLE `erp_customer_pricing_group`
  ADD PRIMARY KEY (`id`);

--
-- Indexes for table `erp_customer_shipping_details`
--
ALTER TABLE `erp_customer_shipping_details`
  ADD PRIMARY KEY (`id`);

--
-- Indexes for table `erp_damaged_store`
--
ALTER TABLE `erp_damaged_store`
  ADD PRIMARY KEY (`id`);

--
-- Indexes for table `erp_damaged_store_details`
--
ALTER TABLE `erp_damaged_store_details`
  ADD PRIMARY KEY (`id`);

--
-- Indexes for table `erp_damaged_store_material_details`
--
ALTER TABLE `erp_damaged_store_material_details`
  ADD PRIMARY KEY (`id`);

--
-- Indexes for table `erp_delivery_item`
--
ALTER TABLE `erp_delivery_item`
  ADD PRIMARY KEY (`id`),
  ADD KEY `delivery_note_id` (`delivery_note_id`),
  ADD KEY `product_id` (`product_id`);

--
-- Indexes for table `erp_delivery_note`
--
ALTER TABLE `erp_delivery_note`
  ADD PRIMARY KEY (`id`),
  ADD KEY `company_id` (`customer_id`,`contact_id`),
  ADD KEY `contact_id` (`contact_id`),
  ADD KEY `order_id` (`order_id`),
  ADD KEY `isActive` (`isActive`),
  ADD KEY `invoiced` (`invoiced`),
  ADD KEY `sales_group` (`sales_group`),
  ADD KEY `delivery_date` (`delivery_date`),
  ADD KEY `file_id` (`file_id`),
  ADD KEY `ready_to_invoice` (`ready_to_invoice`);

--
-- Indexes for table `erp_demo_item_details`
--
ALTER TABLE `erp_demo_item_details`
  ADD PRIMARY KEY (`id`);

--
-- Indexes for table `erp_demo_item_details_return`
--
ALTER TABLE `erp_demo_item_details_return`
  ADD PRIMARY KEY (`id`);

--
-- Indexes for table `erp_demo_item_general`
--
ALTER TABLE `erp_demo_item_general`
  ADD PRIMARY KEY (`id`);

--
-- Indexes for table `erp_dining_table`
--
ALTER TABLE `erp_dining_table`
  ADD PRIMARY KEY (`id`);

--
-- Indexes for table `erp_direct_invoice`
--
ALTER TABLE `erp_direct_invoice`
  ADD PRIMARY KEY (`id`);

--
-- Indexes for table `erp_direct_invoice_addition`
--
ALTER TABLE `erp_direct_invoice_addition`
  ADD PRIMARY KEY (`id`),
  ADD KEY `quotes_id` (`invoice_id`);

--
-- Indexes for table `erp_direct_invoice_deduction`
--
ALTER TABLE `erp_direct_invoice_deduction`
  ADD PRIMARY KEY (`id`),
  ADD KEY `quotes_id` (`invoice_id`);

--
-- Indexes for table `erp_direct_invoice_item`
--
ALTER TABLE `erp_direct_invoice_item`
  ADD PRIMARY KEY (`id`),
  ADD KEY `invoice_id` (`invoice_id`),
  ADD KEY `product_id` (`product_id`);

--
-- Indexes for table `erp_direct_purchase_invoice`
--
ALTER TABLE `erp_direct_purchase_invoice`
  ADD PRIMARY KEY (`id`);

--
-- Indexes for table `erp_direct_purchase_invoice_addition`
--
ALTER TABLE `erp_direct_purchase_invoice_addition`
  ADD PRIMARY KEY (`id`),
  ADD KEY `quotes_id` (`purchasing_invoice_id`);

--
-- Indexes for table `erp_direct_purchase_invoice_deduction`
--
ALTER TABLE `erp_direct_purchase_invoice_deduction`
  ADD PRIMARY KEY (`id`),
  ADD KEY `quotes_id` (`purchasing_invoice_id`);

--
-- Indexes for table `erp_direct_purchase_invoice_item`
--
ALTER TABLE `erp_direct_purchase_invoice_item`
  ADD PRIMARY KEY (`id`),
  ADD KEY `invoice_id` (`purchasing_invoice_id`),
  ADD KEY `product_id` (`product_id`);

--
-- Indexes for table `erp_document`
--
ALTER TABLE `erp_document`
  ADD PRIMARY KEY (`id`),
  ADD KEY `process_id` (`file_id`),
  ADD KEY `uploaded_from` (`uploaded_from`),
  ADD KEY `isActive` (`isActive`);

--
-- Indexes for table `erp_employee_rate`
--
ALTER TABLE `erp_employee_rate`
  ADD PRIMARY KEY (`id`);

--
-- Indexes for table `erp_file_note`
--
ALTER TABLE `erp_file_note`
  ADD PRIMARY KEY (`id`);

--
-- Indexes for table `erp_fixed_asset_depreciation`
--
ALTER TABLE `erp_fixed_asset_depreciation`
  ADD PRIMARY KEY (`id`);

--
-- Indexes for table `erp_fixed_asset_master`
--
ALTER TABLE `erp_fixed_asset_master`
  ADD PRIMARY KEY (`id`);

--
-- Indexes for table `erp_fixed_asset_register`
--
ALTER TABLE `erp_fixed_asset_register`
  ADD PRIMARY KEY (`id`);

--
-- Indexes for table `erp_fixed_asset_register_03092025`
--
ALTER TABLE `erp_fixed_asset_register_03092025`
  ADD PRIMARY KEY (`id`);

--
-- Indexes for table `erp_flyers`
--
ALTER TABLE `erp_flyers`
  ADD PRIMARY KEY (`id`);

--
-- Indexes for table `erp_flyer_bulk_send`
--
ALTER TABLE `erp_flyer_bulk_send`
  ADD PRIMARY KEY (`id`);

--
-- Indexes for table `erp_flyer_contact`
--
ALTER TABLE `erp_flyer_contact`
  ADD PRIMARY KEY (`id`);

--
-- Indexes for table `erp_fm_technician`
--
ALTER TABLE `erp_fm_technician`
  ADD PRIMARY KEY (`id`);

--
-- Indexes for table `erp_hr_appraisal`
--
ALTER TABLE `erp_hr_appraisal`
  ADD PRIMARY KEY (`id`);

--
-- Indexes for table `erp_hr_appraisal_analysis`
--
ALTER TABLE `erp_hr_appraisal_analysis`
  ADD PRIMARY KEY (`id`);

--
-- Indexes for table `erp_hr_appraisal_department`
--
ALTER TABLE `erp_hr_appraisal_department`
  ADD PRIMARY KEY (`id`),
  ADD UNIQUE KEY `bank_name` (`department_name`);

--
-- Indexes for table `erp_hr_appraisal_questions`
--
ALTER TABLE `erp_hr_appraisal_questions`
  ADD PRIMARY KEY (`id`);

--
-- Indexes for table `erp_hr_appraisal_type`
--
ALTER TABLE `erp_hr_appraisal_type`
  ADD PRIMARY KEY (`id`);

--
-- Indexes for table `erp_hr_attendance_log`
--
ALTER TABLE `erp_hr_attendance_log`
  ADD PRIMARY KEY (`id`);

--
-- Indexes for table `erp_hr_attendance_manager`
--
ALTER TABLE `erp_hr_attendance_manager`
  ADD PRIMARY KEY (`id`),
  ADD UNIQUE KEY `bank_name` (`employee_id`);

--
-- Indexes for table `erp_hr_attendance_punch_history`
--
ALTER TABLE `erp_hr_attendance_punch_history`
  ADD PRIMARY KEY (`id`);

--
-- Indexes for table `erp_hr_attendance_upload_format`
--
ALTER TABLE `erp_hr_attendance_upload_format`
  ADD PRIMARY KEY (`id`);

--
-- Indexes for table `erp_hr_audit_log`
--
ALTER TABLE `erp_hr_audit_log`
  ADD PRIMARY KEY (`id`);

--
-- Indexes for table `erp_hr_audit_log_functionality`
--
ALTER TABLE `erp_hr_audit_log_functionality`
  ADD PRIMARY KEY (`id`);

--
-- Indexes for table `erp_hr_bank`
--
ALTER TABLE `erp_hr_bank`
  ADD PRIMARY KEY (`id`);

--
-- Indexes for table `erp_hr_calendar_notification`
--
ALTER TABLE `erp_hr_calendar_notification`
  ADD PRIMARY KEY (`id`);

--
-- Indexes for table `erp_hr_company_catalogue`
--
ALTER TABLE `erp_hr_company_catalogue`
  ADD PRIMARY KEY (`id`);

--
-- Indexes for table `erp_hr_company_circular`
--
ALTER TABLE `erp_hr_company_circular`
  ADD PRIMARY KEY (`id`);

--
-- Indexes for table `erp_hr_company_document`
--
ALTER TABLE `erp_hr_company_document`
  ADD PRIMARY KEY (`id`);

--
-- Indexes for table `erp_hr_company_inprocess_document`
--
ALTER TABLE `erp_hr_company_inprocess_document`
  ADD PRIMARY KEY (`id`);

--
-- Indexes for table `erp_hr_company_templates`
--
ALTER TABLE `erp_hr_company_templates`
  ADD PRIMARY KEY (`id`);

--
-- Indexes for table `erp_hr_department`
--
ALTER TABLE `erp_hr_department`
  ADD PRIMARY KEY (`id`),
  ADD UNIQUE KEY `bank_name` (`department_name`);

--
-- Indexes for table `erp_hr_department_approve_level`
--
ALTER TABLE `erp_hr_department_approve_level`
  ADD PRIMARY KEY (`id`);

--
-- Indexes for table `erp_hr_designation`
--
ALTER TABLE `erp_hr_designation`
  ADD PRIMARY KEY (`id`),
  ADD UNIQUE KEY `bank_name` (`designation_name`);

--
-- Indexes for table `erp_hr_employee_approve_level`
--
ALTER TABLE `erp_hr_employee_approve_level`
  ADD PRIMARY KEY (`id`);

--
-- Indexes for table `erp_hr_employee_asset`
--
ALTER TABLE `erp_hr_employee_asset`
  ADD PRIMARY KEY (`id`);

--
-- Indexes for table `erp_hr_employee_attendance`
--
ALTER TABLE `erp_hr_employee_attendance`
  ADD PRIMARY KEY (`id`);

--
-- Indexes for table `erp_hr_employee_attendance_excuse`
--
ALTER TABLE `erp_hr_employee_attendance_excuse`
  ADD PRIMARY KEY (`id`);

--
-- Indexes for table `erp_hr_employee_attendance_excuse_details`
--
ALTER TABLE `erp_hr_employee_attendance_excuse_details`
  ADD PRIMARY KEY (`id`);

--
-- Indexes for table `erp_hr_employee_attendance_warning`
--
ALTER TABLE `erp_hr_employee_attendance_warning`
  ADD PRIMARY KEY (`id`);

--
-- Indexes for table `erp_hr_employee_biometric_exclude`
--
ALTER TABLE `erp_hr_employee_biometric_exclude`
  ADD PRIMARY KEY (`id`);

--
-- Indexes for table `erp_hr_employee_branch`
--
ALTER TABLE `erp_hr_employee_branch`
  ADD PRIMARY KEY (`id`);

--
-- Indexes for table `erp_hr_employee_brand_salary_percent`
--
ALTER TABLE `erp_hr_employee_brand_salary_percent`
  ADD PRIMARY KEY (`id`);

--
-- Indexes for table `erp_hr_employee_bussiness_trip`
--
ALTER TABLE `erp_hr_employee_bussiness_trip`
  ADD PRIMARY KEY (`id`);

--
-- Indexes for table `erp_hr_employee_certificate`
--
ALTER TABLE `erp_hr_employee_certificate`
  ADD PRIMARY KEY (`id`);

--
-- Indexes for table `erp_hr_employee_complaint_suggestion`
--
ALTER TABLE `erp_hr_employee_complaint_suggestion`
  ADD PRIMARY KEY (`id`);

--
-- Indexes for table `erp_hr_employee_contacts`
--
ALTER TABLE `erp_hr_employee_contacts`
  ADD PRIMARY KEY (`id`);

--
-- Indexes for table `erp_hr_employee_department`
--
ALTER TABLE `erp_hr_employee_department`
  ADD PRIMARY KEY (`id`);

--
-- Indexes for table `erp_hr_employee_dependants`
--
ALTER TABLE `erp_hr_employee_dependants`
  ADD PRIMARY KEY (`id`);

--
-- Indexes for table `erp_hr_employee_designation`
--
ALTER TABLE `erp_hr_employee_designation`
  ADD PRIMARY KEY (`id`);

--
-- Indexes for table `erp_hr_employee_documents`
--
ALTER TABLE `erp_hr_employee_documents`
  ADD PRIMARY KEY (`id`);

--
-- Indexes for table `erp_hr_employee_document_expiry`
--
ALTER TABLE `erp_hr_employee_document_expiry`
  ADD PRIMARY KEY (`id`);

--
-- Indexes for table `erp_hr_employee_eos`
--
ALTER TABLE `erp_hr_employee_eos`
  ADD PRIMARY KEY (`id`);

--
-- Indexes for table `erp_hr_employee_eos_clearance`
--
ALTER TABLE `erp_hr_employee_eos_clearance`
  ADD PRIMARY KEY (`id`);

--
-- Indexes for table `erp_hr_employee_eos_clearance_details`
--
ALTER TABLE `erp_hr_employee_eos_clearance_details`
  ADD PRIMARY KEY (`id`);

--
-- Indexes for table `erp_hr_employee_eos_details`
--
ALTER TABLE `erp_hr_employee_eos_details`
  ADD PRIMARY KEY (`id`);

--
-- Indexes for table `erp_hr_employee_eos_payment`
--
ALTER TABLE `erp_hr_employee_eos_payment`
  ADD PRIMARY KEY (`id`);

--
-- Indexes for table `erp_hr_employee_expense`
--
ALTER TABLE `erp_hr_employee_expense`
  ADD PRIMARY KEY (`id`);

--
-- Indexes for table `erp_hr_employee_expense_details`
--
ALTER TABLE `erp_hr_employee_expense_details`
  ADD PRIMARY KEY (`id`);

--
-- Indexes for table `erp_hr_employee_geocode`
--
ALTER TABLE `erp_hr_employee_geocode`
  ADD PRIMARY KEY (`id`);

--
-- Indexes for table `erp_hr_employee_geocode_history`
--
ALTER TABLE `erp_hr_employee_geocode_history`
  ADD PRIMARY KEY (`id`);

--
-- Indexes for table `erp_hr_employee_inout_document`
--
ALTER TABLE `erp_hr_employee_inout_document`
  ADD PRIMARY KEY (`id`);

--
-- Indexes for table `erp_hr_employee_inprocess_document`
--
ALTER TABLE `erp_hr_employee_inprocess_document`
  ADD PRIMARY KEY (`id`);

--
-- Indexes for table `erp_hr_employee_leave`
--
ALTER TABLE `erp_hr_employee_leave`
  ADD PRIMARY KEY (`id`);

--
-- Indexes for table `erp_hr_employee_leavesettlement`
--
ALTER TABLE `erp_hr_employee_leavesettlement`
  ADD PRIMARY KEY (`id`);

--
-- Indexes for table `erp_hr_employee_leave_detail`
--
ALTER TABLE `erp_hr_employee_leave_detail`
  ADD PRIMARY KEY (`id`);

--
-- Indexes for table `erp_hr_employee_leave_encashment`
--
ALTER TABLE `erp_hr_employee_leave_encashment`
  ADD PRIMARY KEY (`id`);

--
-- Indexes for table `erp_hr_employee_leave_excuse`
--
ALTER TABLE `erp_hr_employee_leave_excuse`
  ADD PRIMARY KEY (`id`);

--
-- Indexes for table `erp_hr_employee_leave_ledger`
--
ALTER TABLE `erp_hr_employee_leave_ledger`
  ADD PRIMARY KEY (`id`);

--
-- Indexes for table `erp_hr_employee_leave_migrated`
--
ALTER TABLE `erp_hr_employee_leave_migrated`
  ADD PRIMARY KEY (`id`);

--
-- Indexes for table `erp_hr_employee_loan`
--
ALTER TABLE `erp_hr_employee_loan`
  ADD PRIMARY KEY (`id`);

--
-- Indexes for table `erp_hr_employee_loan_detail`
--
ALTER TABLE `erp_hr_employee_loan_detail`
  ADD PRIMARY KEY (`id`);

--
-- Indexes for table `erp_hr_employee_notes`
--
ALTER TABLE `erp_hr_employee_notes`
  ADD PRIMARY KEY (`id`);

--
-- Indexes for table `erp_hr_employee_notice_conduct`
--
ALTER TABLE `erp_hr_employee_notice_conduct`
  ADD PRIMARY KEY (`id`);

--
-- Indexes for table `erp_hr_employee_offboard`
--
ALTER TABLE `erp_hr_employee_offboard`
  ADD PRIMARY KEY (`id`);

--
-- Indexes for table `erp_hr_employee_overtime`
--
ALTER TABLE `erp_hr_employee_overtime`
  ADD PRIMARY KEY (`id`);

--
-- Indexes for table `erp_hr_employee_pension`
--
ALTER TABLE `erp_hr_employee_pension`
  ADD PRIMARY KEY (`id`);

--
-- Indexes for table `erp_hr_employee_purchase`
--
ALTER TABLE `erp_hr_employee_purchase`
  ADD PRIMARY KEY (`id`);

--
-- Indexes for table `erp_hr_employee_purchase_detail`
--
ALTER TABLE `erp_hr_employee_purchase_detail`
  ADD PRIMARY KEY (`id`);

--
-- Indexes for table `erp_hr_employee_qualification`
--
ALTER TABLE `erp_hr_employee_qualification`
  ADD PRIMARY KEY (`id`);

--
-- Indexes for table `erp_hr_employee_resignation`
--
ALTER TABLE `erp_hr_employee_resignation`
  ADD PRIMARY KEY (`id`);

--
-- Indexes for table `erp_hr_employee_salary`
--
ALTER TABLE `erp_hr_employee_salary`
  ADD PRIMARY KEY (`id`);

--
-- Indexes for table `erp_hr_employee_salary_advance`
--
ALTER TABLE `erp_hr_employee_salary_advance`
  ADD PRIMARY KEY (`id`);

--
-- Indexes for table `erp_hr_employee_salary_advance_payment`
--
ALTER TABLE `erp_hr_employee_salary_advance_payment`
  ADD PRIMARY KEY (`id`);

--
-- Indexes for table `erp_hr_employee_salary_deduction_leave`
--
ALTER TABLE `erp_hr_employee_salary_deduction_leave`
  ADD PRIMARY KEY (`id`);

--
-- Indexes for table `erp_hr_employee_shift`
--
ALTER TABLE `erp_hr_employee_shift`
  ADD PRIMARY KEY (`id`);

--
-- Indexes for table `erp_hr_employee_target`
--
ALTER TABLE `erp_hr_employee_target`
  ADD PRIMARY KEY (`id`);

--
-- Indexes for table `erp_hr_employee_team`
--
ALTER TABLE `erp_hr_employee_team`
  ADD PRIMARY KEY (`id`);

--
-- Indexes for table `erp_hr_employee_ticket`
--
ALTER TABLE `erp_hr_employee_ticket`
  ADD PRIMARY KEY (`id`);

--
-- Indexes for table `erp_hr_employee_ticket_encashment`
--
ALTER TABLE `erp_hr_employee_ticket_encashment`
  ADD PRIMARY KEY (`id`);

--
-- Indexes for table `erp_hr_employee_ticket_entitlement`
--
ALTER TABLE `erp_hr_employee_ticket_entitlement`
  ADD PRIMARY KEY (`id`);

--
-- Indexes for table `erp_hr_employee_ticket_ledger`
--
ALTER TABLE `erp_hr_employee_ticket_ledger`
  ADD PRIMARY KEY (`id`);

--
-- Indexes for table `erp_hr_employee_ticket_setting`
--
ALTER TABLE `erp_hr_employee_ticket_setting`
  ADD PRIMARY KEY (`id`);

--
-- Indexes for table `erp_hr_employee_wps_company`
--
ALTER TABLE `erp_hr_employee_wps_company`
  ADD PRIMARY KEY (`id`);

--
-- Indexes for table `erp_hr_eos_gratuity_details`
--
ALTER TABLE `erp_hr_eos_gratuity_details`
  ADD PRIMARY KEY (`id`);

--
-- Indexes for table `erp_hr_expense`
--
ALTER TABLE `erp_hr_expense`
  ADD PRIMARY KEY (`id`);

--
-- Indexes for table `erp_hr_expense_detail`
--
ALTER TABLE `erp_hr_expense_detail`
  ADD PRIMARY KEY (`id`);

--
-- Indexes for table `erp_hr_expense_master`
--
ALTER TABLE `erp_hr_expense_master`
  ADD PRIMARY KEY (`id`);

--
-- Indexes for table `erp_hr_holiday_allowance`
--
ALTER TABLE `erp_hr_holiday_allowance`
  ADD PRIMARY KEY (`id`);

--
-- Indexes for table `erp_hr_leavesettlement`
--
ALTER TABLE `erp_hr_leavesettlement`
  ADD PRIMARY KEY (`id`);

--
-- Indexes for table `erp_hr_mail_settings`
--
ALTER TABLE `erp_hr_mail_settings`
  ADD PRIMARY KEY (`id`);

--
-- Indexes for table `erp_hr_mail_status`
--
ALTER TABLE `erp_hr_mail_status`
  ADD PRIMARY KEY (`id`);

--
-- Indexes for table `erp_hr_master_function`
--
ALTER TABLE `erp_hr_master_function`
  ADD PRIMARY KEY (`id`);

--
-- Indexes for table `erp_hr_master_mail_detail`
--
ALTER TABLE `erp_hr_master_mail_detail`
  ADD PRIMARY KEY (`id`);

--
-- Indexes for table `erp_hr_master_salary_lock`
--
ALTER TABLE `erp_hr_master_salary_lock`
  ADD PRIMARY KEY (`id`);

--
-- Indexes for table `erp_hr_master_salary_procedure`
--
ALTER TABLE `erp_hr_master_salary_procedure`
  ADD PRIMARY KEY (`id`);

--
-- Indexes for table `erp_hr_master_upload`
--
ALTER TABLE `erp_hr_master_upload`
  ADD PRIMARY KEY (`id`);

--
-- Indexes for table `erp_hr_mas_appraisal`
--
ALTER TABLE `erp_hr_mas_appraisal`
  ADD PRIMARY KEY (`id`);

--
-- Indexes for table `erp_hr_mas_appraisal_grade`
--
ALTER TABLE `erp_hr_mas_appraisal_grade`
  ADD PRIMARY KEY (`id`);

--
-- Indexes for table `erp_hr_mas_appraisal_type`
--
ALTER TABLE `erp_hr_mas_appraisal_type`
  ADD PRIMARY KEY (`id`);

--
-- Indexes for table `erp_hr_mas_approval_scheme`
--
ALTER TABLE `erp_hr_mas_approval_scheme`
  ADD PRIMARY KEY (`id`),
  ADD UNIQUE KEY `bank_name` (`scheme_name`);

--
-- Indexes for table `erp_hr_mas_approve_setting`
--
ALTER TABLE `erp_hr_mas_approve_setting`
  ADD PRIMARY KEY (`id`);

--
-- Indexes for table `erp_hr_mas_asset`
--
ALTER TABLE `erp_hr_mas_asset`
  ADD PRIMARY KEY (`id`);

--
-- Indexes for table `erp_hr_mas_asset_details`
--
ALTER TABLE `erp_hr_mas_asset_details`
  ADD PRIMARY KEY (`id`);

--
-- Indexes for table `erp_hr_mas_business_unit`
--
ALTER TABLE `erp_hr_mas_business_unit`
  ADD PRIMARY KEY (`id`);

--
-- Indexes for table `erp_hr_mas_certificate_authorization`
--
ALTER TABLE `erp_hr_mas_certificate_authorization`
  ADD PRIMARY KEY (`id`);

--
-- Indexes for table `erp_hr_mas_certificate_name`
--
ALTER TABLE `erp_hr_mas_certificate_name`
  ADD PRIMARY KEY (`id`),
  ADD UNIQUE KEY `bank_name` (`certificate_name`);

--
-- Indexes for table `erp_hr_mas_color_code`
--
ALTER TABLE `erp_hr_mas_color_code`
  ADD PRIMARY KEY (`id`);

--
-- Indexes for table `erp_hr_mas_company_branch_sponsor`
--
ALTER TABLE `erp_hr_mas_company_branch_sponsor`
  ADD PRIMARY KEY (`id`);

--
-- Indexes for table `erp_hr_mas_company_wps_details`
--
ALTER TABLE `erp_hr_mas_company_wps_details`
  ADD PRIMARY KEY (`id`),
  ADD UNIQUE KEY `bank_name` (`company_name`);

--
-- Indexes for table `erp_hr_mas_document`
--
ALTER TABLE `erp_hr_mas_document`
  ADD PRIMARY KEY (`id`);

--
-- Indexes for table `erp_hr_mas_employee_expense`
--
ALTER TABLE `erp_hr_mas_employee_expense`
  ADD PRIMARY KEY (`id`);

--
-- Indexes for table `erp_hr_mas_eos_clearance`
--
ALTER TABLE `erp_hr_mas_eos_clearance`
  ADD PRIMARY KEY (`id`);

--
-- Indexes for table `erp_hr_mas_eos_payment`
--
ALTER TABLE `erp_hr_mas_eos_payment`
  ADD PRIMARY KEY (`id`);

--
-- Indexes for table `erp_hr_mas_excuse`
--
ALTER TABLE `erp_hr_mas_excuse`
  ADD PRIMARY KEY (`id`);

--
-- Indexes for table `erp_hr_mas_expiry_status`
--
ALTER TABLE `erp_hr_mas_expiry_status`
  ADD PRIMARY KEY (`id`);

--
-- Indexes for table `erp_hr_mas_geocode_location`
--
ALTER TABLE `erp_hr_mas_geocode_location`
  ADD PRIMARY KEY (`id`);

--
-- Indexes for table `erp_hr_mas_grade`
--
ALTER TABLE `erp_hr_mas_grade`
  ADD PRIMARY KEY (`id`);

--
-- Indexes for table `erp_hr_mas_gratuity`
--
ALTER TABLE `erp_hr_mas_gratuity`
  ADD PRIMARY KEY (`id`);

--
-- Indexes for table `erp_hr_mas_gratuity_24_4_2023`
--
ALTER TABLE `erp_hr_mas_gratuity_24_4_2023`
  ADD PRIMARY KEY (`id`);

--
-- Indexes for table `erp_hr_mas_gratuity_rule_type`
--
ALTER TABLE `erp_hr_mas_gratuity_rule_type`
  ADD PRIMARY KEY (`id`);

--
-- Indexes for table `erp_hr_mas_holiday`
--
ALTER TABLE `erp_hr_mas_holiday`
  ADD PRIMARY KEY (`id`);

--
-- Indexes for table `erp_hr_mas_incentive_structure`
--
ALTER TABLE `erp_hr_mas_incentive_structure`
  ADD PRIMARY KEY (`id`);

--
-- Indexes for table `erp_hr_mas_inout_document`
--
ALTER TABLE `erp_hr_mas_inout_document`
  ADD PRIMARY KEY (`id`),
  ADD UNIQUE KEY `bank_name` (`document_name`);

--
-- Indexes for table `erp_hr_mas_job_contract`
--
ALTER TABLE `erp_hr_mas_job_contract`
  ADD PRIMARY KEY (`id`);

--
-- Indexes for table `erp_hr_mas_leave`
--
ALTER TABLE `erp_hr_mas_leave`
  ADD PRIMARY KEY (`id`);

--
-- Indexes for table `erp_hr_mas_noticeperiod`
--
ALTER TABLE `erp_hr_mas_noticeperiod`
  ADD PRIMARY KEY (`id`);

--
-- Indexes for table `erp_hr_mas_notification`
--
ALTER TABLE `erp_hr_mas_notification`
  ADD PRIMARY KEY (`id`);

--
-- Indexes for table `erp_hr_mas_offboarding`
--
ALTER TABLE `erp_hr_mas_offboarding`
  ADD PRIMARY KEY (`id`);

--
-- Indexes for table `erp_hr_mas_onboarding`
--
ALTER TABLE `erp_hr_mas_onboarding`
  ADD PRIMARY KEY (`id`);

--
-- Indexes for table `erp_hr_mas_over_time`
--
ALTER TABLE `erp_hr_mas_over_time`
  ADD PRIMARY KEY (`id`);

--
-- Indexes for table `erp_hr_mas_pension`
--
ALTER TABLE `erp_hr_mas_pension`
  ADD PRIMARY KEY (`id`);

--
-- Indexes for table `erp_hr_mas_product`
--
ALTER TABLE `erp_hr_mas_product`
  ADD PRIMARY KEY (`id`);

--
-- Indexes for table `erp_hr_mas_project_work`
--
ALTER TABLE `erp_hr_mas_project_work`
  ADD PRIMARY KEY (`id`);

--
-- Indexes for table `erp_hr_mas_relation`
--
ALTER TABLE `erp_hr_mas_relation`
  ADD PRIMARY KEY (`id`);

--
-- Indexes for table `erp_hr_mas_religion`
--
ALTER TABLE `erp_hr_mas_religion`
  ADD PRIMARY KEY (`id`);

--
-- Indexes for table `erp_hr_mas_salarytype`
--
ALTER TABLE `erp_hr_mas_salarytype`
  ADD PRIMARY KEY (`id`),
  ADD UNIQUE KEY `currency` (`salary_name`);

--
-- Indexes for table `erp_hr_mas_shift`
--
ALTER TABLE `erp_hr_mas_shift`
  ADD PRIMARY KEY (`id`);

--
-- Indexes for table `erp_hr_mas_team_name`
--
ALTER TABLE `erp_hr_mas_team_name`
  ADD PRIMARY KEY (`id`),
  ADD UNIQUE KEY `bank_name` (`team_name`);

--
-- Indexes for table `erp_hr_mas_training_course`
--
ALTER TABLE `erp_hr_mas_training_course`
  ADD PRIMARY KEY (`id`),
  ADD UNIQUE KEY `bank_name` (`course_name`);

--
-- Indexes for table `erp_hr_mas_training_course_detail`
--
ALTER TABLE `erp_hr_mas_training_course_detail`
  ADD PRIMARY KEY (`id`),
  ADD UNIQUE KEY `bank_name` (`training_course`);

--
-- Indexes for table `erp_hr_modules`
--
ALTER TABLE `erp_hr_modules`
  ADD PRIMARY KEY (`id`);

--
-- Indexes for table `erp_hr_monthly_gratuity`
--
ALTER TABLE `erp_hr_monthly_gratuity`
  ADD PRIMARY KEY (`id`);

--
-- Indexes for table `erp_hr_monthly_salary_component`
--
ALTER TABLE `erp_hr_monthly_salary_component`
  ADD PRIMARY KEY (`id`);

--
-- Indexes for table `erp_hr_monthly_salary_sif`
--
ALTER TABLE `erp_hr_monthly_salary_sif`
  ADD PRIMARY KEY (`id`),
  ADD KEY `voucher_no` (`voucher_id`),
  ADD KEY `posted` (`posted`),
  ADD KEY `salary_processing_id` (`salary_processing_id`),
  ADD KEY `wpscompany_id` (`wpscompany_id`),
  ADD KEY `branch_id` (`branch_id`),
  ADD KEY `legder_id` (`legder_id`),
  ADD KEY `sublegder_id` (`sublegder_id`);

--
-- Indexes for table `erp_hr_notification`
--
ALTER TABLE `erp_hr_notification`
  ADD PRIMARY KEY (`id`);

--
-- Indexes for table `erp_hr_outsource_overtime`
--
ALTER TABLE `erp_hr_outsource_overtime`
  ADD PRIMARY KEY (`id`);

--
-- Indexes for table `erp_hr_panel_permission`
--
ALTER TABLE `erp_hr_panel_permission`
  ADD PRIMARY KEY (`id`);

--
-- Indexes for table `erp_hr_pdf_settings`
--
ALTER TABLE `erp_hr_pdf_settings`
  ADD PRIMARY KEY (`id`);

--
-- Indexes for table `erp_hr_questions`
--
ALTER TABLE `erp_hr_questions`
  ADD PRIMARY KEY (`id`);

--
-- Indexes for table `erp_hr_question_type`
--
ALTER TABLE `erp_hr_question_type`
  ADD PRIMARY KEY (`id`);

--
-- Indexes for table `erp_hr_recruitment`
--
ALTER TABLE `erp_hr_recruitment`
  ADD PRIMARY KEY (`id`);

--
-- Indexes for table `erp_hr_recruitment_analysis`
--
ALTER TABLE `erp_hr_recruitment_analysis`
  ADD PRIMARY KEY (`id`);

--
-- Indexes for table `erp_hr_recruitment_documents`
--
ALTER TABLE `erp_hr_recruitment_documents`
  ADD PRIMARY KEY (`id`);

--
-- Indexes for table `erp_hr_recruitment_note`
--
ALTER TABLE `erp_hr_recruitment_note`
  ADD PRIMARY KEY (`id`);

--
-- Indexes for table `erp_hr_recruitment_onboard`
--
ALTER TABLE `erp_hr_recruitment_onboard`
  ADD PRIMARY KEY (`id`);

--
-- Indexes for table `erp_hr_recruitment_salary`
--
ALTER TABLE `erp_hr_recruitment_salary`
  ADD PRIMARY KEY (`id`);

--
-- Indexes for table `erp_hr_reporting_manager`
--
ALTER TABLE `erp_hr_reporting_manager`
  ADD PRIMARY KEY (`id`),
  ADD UNIQUE KEY `bank_name` (`employee_id`);

--
-- Indexes for table `erp_hr_room_allocation`
--
ALTER TABLE `erp_hr_room_allocation`
  ADD PRIMARY KEY (`id`);

--
-- Indexes for table `erp_hr_room_bedspace`
--
ALTER TABLE `erp_hr_room_bedspace`
  ADD PRIMARY KEY (`id`);

--
-- Indexes for table `erp_hr_room_setting`
--
ALTER TABLE `erp_hr_room_setting`
  ADD PRIMARY KEY (`id`);

--
-- Indexes for table `erp_hr_room_setting_details`
--
ALTER TABLE `erp_hr_room_setting_details`
  ADD PRIMARY KEY (`id`);

--
-- Indexes for table `erp_hr_salary_processing`
--
ALTER TABLE `erp_hr_salary_processing`
  ADD PRIMARY KEY (`id`),
  ADD KEY `voucher_id` (`voucher_id`),
  ADD KEY `posted` (`posted`);

--
-- Indexes for table `erp_hr_salary_slip`
--
ALTER TABLE `erp_hr_salary_slip`
  ADD PRIMARY KEY (`id`),
  ADD KEY `salary_processing_id` (`salary_processing_id`),
  ADD KEY `employee_id` (`employee_id`);

--
-- Indexes for table `erp_hr_salary_slip_details`
--
ALTER TABLE `erp_hr_salary_slip_details`
  ADD PRIMARY KEY (`id`);

--
-- Indexes for table `erp_hr_salary_slip_leavedetails`
--
ALTER TABLE `erp_hr_salary_slip_leavedetails`
  ADD PRIMARY KEY (`id`);

--
-- Indexes for table `erp_hr_sale_target`
--
ALTER TABLE `erp_hr_sale_target`
  ADD PRIMARY KEY (`id`);

--
-- Indexes for table `erp_hr_sale_target_details`
--
ALTER TABLE `erp_hr_sale_target_details`
  ADD PRIMARY KEY (`id`);

--
-- Indexes for table `erp_hr_scheme_approve_level`
--
ALTER TABLE `erp_hr_scheme_approve_level`
  ADD PRIMARY KEY (`id`);

--
-- Indexes for table `erp_hr_software_package`
--
ALTER TABLE `erp_hr_software_package`
  ADD PRIMARY KEY (`id`);

--
-- Indexes for table `erp_hr_todolist`
--
ALTER TABLE `erp_hr_todolist`
  ADD PRIMARY KEY (`id`);

--
-- Indexes for table `erp_hr_training`
--
ALTER TABLE `erp_hr_training`
  ADD PRIMARY KEY (`id`);

--
-- Indexes for table `erp_hr_training_details`
--
ALTER TABLE `erp_hr_training_details`
  ADD PRIMARY KEY (`id`);

--
-- Indexes for table `erp_hr_workinghours`
--
ALTER TABLE `erp_hr_workinghours`
  ADD PRIMARY KEY (`id`);

--
-- Indexes for table `erp_incentive_calculation`
--
ALTER TABLE `erp_incentive_calculation`
  ADD PRIMARY KEY (`id`);

--
-- Indexes for table `erp_inventory_batch_split_history`
--
ALTER TABLE `erp_inventory_batch_split_history`
  ADD PRIMARY KEY (`id`);

--
-- Indexes for table `erp_inventory_batch_split_history_detail`
--
ALTER TABLE `erp_inventory_batch_split_history_detail`
  ADD PRIMARY KEY (`id`);

--
-- Indexes for table `erp_inventory_direct_transfer`
--
ALTER TABLE `erp_inventory_direct_transfer`
  ADD PRIMARY KEY (`id`),
  ADD KEY `from_warehouse_id` (`from_warehouse_id`),
  ADD KEY `to_warehouse_id` (`to_warehouse_id`),
  ADD KEY `transfer_date` (`transfer_date`);

--
-- Indexes for table `erp_inventory_direct_transfer_item`
--
ALTER TABLE `erp_inventory_direct_transfer_item`
  ADD PRIMARY KEY (`id`);

--
-- Indexes for table `erp_inventory_generic_name`
--
ALTER TABLE `erp_inventory_generic_name`
  ADD PRIMARY KEY (`id`);

--
-- Indexes for table `erp_inventory_goods_issue`
--
ALTER TABLE `erp_inventory_goods_issue`
  ADD PRIMARY KEY (`id`),
  ADD KEY `customer_id` (`customer_id`),
  ADD KEY `isActive` (`isActive`),
  ADD KEY `file_id` (`file_id`),
  ADD KEY `goods_issue_date` (`goods_issue_date`);

--
-- Indexes for table `erp_inventory_goods_issue_item`
--
ALTER TABLE `erp_inventory_goods_issue_item`
  ADD PRIMARY KEY (`id`),
  ADD KEY `inventory_goods_issue_id` (`inventory_goods_issue_id`),
  ADD KEY `product_id` (`product_id`);

--
-- Indexes for table `erp_inventory_goods_receipt`
--
ALTER TABLE `erp_inventory_goods_receipt`
  ADD PRIMARY KEY (`id`),
  ADD KEY `goods_receipt_date` (`goods_receipt_date`),
  ADD KEY `file_id` (`file_id`),
  ADD KEY `isActive` (`isActive`),
  ADD KEY `customer_id` (`customer_id`);

--
-- Indexes for table `erp_inventory_goods_receipt_item`
--
ALTER TABLE `erp_inventory_goods_receipt_item`
  ADD PRIMARY KEY (`id`),
  ADD KEY `inventory_goods_receipt_id` (`inventory_goods_receipt_id`),
  ADD KEY `product_id` (`product_id`);

--
-- Indexes for table `erp_inventory_indirect_transfer`
--
ALTER TABLE `erp_inventory_indirect_transfer`
  ADD PRIMARY KEY (`id`),
  ADD KEY `from_warehouse_id` (`from_warehouse_id`),
  ADD KEY `to_warehouse_id` (`to_warehouse_id`),
  ADD KEY `transfer_date` (`transfer_date`);

--
-- Indexes for table `erp_inventory_indirect_transfer_item`
--
ALTER TABLE `erp_inventory_indirect_transfer_item`
  ADD PRIMARY KEY (`id`),
  ADD KEY `item_id` (`item_id`);

--
-- Indexes for table `erp_inventory_kit`
--
ALTER TABLE `erp_inventory_kit`
  ADD PRIMARY KEY (`id`);

--
-- Indexes for table `erp_inventory_kit_items`
--
ALTER TABLE `erp_inventory_kit_items`
  ADD PRIMARY KEY (`id`);

--
-- Indexes for table `erp_inventory_serialno_change_history`
--
ALTER TABLE `erp_inventory_serialno_change_history`
  ADD PRIMARY KEY (`id`);

--
-- Indexes for table `erp_inventory_uploaded_stock`
--
ALTER TABLE `erp_inventory_uploaded_stock`
  ADD PRIMARY KEY (`id`),
  ADD KEY `product_id` (`product_id`);

--
-- Indexes for table `erp_invoice`
--
ALTER TABLE `erp_invoice`
  ADD PRIMARY KEY (`id`),
  ADD KEY `company_id` (`customer_id`),
  ADD KEY `file_id` (`file_id`),
  ADD KEY `order_id` (`order_id`),
  ADD KEY `sales_group` (`sales_group_id`),
  ADD KEY `invoice_date` (`invoice_date`),
  ADD KEY `isActive` (`isActive`),
  ADD KEY `project_id` (`project_id`);

--
-- Indexes for table `erp_invoice_addition`
--
ALTER TABLE `erp_invoice_addition`
  ADD PRIMARY KEY (`id`),
  ADD KEY `invoice_id` (`invoice_id`),
  ADD KEY `invoice_id_2` (`invoice_id`);

--
-- Indexes for table `erp_invoice_advance_deduction`
--
ALTER TABLE `erp_invoice_advance_deduction`
  ADD PRIMARY KEY (`id`);

--
-- Indexes for table `erp_invoice_deduction`
--
ALTER TABLE `erp_invoice_deduction`
  ADD PRIMARY KEY (`id`),
  ADD KEY `quotes_id` (`invoice_id`);

--
-- Indexes for table `erp_invoice_exchange`
--
ALTER TABLE `erp_invoice_exchange`
  ADD PRIMARY KEY (`id`),
  ADD KEY `crm_user_id` (`crm_user_id`),
  ADD KEY `company_id` (`customer_id`),
  ADD KEY `file_id` (`file_id`),
  ADD KEY `contact_id` (`contact_id`),
  ADD KEY `isActive` (`isActive`),
  ADD KEY `credit_date` (`credited_date`);

--
-- Indexes for table `erp_invoice_exchange_item`
--
ALTER TABLE `erp_invoice_exchange_item`
  ADD PRIMARY KEY (`id`),
  ADD KEY `product_id` (`product_id`),
  ADD KEY `creditnote_id` (`creditnote_id`),
  ADD KEY `deliverynote_id` (`deliverynote_id`);

--
-- Indexes for table `erp_invoice_item`
--
ALTER TABLE `erp_invoice_item`
  ADD PRIMARY KEY (`id`),
  ADD KEY `invoice_id` (`invoice_id`),
  ADD KEY `product_id` (`product_id`);

--
-- Indexes for table `erp_kitchen`
--
ALTER TABLE `erp_kitchen`
  ADD PRIMARY KEY (`id`);

--
-- Indexes for table `erp_landing_cost`
--
ALTER TABLE `erp_landing_cost`
  ADD PRIMARY KEY (`id`);

--
-- Indexes for table `erp_lead`
--
ALTER TABLE `erp_lead`
  ADD PRIMARY KEY (`id`),
  ADD KEY `company_id` (`customer_id`,`contact_id`),
  ADD KEY `file_id` (`file_id`),
  ADD KEY `crm_user_id` (`crm_user_id`),
  ADD KEY `closing_date` (`closing_date`),
  ADD KEY `enq_date` (`enq_date`),
  ADD KEY `contact_id` (`contact_id`);

--
-- Indexes for table `erp_lead_rfq`
--
ALTER TABLE `erp_lead_rfq`
  ADD PRIMARY KEY (`id`);

--
-- Indexes for table `erp_mail_events`
--
ALTER TABLE `erp_mail_events`
  ADD PRIMARY KEY (`id`);

--
-- Indexes for table `erp_master_cloth_type`
--
ALTER TABLE `erp_master_cloth_type`
  ADD PRIMARY KEY (`id`);

--
-- Indexes for table `erp_master_file`
--
ALTER TABLE `erp_master_file`
  ADD PRIMARY KEY (`id`),
  ADD KEY `crm_user_id` (`crm_user_id`),
  ADD KEY `lead_owner_id` (`lead_owner_id`),
  ADD KEY `start_from` (`start_from`),
  ADD KEY `current_process_status` (`current_process_status`),
  ADD KEY `approved_by` (`approved_by`),
  ADD KEY `is_approved` (`is_approved`);

--
-- Indexes for table `erp_master_labour_hours`
--
ALTER TABLE `erp_master_labour_hours`
  ADD PRIMARY KEY (`id`);

--
-- Indexes for table `erp_mas_aidashboard_settings`
--
ALTER TABLE `erp_mas_aidashboard_settings`
  ADD PRIMARY KEY (`id`);

--
-- Indexes for table `erp_mas_aidashboard_settings_8-6-25`
--
ALTER TABLE `erp_mas_aidashboard_settings_8-6-25`
  ADD PRIMARY KEY (`id`);

--
-- Indexes for table `erp_mas_aidashboard_settings_5625`
--
ALTER TABLE `erp_mas_aidashboard_settings_5625`
  ADD PRIMARY KEY (`id`);

--
-- Indexes for table `erp_mas_aidashboard_settings_data`
--
ALTER TABLE `erp_mas_aidashboard_settings_data`
  ADD PRIMARY KEY (`id`),
  ADD KEY `rating_id` (`rating_id`),
  ADD KEY `customer_id` (`customer_id`);

--
-- Indexes for table `erp_mas_bank`
--
ALTER TABLE `erp_mas_bank`
  ADD PRIMARY KEY (`id`),
  ADD UNIQUE KEY `bank_name` (`bank_name`);

--
-- Indexes for table `erp_mas_barcode_heading`
--
ALTER TABLE `erp_mas_barcode_heading`
  ADD PRIMARY KEY (`id`),
  ADD UNIQUE KEY `country_name` (`heading`);

--
-- Indexes for table `erp_mas_bill_type`
--
ALTER TABLE `erp_mas_bill_type`
  ADD PRIMARY KEY (`id`);

--
-- Indexes for table `erp_mas_colour_scheme`
--
ALTER TABLE `erp_mas_colour_scheme`
  ADD PRIMARY KEY (`id`);

--
-- Indexes for table `erp_mas_company_level`
--
ALTER TABLE `erp_mas_company_level`
  ADD PRIMARY KEY (`id`);

--
-- Indexes for table `erp_mas_company_terms_conditions`
--
ALTER TABLE `erp_mas_company_terms_conditions`
  ADD PRIMARY KEY (`id`);

--
-- Indexes for table `erp_mas_company_type`
--
ALTER TABLE `erp_mas_company_type`
  ADD PRIMARY KEY (`id`);

--
-- Indexes for table `erp_mas_country`
--
ALTER TABLE `erp_mas_country`
  ADD PRIMARY KEY (`id`),
  ADD UNIQUE KEY `country_name` (`country_name`);

--
-- Indexes for table `erp_mas_currency`
--
ALTER TABLE `erp_mas_currency`
  ADD PRIMARY KEY (`id`),
  ADD UNIQUE KEY `currency` (`currency`);

--
-- Indexes for table `erp_mas_currency_exchange`
--
ALTER TABLE `erp_mas_currency_exchange`
  ADD PRIMARY KEY (`id`);

--
-- Indexes for table `erp_mas_document_type`
--
ALTER TABLE `erp_mas_document_type`
  ADD PRIMARY KEY (`id`);

--
-- Indexes for table `erp_mas_emirates_list`
--
ALTER TABLE `erp_mas_emirates_list`
  ADD PRIMARY KEY (`id`);

--
-- Indexes for table `erp_mas_employee_type`
--
ALTER TABLE `erp_mas_employee_type`
  ADD PRIMARY KEY (`id`);

--
-- Indexes for table `erp_mas_erp_notification`
--
ALTER TABLE `erp_mas_erp_notification`
  ADD PRIMARY KEY (`id`),
  ADD KEY `D1` (`notification_date_time`);

--
-- Indexes for table `erp_mas_favourite`
--
ALTER TABLE `erp_mas_favourite`
  ADD PRIMARY KEY (`id`);

--
-- Indexes for table `erp_mas_footer_items`
--
ALTER TABLE `erp_mas_footer_items`
  ADD PRIMARY KEY (`id`);

--
-- Indexes for table `erp_mas_inco_term`
--
ALTER TABLE `erp_mas_inco_term`
  ADD PRIMARY KEY (`id`);

--
-- Indexes for table `erp_mas_industry`
--
ALTER TABLE `erp_mas_industry`
  ADD PRIMARY KEY (`id`);

--
-- Indexes for table `erp_mas_inventory_item_type`
--
ALTER TABLE `erp_mas_inventory_item_type`
  ADD PRIMARY KEY (`id`);

--
-- Indexes for table `erp_mas_inventory_stock_adjustment_type`
--
ALTER TABLE `erp_mas_inventory_stock_adjustment_type`
  ADD PRIMARY KEY (`id`);

--
-- Indexes for table `erp_mas_inventory_stock_adjustment_type_30_06_2025`
--
ALTER TABLE `erp_mas_inventory_stock_adjustment_type_30_06_2025`
  ADD PRIMARY KEY (`id`);

--
-- Indexes for table `erp_mas_invoice_status`
--
ALTER TABLE `erp_mas_invoice_status`
  ADD PRIMARY KEY (`id`);

--
-- Indexes for table `erp_mas_invoice_type`
--
ALTER TABLE `erp_mas_invoice_type`
  ADD PRIMARY KEY (`id`);

--
-- Indexes for table `erp_mas_inv_bin`
--
ALTER TABLE `erp_mas_inv_bin`
  ADD PRIMARY KEY (`id`),
  ADD KEY `rack_id` (`rack_id`);

--
-- Indexes for table `erp_mas_inv_brand`
--
ALTER TABLE `erp_mas_inv_brand`
  ADD PRIMARY KEY (`id`),
  ADD UNIQUE KEY `product_class` (`brand_name`);

--
-- Indexes for table `erp_mas_inv_item_color`
--
ALTER TABLE `erp_mas_inv_item_color`
  ADD PRIMARY KEY (`id`),
  ADD KEY `id` (`id`,`color_name`);

--
-- Indexes for table `erp_mas_inv_rack`
--
ALTER TABLE `erp_mas_inv_rack`
  ADD PRIMARY KEY (`id`),
  ADD UNIQUE KEY `name` (`rack_name`);

--
-- Indexes for table `erp_mas_inv_tax`
--
ALTER TABLE `erp_mas_inv_tax`
  ADD PRIMARY KEY (`id`);

--
-- Indexes for table `erp_mas_inv_unit`
--
ALTER TABLE `erp_mas_inv_unit`
  ADD PRIMARY KEY (`id`),
  ADD UNIQUE KEY `unit` (`unit`);

--
-- Indexes for table `erp_mas_landed_cost_items`
--
ALTER TABLE `erp_mas_landed_cost_items`
  ADD PRIMARY KEY (`id`);

--
-- Indexes for table `erp_mas_location`
--
ALTER TABLE `erp_mas_location`
  ADD PRIMARY KEY (`id`),
  ADD UNIQUE KEY `country_name` (`location_name`);

--
-- Indexes for table `erp_mas_maintainance`
--
ALTER TABLE `erp_mas_maintainance`
  ADD PRIMARY KEY (`id`);

--
-- Indexes for table `erp_mas_maintainance_service`
--
ALTER TABLE `erp_mas_maintainance_service`
  ADD PRIMARY KEY (`id`);

--
-- Indexes for table `erp_mas_maintainance_service_03092025`
--
ALTER TABLE `erp_mas_maintainance_service_03092025`
  ADD PRIMARY KEY (`id`);

--
-- Indexes for table `erp_mas_module_settings`
--
ALTER TABLE `erp_mas_module_settings`
  ADD PRIMARY KEY (`id`);

--
-- Indexes for table `erp_mas_notification`
--
ALTER TABLE `erp_mas_notification`
  ADD PRIMARY KEY (`id`);

--
-- Indexes for table `erp_mas_notification_type`
--
ALTER TABLE `erp_mas_notification_type`
  ADD PRIMARY KEY (`id`),
  ADD UNIQUE KEY `group_name` (`type_name`);

--
-- Indexes for table `erp_mas_outlet`
--
ALTER TABLE `erp_mas_outlet`
  ADD PRIMARY KEY (`id`),
  ADD UNIQUE KEY `country_name` (`outlet_name`);

--
-- Indexes for table `erp_mas_payment_term`
--
ALTER TABLE `erp_mas_payment_term`
  ADD PRIMARY KEY (`id`);

--
-- Indexes for table `erp_mas_probability`
--
ALTER TABLE `erp_mas_probability`
  ADD PRIMARY KEY (`id`);

--
-- Indexes for table `erp_mas_project_1`
--
ALTER TABLE `erp_mas_project_1`
  ADD PRIMARY KEY (`id`);

--
-- Indexes for table `erp_mas_project_2`
--
ALTER TABLE `erp_mas_project_2`
  ADD PRIMARY KEY (`id`);

--
-- Indexes for table `erp_mas_project_3`
--
ALTER TABLE `erp_mas_project_3`
  ADD PRIMARY KEY (`id`);

--
-- Indexes for table `erp_mas_project_classification`
--
ALTER TABLE `erp_mas_project_classification`
  ADD PRIMARY KEY (`id`);

--
-- Indexes for table `erp_mas_quotation_close_reason`
--
ALTER TABLE `erp_mas_quotation_close_reason`
  ADD PRIMARY KEY (`id`);

--
-- Indexes for table `erp_mas_quotation_validity`
--
ALTER TABLE `erp_mas_quotation_validity`
  ADD PRIMARY KEY (`ld`);

--
-- Indexes for table `erp_mas_quotes_status`
--
ALTER TABLE `erp_mas_quotes_status`
  ADD PRIMARY KEY (`id`);

--
-- Indexes for table `erp_mas_sales_group`
--
ALTER TABLE `erp_mas_sales_group`
  ADD PRIMARY KEY (`id`),
  ADD UNIQUE KEY `group_name` (`group_name`);

--
-- Indexes for table `erp_mas_shipping`
--
ALTER TABLE `erp_mas_shipping`
  ADD PRIMARY KEY (`id`);

--
-- Indexes for table `erp_mas_source_of_lead`
--
ALTER TABLE `erp_mas_source_of_lead`
  ADD PRIMARY KEY (`id`);

--
-- Indexes for table `erp_mas_status`
--
ALTER TABLE `erp_mas_status`
  ADD PRIMARY KEY (`id`);

--
-- Indexes for table `erp_mas_supplier_types`
--
ALTER TABLE `erp_mas_supplier_types`
  ADD PRIMARY KEY (`id`);

--
-- Indexes for table `erp_mas_terms_and_conditions`
--
ALTER TABLE `erp_mas_terms_and_conditions`
  ADD PRIMARY KEY (`id`);

--
-- Indexes for table `erp_mas_user_group`
--
ALTER TABLE `erp_mas_user_group`
  ADD PRIMARY KEY (`id`);

--
-- Indexes for table `erp_mas_vehicle`
--
ALTER TABLE `erp_mas_vehicle`
  ADD PRIMARY KEY (`id`);

--
-- Indexes for table `erp_mas_vehicle_service_status`
--
ALTER TABLE `erp_mas_vehicle_service_status`
  ADD PRIMARY KEY (`id`);

--
-- Indexes for table `erp_meeting`
--
ALTER TABLE `erp_meeting`
  ADD PRIMARY KEY (`id`);

--
-- Indexes for table `erp_meeting_activity`
--
ALTER TABLE `erp_meeting_activity`
  ADD PRIMARY KEY (`id`);

--
-- Indexes for table `erp_meeting_transaction`
--
ALTER TABLE `erp_meeting_transaction`
  ADD PRIMARY KEY (`id`);

--
-- Indexes for table `erp_meeting_type`
--
ALTER TABLE `erp_meeting_type`
  ADD PRIMARY KEY (`id`);

--
-- Indexes for table `erp_messaging`
--
ALTER TABLE `erp_messaging`
  ADD PRIMARY KEY (`id`);

--
-- Indexes for table `erp_models`
--
ALTER TABLE `erp_models`
  ADD PRIMARY KEY (`id`);

--
-- Indexes for table `erp_opening_balance`
--
ALTER TABLE `erp_opening_balance`
  ADD PRIMARY KEY (`id`);

--
-- Indexes for table `erp_opening_cash`
--
ALTER TABLE `erp_opening_cash`
  ADD PRIMARY KEY (`id`);

--
-- Indexes for table `erp_order`
--
ALTER TABLE `erp_order`
  ADD PRIMARY KEY (`id`),
  ADD KEY `file_id` (`file_id`,`customer_id`,`contact_id`),
  ADD KEY `company_id` (`customer_id`),
  ADD KEY `delivery_date` (`delivery_date`),
  ADD KEY `order_date` (`order_date`),
  ADD KEY `customer_id` (`customer_id`);

--
-- Indexes for table `erp_order_addition`
--
ALTER TABLE `erp_order_addition`
  ADD PRIMARY KEY (`id`),
  ADD KEY `quotes_id` (`order_id`);

--
-- Indexes for table `erp_order_contract_item`
--
ALTER TABLE `erp_order_contract_item`
  ADD PRIMARY KEY (`id`);

--
-- Indexes for table `erp_order_deduction`
--
ALTER TABLE `erp_order_deduction`
  ADD PRIMARY KEY (`id`),
  ADD KEY `quotes_id` (`order_id`);

--
-- Indexes for table `erp_order_invoice_advance`
--
ALTER TABLE `erp_order_invoice_advance`
  ADD PRIMARY KEY (`id`);

--
-- Indexes for table `erp_order_item`
--
ALTER TABLE `erp_order_item`
  ADD PRIMARY KEY (`id`),
  ADD KEY `quotes_id` (`order_id`),
  ADD KEY `product_id` (`product_id`),
  ADD KEY `order_id` (`order_id`),
  ADD KEY `product_id_2` (`product_id`),
  ADD KEY `quantity` (`quantity`),
  ADD KEY `unit_id` (`unit_id`);

--
-- Indexes for table `erp_order_item_colour`
--
ALTER TABLE `erp_order_item_colour`
  ADD PRIMARY KEY (`id`);

--
-- Indexes for table `erp_order_proforma_invoice`
--
ALTER TABLE `erp_order_proforma_invoice`
  ADD PRIMARY KEY (`id`);

--
-- Indexes for table `erp_pricing_group`
--
ALTER TABLE `erp_pricing_group`
  ADD PRIMARY KEY (`id`);

--
-- Indexes for table `erp_pricing_group_product_relation`
--
ALTER TABLE `erp_pricing_group_product_relation`
  ADD PRIMARY KEY (`id`);

--
-- Indexes for table `erp_production_billofmaterial`
--
ALTER TABLE `erp_production_billofmaterial`
  ADD PRIMARY KEY (`id`);

--
-- Indexes for table `erp_production_billofmaterial_item`
--
ALTER TABLE `erp_production_billofmaterial_item`
  ADD PRIMARY KEY (`id`);

--
-- Indexes for table `erp_production_goods_issue`
--
ALTER TABLE `erp_production_goods_issue`
  ADD PRIMARY KEY (`id`);

--
-- Indexes for table `erp_production_goods_issues_return_item`
--
ALTER TABLE `erp_production_goods_issues_return_item`
  ADD PRIMARY KEY (`id`);

--
-- Indexes for table `erp_production_goods_issue_item`
--
ALTER TABLE `erp_production_goods_issue_item`
  ADD PRIMARY KEY (`id`);

--
-- Indexes for table `erp_production_goods_receipt`
--
ALTER TABLE `erp_production_goods_receipt`
  ADD PRIMARY KEY (`id`);

--
-- Indexes for table `erp_production_goods_receipt_addition`
--
ALTER TABLE `erp_production_goods_receipt_addition`
  ADD PRIMARY KEY (`id`),
  ADD KEY `quotes_id` (`production_goods_receipt_id`);

--
-- Indexes for table `erp_production_goods_receipt_deduction`
--
ALTER TABLE `erp_production_goods_receipt_deduction`
  ADD PRIMARY KEY (`id`),
  ADD KEY `quotes_id` (`production_goods_receipt_id`);

--
-- Indexes for table `erp_production_goods_receipt_item`
--
ALTER TABLE `erp_production_goods_receipt_item`
  ADD PRIMARY KEY (`id`);

--
-- Indexes for table `erp_production_order`
--
ALTER TABLE `erp_production_order`
  ADD PRIMARY KEY (`id`);

--
-- Indexes for table `erp_production_order_item`
--
ALTER TABLE `erp_production_order_item`
  ADD PRIMARY KEY (`id`);

--
-- Indexes for table `erp_product_class`
--
ALTER TABLE `erp_product_class`
  ADD PRIMARY KEY (`id`);

--
-- Indexes for table `erp_product_cost_new`
--
ALTER TABLE `erp_product_cost_new`
  ADD PRIMARY KEY (`id`);

--
-- Indexes for table `erp_product_location_change_rackbin`
--
ALTER TABLE `erp_product_location_change_rackbin`
  ADD PRIMARY KEY (`id`),
  ADD KEY `quantity` (`quantity`),
  ADD KEY `quantity_2` (`quantity`);

--
-- Indexes for table `erp_product_location_details`
--
ALTER TABLE `erp_product_location_details`
  ADD PRIMARY KEY (`id`);

--
-- Indexes for table `erp_project`
--
ALTER TABLE `erp_project`
  ADD PRIMARY KEY (`id`);

--
-- Indexes for table `erp_project_external_company`
--
ALTER TABLE `erp_project_external_company`
  ADD PRIMARY KEY (`id`);

--
-- Indexes for table `erp_project_external_labour`
--
ALTER TABLE `erp_project_external_labour`
  ADD PRIMARY KEY (`id`);

--
-- Indexes for table `erp_prospects_activity_master`
--
ALTER TABLE `erp_prospects_activity_master`
  ADD PRIMARY KEY (`id`);

--
-- Indexes for table `erp_purchase_analysis_items`
--
ALTER TABLE `erp_purchase_analysis_items`
  ADD PRIMARY KEY (`id`);

--
-- Indexes for table `erp_purchase_movement_analysis`
--
ALTER TABLE `erp_purchase_movement_analysis`
  ADD PRIMARY KEY (`id`);

--
-- Indexes for table `erp_purchase_movement_analysis_details`
--
ALTER TABLE `erp_purchase_movement_analysis_details`
  ADD PRIMARY KEY (`id`);

--
-- Indexes for table `erp_purchasinginvoice`
--
ALTER TABLE `erp_purchasinginvoice`
  ADD PRIMARY KEY (`id`);

--
-- Indexes for table `erp_purchasinginvoice_item`
--
ALTER TABLE `erp_purchasinginvoice_item`
  ADD PRIMARY KEY (`id`),
  ADD KEY `invoice_id` (`purchasing_invoice_id`),
  ADD KEY `product_id` (`product_id`);

--
-- Indexes for table `erp_purchasing_debit_note`
--
ALTER TABLE `erp_purchasing_debit_note`
  ADD PRIMARY KEY (`id`),
  ADD KEY `invoice_id` (`purchasing_invoice_id`,`vendor_id`),
  ADD KEY `crm_user_id` (`crm_user_id`),
  ADD KEY `company_id` (`vendor_id`),
  ADD KEY `file_id` (`file_id`),
  ADD KEY `contact_id` (`contact_id`);

--
-- Indexes for table `erp_purchasing_debit_note_addition`
--
ALTER TABLE `erp_purchasing_debit_note_addition`
  ADD PRIMARY KEY (`id`),
  ADD KEY `quotes_id` (`purchasing_debit_note_id`);

--
-- Indexes for table `erp_purchasing_debit_note_deduction`
--
ALTER TABLE `erp_purchasing_debit_note_deduction`
  ADD PRIMARY KEY (`id`),
  ADD KEY `quotes_id` (`purchasing_debit_note_id`);

--
-- Indexes for table `erp_purchasing_debit_note_item`
--
ALTER TABLE `erp_purchasing_debit_note_item`
  ADD PRIMARY KEY (`id`),
  ADD KEY `goods_return_id` (`purchasing_debitnote_id`,`product_id`),
  ADD KEY `product_id` (`product_id`);

--
-- Indexes for table `erp_purchasing_enquiry`
--
ALTER TABLE `erp_purchasing_enquiry`
  ADD PRIMARY KEY (`id`);

--
-- Indexes for table `erp_purchasing_enquiry_non_stock_item`
--
ALTER TABLE `erp_purchasing_enquiry_non_stock_item`
  ADD PRIMARY KEY (`id`);

--
-- Indexes for table `erp_purchasing_enquiry_stock_item`
--
ALTER TABLE `erp_purchasing_enquiry_stock_item`
  ADD PRIMARY KEY (`id`);

--
-- Indexes for table `erp_purchasing_invoice_addition`
--
ALTER TABLE `erp_purchasing_invoice_addition`
  ADD PRIMARY KEY (`id`),
  ADD KEY `quotes_id` (`purchasing_invoice_id`);

--
-- Indexes for table `erp_purchasing_invoice_deduction`
--
ALTER TABLE `erp_purchasing_invoice_deduction`
  ADD PRIMARY KEY (`id`),
  ADD KEY `quotes_id` (`purchasing_invoice_id`);

--
-- Indexes for table `erp_purchasing_invoice_landed_cost`
--
ALTER TABLE `erp_purchasing_invoice_landed_cost`
  ADD PRIMARY KEY (`id`),
  ADD KEY `quotes_id` (`purchasing_invoice_id`);

--
-- Indexes for table `erp_purchasing_material_receipt`
--
ALTER TABLE `erp_purchasing_material_receipt`
  ADD PRIMARY KEY (`id`);

--
-- Indexes for table `erp_purchasing_material_receipt_item`
--
ALTER TABLE `erp_purchasing_material_receipt_item`
  ADD PRIMARY KEY (`id`);

--
-- Indexes for table `erp_purchasing_order`
--
ALTER TABLE `erp_purchasing_order`
  ADD PRIMARY KEY (`id`);

--
-- Indexes for table `erp_purchasing_order_addition`
--
ALTER TABLE `erp_purchasing_order_addition`
  ADD PRIMARY KEY (`id`),
  ADD KEY `quotes_id` (`purchasing_order_id`);

--
-- Indexes for table `erp_purchasing_order_deduction`
--
ALTER TABLE `erp_purchasing_order_deduction`
  ADD PRIMARY KEY (`id`),
  ADD KEY `quotes_id` (`purchasing_order_id`);

--
-- Indexes for table `erp_purchasing_order_shipment_details`
--
ALTER TABLE `erp_purchasing_order_shipment_details`
  ADD PRIMARY KEY (`id`);

--
-- Indexes for table `erp_purchasing_order_shipment_document`
--
ALTER TABLE `erp_purchasing_order_shipment_document`
  ADD PRIMARY KEY (`id`),
  ADD KEY `process_id` (`purchasing_order_id`),
  ADD KEY `isActive` (`isActive`);

--
-- Indexes for table `erp_purchasing_order_stock_item`
--
ALTER TABLE `erp_purchasing_order_stock_item`
  ADD PRIMARY KEY (`id`);

--
-- Indexes for table `erp_purchasing_order_stock_item_temp`
--
ALTER TABLE `erp_purchasing_order_stock_item_temp`
  ADD PRIMARY KEY (`id`);

--
-- Indexes for table `erp_purchasing_order_temp`
--
ALTER TABLE `erp_purchasing_order_temp`
  ADD PRIMARY KEY (`id`);

--
-- Indexes for table `erp_purchasing_requisition`
--
ALTER TABLE `erp_purchasing_requisition`
  ADD PRIMARY KEY (`id`);

--
-- Indexes for table `erp_purchasing_requisition_non_stock_item`
--
ALTER TABLE `erp_purchasing_requisition_non_stock_item`
  ADD PRIMARY KEY (`id`);

--
-- Indexes for table `erp_purchasing_requisition_stock_item`
--
ALTER TABLE `erp_purchasing_requisition_stock_item`
  ADD PRIMARY KEY (`id`);

--
-- Indexes for table `erp_quotation_schedules`
--
ALTER TABLE `erp_quotation_schedules`
  ADD PRIMARY KEY (`id`);

--
-- Indexes for table `erp_quotes`
--
ALTER TABLE `erp_quotes`
  ADD PRIMARY KEY (`id`),
  ADD KEY `file_id` (`file_id`,`customer_id`,`contact_id`),
  ADD KEY `company_id` (`customer_id`),
  ADD KEY `contact_id` (`contact_id`),
  ADD KEY `qtn_validity` (`qtn_validity`);

--
-- Indexes for table `erp_quotes_addition`
--
ALTER TABLE `erp_quotes_addition`
  ADD PRIMARY KEY (`id`),
  ADD KEY `quotes_id` (`quotes_id`);

--
-- Indexes for table `erp_quotes_contract_item`
--
ALTER TABLE `erp_quotes_contract_item`
  ADD PRIMARY KEY (`id`);

--
-- Indexes for table `erp_quotes_deduction`
--
ALTER TABLE `erp_quotes_deduction`
  ADD PRIMARY KEY (`id`),
  ADD KEY `quotes_id` (`quotes_id`);

--
-- Indexes for table `erp_quotes_item`
--
ALTER TABLE `erp_quotes_item`
  ADD PRIMARY KEY (`id`),
  ADD KEY `quotes_id` (`quotes_id`),
  ADD KEY `product_id` (`product_id`);

--
-- Indexes for table `erp_quotes_item_changed`
--
ALTER TABLE `erp_quotes_item_changed`
  ADD PRIMARY KEY (`id`),
  ADD KEY `quotes_id` (`quotes_id`),
  ADD KEY `product_id` (`product_id`);

--
-- Indexes for table `erp_quotes_item_test`
--
ALTER TABLE `erp_quotes_item_test`
  ADD PRIMARY KEY (`id`),
  ADD KEY `quotes_id` (`quotes_id`),
  ADD KEY `product_id` (`product_id`);

--
-- Indexes for table `erp_quotes_revision_history`
--
ALTER TABLE `erp_quotes_revision_history`
  ADD PRIMARY KEY (`id`);

--
-- Indexes for table `erp_sales_man_target`
--
ALTER TABLE `erp_sales_man_target`
  ADD PRIMARY KEY (`id`);

--
-- Indexes for table `erp_sales_price_group`
--
ALTER TABLE `erp_sales_price_group`
  ADD PRIMARY KEY (`id`);

--
-- Indexes for table `erp_sales_price_group_name`
--
ALTER TABLE `erp_sales_price_group_name`
  ADD PRIMARY KEY (`id`);

--
-- Indexes for table `erp_sales_target_master`
--
ALTER TABLE `erp_sales_target_master`
  ADD PRIMARY KEY (`id`);

--
-- Indexes for table `erp_serialno_change_history`
--
ALTER TABLE `erp_serialno_change_history`
  ADD PRIMARY KEY (`id`);

--
-- Indexes for table `erp_serialno_change_history_details`
--
ALTER TABLE `erp_serialno_change_history_details`
  ADD PRIMARY KEY (`id`);

--
-- Indexes for table `erp_service_contract_details`
--
ALTER TABLE `erp_service_contract_details`
  ADD PRIMARY KEY (`id`);

--
-- Indexes for table `erp_service_details`
--
ALTER TABLE `erp_service_details`
  ADD PRIMARY KEY (`id`);

--
-- Indexes for table `erp_service_employee`
--
ALTER TABLE `erp_service_employee`
  ADD PRIMARY KEY (`id`);

--
-- Indexes for table `erp_service_schedules`
--
ALTER TABLE `erp_service_schedules`
  ADD PRIMARY KEY (`id`);

--
-- Indexes for table `erp_service_store`
--
ALTER TABLE `erp_service_store`
  ADD PRIMARY KEY (`id`);

--
-- Indexes for table `erp_service_store_details`
--
ALTER TABLE `erp_service_store_details`
  ADD PRIMARY KEY (`id`);

--
-- Indexes for table `erp_service_store_material_details`
--
ALTER TABLE `erp_service_store_material_details`
  ADD PRIMARY KEY (`id`);

--
-- Indexes for table `erp_stock_count_file`
--
ALTER TABLE `erp_stock_count_file`
  ADD PRIMARY KEY (`id`);

--
-- Indexes for table `erp_stock_ledger`
--
ALTER TABLE `erp_stock_ledger`
  ADD PRIMARY KEY (`id`),
  ADD KEY `transaction_date` (`transaction_date`),
  ADD KEY `header_item_id` (`header_item_id`),
  ADD KEY `product_id` (`product_id`),
  ADD KEY `warehouse_id` (`warehouse_id`),
  ADD KEY `header_id` (`header_id`),
  ADD KEY `transaction_type` (`transaction_type`),
  ADD KEY `quantity` (`quantity`);

--
-- Indexes for table `erp_stock_ledger_03072025`
--
ALTER TABLE `erp_stock_ledger_03072025`
  ADD PRIMARY KEY (`id`),
  ADD KEY `transaction_date` (`transaction_date`),
  ADD KEY `header_item_id` (`header_item_id`),
  ADD KEY `product_id` (`product_id`),
  ADD KEY `warehouse_id` (`warehouse_id`),
  ADD KEY `header_id` (`header_id`),
  ADD KEY `transaction_type` (`transaction_type`),
  ADD KEY `quantity` (`quantity`);

--
-- Indexes for table `erp_stock_ledger_26_08_2025`
--
ALTER TABLE `erp_stock_ledger_26_08_2025`
  ADD PRIMARY KEY (`id`),
  ADD KEY `transaction_date` (`transaction_date`),
  ADD KEY `header_item_id` (`header_item_id`),
  ADD KEY `product_id` (`product_id`),
  ADD KEY `warehouse_id` (`warehouse_id`),
  ADD KEY `header_id` (`header_id`),
  ADD KEY `transaction_type` (`transaction_type`),
  ADD KEY `quantity` (`quantity`);

--
-- Indexes for table `erp_stock_physical_quantity`
--
ALTER TABLE `erp_stock_physical_quantity`
  ADD PRIMARY KEY (`id`);

--
-- Indexes for table `erp_stock_reorder_level`
--
ALTER TABLE `erp_stock_reorder_level`
  ADD PRIMARY KEY (`id`),
  ADD KEY `product_id` (`product_id`),
  ADD KEY `warehouse_id` (`warehouse_id`);

--
-- Indexes for table `erp_store`
--
ALTER TABLE `erp_store`
  ADD PRIMARY KEY (`id`),
  ADD UNIQUE KEY `part_number` (`part_number`),
  ADD KEY `unit_id` (`unit_id`),
  ADD KEY `tax_code` (`tax_code`),
  ADD KEY `description` (`description`),
  ADD KEY `generic_name` (`generic_id`),
  ADD KEY `product_class_id` (`brand_class_id`),
  ADD KEY `non_stock_item` (`inventory_item_type`),
  ADD KEY `id_2` (`part_number`,`generic_id`,`description`,`brand_class_id`,`inventory_item_type`),
  ADD KEY `id` (`id`);

--
-- Indexes for table `erp_store_rate`
--
ALTER TABLE `erp_store_rate`
  ADD PRIMARY KEY (`id`);

--
-- Indexes for table `erp_supplier_docs`
--
ALTER TABLE `erp_supplier_docs`
  ADD PRIMARY KEY (`id`);

--
-- Indexes for table `erp_table_order`
--
ALTER TABLE `erp_table_order`
  ADD PRIMARY KEY (`id`);

--
-- Indexes for table `erp_tracking_details`
--
ALTER TABLE `erp_tracking_details`
  ADD PRIMARY KEY (`id`);

--
-- Indexes for table `erp_tracking_file`
--
ALTER TABLE `erp_tracking_file`
  ADD PRIMARY KEY (`id`);

--
-- Indexes for table `erp_unit`
--
ALTER TABLE `erp_unit`
  ADD PRIMARY KEY (`id`);

--
-- Indexes for table `erp_unit_of_measurement`
--
ALTER TABLE `erp_unit_of_measurement`
  ADD PRIMARY KEY (`id`),
  ADD KEY `id` (`id`),
  ADD KEY `product_id` (`product_id`),
  ADD KEY `factor` (`factor`);

--
-- Indexes for table `erp_upload_inventory`
--
ALTER TABLE `erp_upload_inventory`
  ADD PRIMARY KEY (`id`);

--
-- Indexes for table `erp_user_notification_history`
--
ALTER TABLE `erp_user_notification_history`
  ADD PRIMARY KEY (`id`);

--
-- Indexes for table `erp_vehicle_allotment`
--
ALTER TABLE `erp_vehicle_allotment`
  ADD PRIMARY KEY (`id`);

--
-- Indexes for table `erp_vehicle_doc_file`
--
ALTER TABLE `erp_vehicle_doc_file`
  ADD PRIMARY KEY (`id`);

--
-- Indexes for table `erp_vendor_contact`
--
ALTER TABLE `erp_vendor_contact`
  ADD PRIMARY KEY (`id`),
  ADD KEY `company_id` (`vendor_id`),
  ADD KEY `id` (`id`);

--
-- Indexes for table `erp_vendor_shipping_details`
--
ALTER TABLE `erp_vendor_shipping_details`
  ADD PRIMARY KEY (`id`);

--
-- Indexes for table `erp_workspace`
--
ALTER TABLE `erp_workspace`
  ADD PRIMARY KEY (`id`);

--
-- Indexes for table `erp_workspace_09062025`
--
ALTER TABLE `erp_workspace_09062025`
  ADD PRIMARY KEY (`id`);

--
-- Indexes for table `erp_workspace_note`
--
ALTER TABLE `erp_workspace_note`
  ADD PRIMARY KEY (`id`);

--
-- Indexes for table `erp_workspace_note09062025`
--
ALTER TABLE `erp_workspace_note09062025`
  ADD PRIMARY KEY (`id`);

--
-- Indexes for table `erp_workspace_project_module_details`
--
ALTER TABLE `erp_workspace_project_module_details`
  ADD PRIMARY KEY (`id`);

--
-- Indexes for table `erp_workspace_qtns`
--
ALTER TABLE `erp_workspace_qtns`
  ADD PRIMARY KEY (`id`);

--
-- Indexes for table `erp_ws_master_material_submited_scheduled_details`
--
ALTER TABLE `erp_ws_master_material_submited_scheduled_details`
  ADD PRIMARY KEY (`id`);

--
-- Indexes for table `erp_ws_master_submitted_shedule_type`
--
ALTER TABLE `erp_ws_master_submitted_shedule_type`
  ADD PRIMARY KEY (`id`);

--
-- Indexes for table `erp_ws_master_task_category`
--
ALTER TABLE `erp_ws_master_task_category`
  ADD PRIMARY KEY (`id`);

--
-- Indexes for table `erp_ws_master_task_sub_category`
--
ALTER TABLE `erp_ws_master_task_sub_category`
  ADD PRIMARY KEY (`id`);

--
-- Indexes for table `erp_ws_project`
--
ALTER TABLE `erp_ws_project`
  ADD PRIMARY KEY (`id`);

--
-- Indexes for table `erp_ws_project_activities`
--
ALTER TABLE `erp_ws_project_activities`
  ADD PRIMARY KEY (`id`);

--
-- Indexes for table `erp_ws_project_activity_phase_details`
--
ALTER TABLE `erp_ws_project_activity_phase_details`
  ADD PRIMARY KEY (`id`);

--
-- Indexes for table `erp_ws_project_dailyschedule`
--
ALTER TABLE `erp_ws_project_dailyschedule`
  ADD PRIMARY KEY (`id`);

--
-- Indexes for table `erp_ws_project_equipments`
--
ALTER TABLE `erp_ws_project_equipments`
  ADD PRIMARY KEY (`id`);

--
-- Indexes for table `erp_ws_project_estimation_details`
--
ALTER TABLE `erp_ws_project_estimation_details`
  ADD PRIMARY KEY (`id`);

--
-- Indexes for table `erp_ws_project_expense`
--
ALTER TABLE `erp_ws_project_expense`
  ADD PRIMARY KEY (`id`);

--
-- Indexes for table `erp_ws_project_induction`
--
ALTER TABLE `erp_ws_project_induction`
  ADD PRIMARY KEY (`id`);

--
-- Indexes for table `erp_ws_project_job_sheet`
--
ALTER TABLE `erp_ws_project_job_sheet`
  ADD PRIMARY KEY (`id`);

--
-- Indexes for table `erp_ws_project_labour_time`
--
ALTER TABLE `erp_ws_project_labour_time`
  ADD PRIMARY KEY (`id`);

--
-- Indexes for table `erp_ws_project_memos`
--
ALTER TABLE `erp_ws_project_memos`
  ADD PRIMARY KEY (`id`);

--
-- Indexes for table `erp_ws_project_phase`
--
ALTER TABLE `erp_ws_project_phase`
  ADD PRIMARY KEY (`id`);

--
-- Indexes for table `erp_ws_project_phase_cost_details`
--
ALTER TABLE `erp_ws_project_phase_cost_details`
  ADD PRIMARY KEY (`id`);

--
-- Indexes for table `erp_ws_project_phase_details`
--
ALTER TABLE `erp_ws_project_phase_details`
  ADD PRIMARY KEY (`id`);

--
-- Indexes for table `erp_ws_project_rework`
--
ALTER TABLE `erp_ws_project_rework`
  ADD PRIMARY KEY (`id`);

--
-- Indexes for table `erp_ws_project_task_breakup`
--
ALTER TABLE `erp_ws_project_task_breakup`
  ADD PRIMARY KEY (`id`);

--
-- Indexes for table `erp_ws_project_time_sheet`
--
ALTER TABLE `erp_ws_project_time_sheet`
  ADD PRIMARY KEY (`id`);

--
-- Indexes for table `erp_ws_project_work_time`
--
ALTER TABLE `erp_ws_project_work_time`
  ADD PRIMARY KEY (`id`);

--
-- Indexes for table `temp_inventory_uploaded_list`
--
ALTER TABLE `temp_inventory_uploaded_list`
  ADD PRIMARY KEY (`id`);

--
-- Indexes for table `temp_inventory_uploaded_list_03072025`
--
ALTER TABLE `temp_inventory_uploaded_list_03072025`
  ADD PRIMARY KEY (`id`);

--
-- AUTO_INCREMENT for dumped tables
--

--
-- AUTO_INCREMENT for table `erp_acc_allocation`
--
ALTER TABLE `erp_acc_allocation`
  MODIFY `id` int(11) NOT NULL AUTO_INCREMENT, AUTO_INCREMENT=5;

--
-- AUTO_INCREMENT for table `erp_acc_allocation_items`
--
ALTER TABLE `erp_acc_allocation_items`
  MODIFY `id` int(11) NOT NULL AUTO_INCREMENT, AUTO_INCREMENT=9;

--
-- AUTO_INCREMENT for table `erp_acc_audit_close`
--
ALTER TABLE `erp_acc_audit_close`
  MODIFY `id` int(11) NOT NULL AUTO_INCREMENT, AUTO_INCREMENT=45;

--
-- AUTO_INCREMENT for table `erp_acc_audit_close_details`
--
ALTER TABLE `erp_acc_audit_close_details`
  MODIFY `id` int(11) NOT NULL AUTO_INCREMENT, AUTO_INCREMENT=17823;

--
-- AUTO_INCREMENT for table `erp_acc_audit_log`
--
ALTER TABLE `erp_acc_audit_log`
  MODIFY `id` int(11) NOT NULL AUTO_INCREMENT, AUTO_INCREMENT=35;

--
-- AUTO_INCREMENT for table `erp_acc_general_settings`
--
ALTER TABLE `erp_acc_general_settings`
  MODIFY `id` int(11) NOT NULL AUTO_INCREMENT, AUTO_INCREMENT=2;

--
-- AUTO_INCREMENT for table `erp_acc_ledger`
--
ALTER TABLE `erp_acc_ledger`
  MODIFY `id` int(11) NOT NULL AUTO_INCREMENT, AUTO_INCREMENT=611;

--
-- AUTO_INCREMENT for table `erp_acc_mas_branch`
--
ALTER TABLE `erp_acc_mas_branch`
  MODIFY `id` int(11) NOT NULL AUTO_INCREMENT, AUTO_INCREMENT=13;

--
-- AUTO_INCREMENT for table `erp_acc_mas_company`
--
ALTER TABLE `erp_acc_mas_company`
  MODIFY `id` int(11) NOT NULL AUTO_INCREMENT, AUTO_INCREMENT=13;

--
-- AUTO_INCREMENT for table `erp_acc_mas_cost_center`
--
ALTER TABLE `erp_acc_mas_cost_center`
  MODIFY `id` int(11) NOT NULL AUTO_INCREMENT;

--
-- AUTO_INCREMENT for table `erp_acc_payment_ledger`
--
ALTER TABLE `erp_acc_payment_ledger`
  MODIFY `id` int(11) NOT NULL AUTO_INCREMENT, AUTO_INCREMENT=5;

--
-- AUTO_INCREMENT for table `erp_acc_payment_mode`
--
ALTER TABLE `erp_acc_payment_mode`
  MODIFY `id` int(11) NOT NULL AUTO_INCREMENT, AUTO_INCREMENT=10;

--
-- AUTO_INCREMENT for table `erp_acc_reconciliation`
--
ALTER TABLE `erp_acc_reconciliation`
  MODIFY `id` int(11) NOT NULL AUTO_INCREMENT;

--
-- AUTO_INCREMENT for table `erp_acc_security_cheque`
--
ALTER TABLE `erp_acc_security_cheque`
  MODIFY `id` int(11) NOT NULL AUTO_INCREMENT;

--
-- AUTO_INCREMENT for table `erp_acc_subledger`
--
ALTER TABLE `erp_acc_subledger`
  MODIFY `id` int(11) NOT NULL AUTO_INCREMENT, AUTO_INCREMENT=220;

--
-- AUTO_INCREMENT for table `erp_acc_subledger_type`
--
ALTER TABLE `erp_acc_subledger_type`
  MODIFY `id` int(11) NOT NULL AUTO_INCREMENT, AUTO_INCREMENT=13;

--
-- AUTO_INCREMENT for table `erp_acc_system_accounts_mapping`
--
ALTER TABLE `erp_acc_system_accounts_mapping`
  MODIFY `id` int(11) NOT NULL AUTO_INCREMENT, AUTO_INCREMENT=39;

--
-- AUTO_INCREMENT for table `erp_acc_voucher`
--
ALTER TABLE `erp_acc_voucher`
  MODIFY `id` int(11) NOT NULL AUTO_INCREMENT, AUTO_INCREMENT=64;

--
-- AUTO_INCREMENT for table `erp_acc_voucher_items`
--
ALTER TABLE `erp_acc_voucher_items`
  MODIFY `id` int(11) NOT NULL AUTO_INCREMENT, AUTO_INCREMENT=194;

--
-- AUTO_INCREMENT for table `erp_acc_voucher_items_ref`
--
ALTER TABLE `erp_acc_voucher_items_ref`
  MODIFY `id` int(11) NOT NULL AUTO_INCREMENT, AUTO_INCREMENT=36408;

--
-- AUTO_INCREMENT for table `erp_acc_voucher_type`
--
ALTER TABLE `erp_acc_voucher_type`
  MODIFY `id` int(11) NOT NULL AUTO_INCREMENT, AUTO_INCREMENT=16;

--
-- AUTO_INCREMENT for table `erp_acc_voucher_type_details`
--
ALTER TABLE `erp_acc_voucher_type_details`
  MODIFY `id` int(11) NOT NULL AUTO_INCREMENT, AUTO_INCREMENT=377;

--
-- AUTO_INCREMENT for table `erp_activity`
--
ALTER TABLE `erp_activity`
  MODIFY `id` int(11) NOT NULL AUTO_INCREMENT, AUTO_INCREMENT=69;

--
-- AUTO_INCREMENT for table `erp_activity_master`
--
ALTER TABLE `erp_activity_master`
  MODIFY `id` int(11) NOT NULL AUTO_INCREMENT, AUTO_INCREMENT=15;

--
-- AUTO_INCREMENT for table `erp_activity_mas_added_from`
--
ALTER TABLE `erp_activity_mas_added_from`
  MODIFY `id` int(11) NOT NULL AUTO_INCREMENT, AUTO_INCREMENT=17;

--
-- AUTO_INCREMENT for table `erp_activity_notes_history`
--
ALTER TABLE `erp_activity_notes_history`
  MODIFY `id` int(11) NOT NULL AUTO_INCREMENT, AUTO_INCREMENT=135;

--
-- AUTO_INCREMENT for table `erp_activity_prospects`
--
ALTER TABLE `erp_activity_prospects`
  MODIFY `id` int(11) NOT NULL AUTO_INCREMENT;

--
-- AUTO_INCREMENT for table `erp_activity_status`
--
ALTER TABLE `erp_activity_status`
  MODIFY `id` int(11) NOT NULL AUTO_INCREMENT, AUTO_INCREMENT=5;

--
-- AUTO_INCREMENT for table `erp_activity_type`
--
ALTER TABLE `erp_activity_type`
  MODIFY `id` int(11) NOT NULL AUTO_INCREMENT, AUTO_INCREMENT=6;

--
-- AUTO_INCREMENT for table `erp_allocated_materials`
--
ALTER TABLE `erp_allocated_materials`
  MODIFY `id` int(11) NOT NULL AUTO_INCREMENT;

--
-- AUTO_INCREMENT for table `erp_api_call`
--
ALTER TABLE `erp_api_call`
  MODIFY `id` int(11) NOT NULL AUTO_INCREMENT;

--
-- AUTO_INCREMENT for table `erp_api_master_settings`
--
ALTER TABLE `erp_api_master_settings`
  MODIFY `id` int(11) NOT NULL AUTO_INCREMENT, AUTO_INCREMENT=2;

--
-- AUTO_INCREMENT for table `erp_application_images`
--
ALTER TABLE `erp_application_images`
  MODIFY `id` int(11) NOT NULL AUTO_INCREMENT;

--
-- AUTO_INCREMENT for table `erp_approval_history`
--
ALTER TABLE `erp_approval_history`
  MODIFY `id` int(11) NOT NULL AUTO_INCREMENT, AUTO_INCREMENT=158;

--
-- AUTO_INCREMENT for table `erp_approval_level_details`
--
ALTER TABLE `erp_approval_level_details`
  MODIFY `id` int(11) NOT NULL AUTO_INCREMENT;

--
-- AUTO_INCREMENT for table `erp_approval_level_general`
--
ALTER TABLE `erp_approval_level_general`
  MODIFY `id` int(11) NOT NULL AUTO_INCREMENT;

--
-- AUTO_INCREMENT for table `erp_audit_log`
--
ALTER TABLE `erp_audit_log`
  MODIFY `id` int(11) NOT NULL AUTO_INCREMENT, AUTO_INCREMENT=6339;

--
-- AUTO_INCREMENT for table `erp_audit_log_functionality_lookup`
--
ALTER TABLE `erp_audit_log_functionality_lookup`
  MODIFY `id` int(11) NOT NULL AUTO_INCREMENT, AUTO_INCREMENT=104;

--
-- AUTO_INCREMENT for table `erp_brand_sales_target`
--
ALTER TABLE `erp_brand_sales_target`
  MODIFY `id` int(11) NOT NULL AUTO_INCREMENT;

--
-- AUTO_INCREMENT for table `erp_change_rack_bin`
--
ALTER TABLE `erp_change_rack_bin`
  MODIFY `id` int(11) NOT NULL AUTO_INCREMENT;

--
-- AUTO_INCREMENT for table `erp_cheque_collection`
--
ALTER TABLE `erp_cheque_collection`
  MODIFY `id` int(11) NOT NULL AUTO_INCREMENT;

--
-- AUTO_INCREMENT for table `erp_ch_template`
--
ALTER TABLE `erp_ch_template`
  MODIFY `id` int(11) NOT NULL AUTO_INCREMENT, AUTO_INCREMENT=2;

--
-- AUTO_INCREMENT for table `erp_color_settings`
--
ALTER TABLE `erp_color_settings`
  MODIFY `id` int(11) NOT NULL AUTO_INCREMENT, AUTO_INCREMENT=2;

--
-- AUTO_INCREMENT for table `erp_company_settings`
--
ALTER TABLE `erp_company_settings`
  MODIFY `id` bigint(20) NOT NULL AUTO_INCREMENT, AUTO_INCREMENT=3;

--
-- AUTO_INCREMENT for table `erp_cost_price_group`
--
ALTER TABLE `erp_cost_price_group`
  MODIFY `id` int(11) NOT NULL AUTO_INCREMENT;

--
-- AUTO_INCREMENT for table `erp_cost_price_group_name`
--
ALTER TABLE `erp_cost_price_group_name`
  MODIFY `id` int(11) NOT NULL AUTO_INCREMENT;

--
-- AUTO_INCREMENT for table `erp_creditnote`
--
ALTER TABLE `erp_creditnote`
  MODIFY `id` bigint(20) NOT NULL AUTO_INCREMENT, AUTO_INCREMENT=50009;

--
-- AUTO_INCREMENT for table `erp_creditnote_addition`
--
ALTER TABLE `erp_creditnote_addition`
  MODIFY `id` int(11) NOT NULL AUTO_INCREMENT;

--
-- AUTO_INCREMENT for table `erp_creditnote_deduction`
--
ALTER TABLE `erp_creditnote_deduction`
  MODIFY `id` int(11) NOT NULL AUTO_INCREMENT;

--
-- AUTO_INCREMENT for table `erp_creditnote_item`
--
ALTER TABLE `erp_creditnote_item`
  MODIFY `id` int(11) NOT NULL AUTO_INCREMENT, AUTO_INCREMENT=11;

--
-- AUTO_INCREMENT for table `erp_customer_contact`
--
ALTER TABLE `erp_customer_contact`
  MODIFY `id` int(11) NOT NULL AUTO_INCREMENT, AUTO_INCREMENT=109;

--
-- AUTO_INCREMENT for table `erp_customer_dashboard`
--
ALTER TABLE `erp_customer_dashboard`
  MODIFY `id` int(11) NOT NULL AUTO_INCREMENT, AUTO_INCREMENT=57;

--
-- AUTO_INCREMENT for table `erp_customer_docs`
--
ALTER TABLE `erp_customer_docs`
  MODIFY `id` int(11) NOT NULL AUTO_INCREMENT, AUTO_INCREMENT=17;

--
-- AUTO_INCREMENT for table `erp_customer_feedback`
--
ALTER TABLE `erp_customer_feedback`
  MODIFY `id` int(11) NOT NULL AUTO_INCREMENT;

--
-- AUTO_INCREMENT for table `erp_customer_feedback_details`
--
ALTER TABLE `erp_customer_feedback_details`
  MODIFY `id` int(11) NOT NULL AUTO_INCREMENT;

--
-- AUTO_INCREMENT for table `erp_customer_pricing_group`
--
ALTER TABLE `erp_customer_pricing_group`
  MODIFY `id` int(11) NOT NULL AUTO_INCREMENT;

--
-- AUTO_INCREMENT for table `erp_customer_shipping_details`
--
ALTER TABLE `erp_customer_shipping_details`
  MODIFY `id` int(11) NOT NULL AUTO_INCREMENT, AUTO_INCREMENT=101;

--
-- AUTO_INCREMENT for table `erp_damaged_store`
--
ALTER TABLE `erp_damaged_store`
  MODIFY `id` int(11) NOT NULL AUTO_INCREMENT;

--
-- AUTO_INCREMENT for table `erp_damaged_store_details`
--
ALTER TABLE `erp_damaged_store_details`
  MODIFY `id` int(11) NOT NULL AUTO_INCREMENT;

--
-- AUTO_INCREMENT for table `erp_damaged_store_material_details`
--
ALTER TABLE `erp_damaged_store_material_details`
  MODIFY `id` int(11) NOT NULL AUTO_INCREMENT;

--
-- AUTO_INCREMENT for table `erp_delivery_item`
--
ALTER TABLE `erp_delivery_item`
  MODIFY `id` int(11) NOT NULL AUTO_INCREMENT, AUTO_INCREMENT=123;

--
-- AUTO_INCREMENT for table `erp_delivery_note`
--
ALTER TABLE `erp_delivery_note`
  MODIFY `id` int(11) NOT NULL AUTO_INCREMENT, AUTO_INCREMENT=30078;

--
-- AUTO_INCREMENT for table `erp_demo_item_details`
--
ALTER TABLE `erp_demo_item_details`
  MODIFY `id` int(11) NOT NULL AUTO_INCREMENT;

--
-- AUTO_INCREMENT for table `erp_demo_item_details_return`
--
ALTER TABLE `erp_demo_item_details_return`
  MODIFY `id` int(11) NOT NULL AUTO_INCREMENT;

--
-- AUTO_INCREMENT for table `erp_demo_item_general`
--
ALTER TABLE `erp_demo_item_general`
  MODIFY `id` int(11) NOT NULL AUTO_INCREMENT;

--
-- AUTO_INCREMENT for table `erp_dining_table`
--
ALTER TABLE `erp_dining_table`
  MODIFY `id` int(11) NOT NULL AUTO_INCREMENT;

--
-- AUTO_INCREMENT for table `erp_direct_invoice`
--
ALTER TABLE `erp_direct_invoice`
  MODIFY `id` int(11) NOT NULL AUTO_INCREMENT;

--
-- AUTO_INCREMENT for table `erp_direct_invoice_addition`
--
ALTER TABLE `erp_direct_invoice_addition`
  MODIFY `id` int(11) NOT NULL AUTO_INCREMENT;

--
-- AUTO_INCREMENT for table `erp_direct_invoice_deduction`
--
ALTER TABLE `erp_direct_invoice_deduction`
  MODIFY `id` int(11) NOT NULL AUTO_INCREMENT;

--
-- AUTO_INCREMENT for table `erp_direct_invoice_item`
--
ALTER TABLE `erp_direct_invoice_item`
  MODIFY `id` int(11) NOT NULL AUTO_INCREMENT;

--
-- AUTO_INCREMENT for table `erp_direct_purchase_invoice`
--
ALTER TABLE `erp_direct_purchase_invoice`
  MODIFY `id` int(11) NOT NULL AUTO_INCREMENT;

--
-- AUTO_INCREMENT for table `erp_direct_purchase_invoice_addition`
--
ALTER TABLE `erp_direct_purchase_invoice_addition`
  MODIFY `id` int(11) NOT NULL AUTO_INCREMENT;

--
-- AUTO_INCREMENT for table `erp_direct_purchase_invoice_deduction`
--
ALTER TABLE `erp_direct_purchase_invoice_deduction`
  MODIFY `id` int(11) NOT NULL AUTO_INCREMENT;

--
-- AUTO_INCREMENT for table `erp_direct_purchase_invoice_item`
--
ALTER TABLE `erp_direct_purchase_invoice_item`
  MODIFY `id` int(11) NOT NULL AUTO_INCREMENT;

--
-- AUTO_INCREMENT for table `erp_document`
--
ALTER TABLE `erp_document`
  MODIFY `id` int(11) NOT NULL AUTO_INCREMENT, AUTO_INCREMENT=67;

--
-- AUTO_INCREMENT for table `erp_employee_rate`
--
ALTER TABLE `erp_employee_rate`
  MODIFY `id` int(11) NOT NULL AUTO_INCREMENT;

--
-- AUTO_INCREMENT for table `erp_file_note`
--
ALTER TABLE `erp_file_note`
  MODIFY `id` int(11) NOT NULL AUTO_INCREMENT;

--
-- AUTO_INCREMENT for table `erp_fixed_asset_depreciation`
--
ALTER TABLE `erp_fixed_asset_depreciation`
  MODIFY `id` int(11) NOT NULL AUTO_INCREMENT, AUTO_INCREMENT=1517;

--
-- AUTO_INCREMENT for table `erp_fixed_asset_master`
--
ALTER TABLE `erp_fixed_asset_master`
  MODIFY `id` int(11) NOT NULL AUTO_INCREMENT, AUTO_INCREMENT=5;

--
-- AUTO_INCREMENT for table `erp_fixed_asset_register`
--
ALTER TABLE `erp_fixed_asset_register`
  MODIFY `id` int(11) NOT NULL AUTO_INCREMENT, AUTO_INCREMENT=10;

--
-- AUTO_INCREMENT for table `erp_fixed_asset_register_03092025`
--
ALTER TABLE `erp_fixed_asset_register_03092025`
  MODIFY `id` int(11) NOT NULL AUTO_INCREMENT, AUTO_INCREMENT=10;

--
-- AUTO_INCREMENT for table `erp_flyers`
--
ALTER TABLE `erp_flyers`
  MODIFY `id` int(11) NOT NULL AUTO_INCREMENT;

--
-- AUTO_INCREMENT for table `erp_flyer_bulk_send`
--
ALTER TABLE `erp_flyer_bulk_send`
  MODIFY `id` int(11) NOT NULL AUTO_INCREMENT;

--
-- AUTO_INCREMENT for table `erp_flyer_contact`
--
ALTER TABLE `erp_flyer_contact`
  MODIFY `id` int(11) NOT NULL AUTO_INCREMENT;

--
-- AUTO_INCREMENT for table `erp_fm_technician`
--
ALTER TABLE `erp_fm_technician`
  MODIFY `id` int(11) NOT NULL AUTO_INCREMENT;

--
-- AUTO_INCREMENT for table `erp_hr_appraisal`
--
ALTER TABLE `erp_hr_appraisal`
  MODIFY `id` int(11) NOT NULL AUTO_INCREMENT, AUTO_INCREMENT=2;

--
-- AUTO_INCREMENT for table `erp_hr_appraisal_analysis`
--
ALTER TABLE `erp_hr_appraisal_analysis`
  MODIFY `id` int(11) NOT NULL AUTO_INCREMENT, AUTO_INCREMENT=7;

--
-- AUTO_INCREMENT for table `erp_hr_appraisal_department`
--
ALTER TABLE `erp_hr_appraisal_department`
  MODIFY `id` int(11) NOT NULL AUTO_INCREMENT, AUTO_INCREMENT=2;

--
-- AUTO_INCREMENT for table `erp_hr_appraisal_questions`
--
ALTER TABLE `erp_hr_appraisal_questions`
  MODIFY `id` int(11) NOT NULL AUTO_INCREMENT, AUTO_INCREMENT=7;

--
-- AUTO_INCREMENT for table `erp_hr_appraisal_type`
--
ALTER TABLE `erp_hr_appraisal_type`
  MODIFY `id` int(11) NOT NULL AUTO_INCREMENT, AUTO_INCREMENT=4;

--
-- AUTO_INCREMENT for table `erp_hr_attendance_log`
--
ALTER TABLE `erp_hr_attendance_log`
  MODIFY `id` int(11) NOT NULL AUTO_INCREMENT;

--
-- AUTO_INCREMENT for table `erp_hr_attendance_manager`
--
ALTER TABLE `erp_hr_attendance_manager`
  MODIFY `id` int(11) NOT NULL AUTO_INCREMENT, AUTO_INCREMENT=2;

--
-- AUTO_INCREMENT for table `erp_hr_attendance_punch_history`
--
ALTER TABLE `erp_hr_attendance_punch_history`
  MODIFY `id` int(11) NOT NULL AUTO_INCREMENT;

--
-- AUTO_INCREMENT for table `erp_hr_attendance_upload_format`
--
ALTER TABLE `erp_hr_attendance_upload_format`
  MODIFY `id` int(11) NOT NULL AUTO_INCREMENT, AUTO_INCREMENT=2;

--
-- AUTO_INCREMENT for table `erp_hr_audit_log`
--
ALTER TABLE `erp_hr_audit_log`
  MODIFY `id` int(11) NOT NULL AUTO_INCREMENT, AUTO_INCREMENT=182;

--
-- AUTO_INCREMENT for table `erp_hr_audit_log_functionality`
--
ALTER TABLE `erp_hr_audit_log_functionality`
  MODIFY `id` int(11) NOT NULL AUTO_INCREMENT, AUTO_INCREMENT=44;

--
-- AUTO_INCREMENT for table `erp_hr_bank`
--
ALTER TABLE `erp_hr_bank`
  MODIFY `id` int(11) NOT NULL AUTO_INCREMENT;

--
-- AUTO_INCREMENT for table `erp_hr_calendar_notification`
--
ALTER TABLE `erp_hr_calendar_notification`
  MODIFY `id` int(11) NOT NULL AUTO_INCREMENT, AUTO_INCREMENT=2;

--
-- AUTO_INCREMENT for table `erp_hr_company_catalogue`
--
ALTER TABLE `erp_hr_company_catalogue`
  MODIFY `id` int(11) NOT NULL AUTO_INCREMENT, AUTO_INCREMENT=3;

--
-- AUTO_INCREMENT for table `erp_hr_company_circular`
--
ALTER TABLE `erp_hr_company_circular`
  MODIFY `id` int(11) NOT NULL AUTO_INCREMENT, AUTO_INCREMENT=4;

--
-- AUTO_INCREMENT for table `erp_hr_company_document`
--
ALTER TABLE `erp_hr_company_document`
  MODIFY `id` int(11) NOT NULL AUTO_INCREMENT, AUTO_INCREMENT=2;

--
-- AUTO_INCREMENT for table `erp_hr_company_inprocess_document`
--
ALTER TABLE `erp_hr_company_inprocess_document`
  MODIFY `id` int(11) NOT NULL AUTO_INCREMENT;

--
-- AUTO_INCREMENT for table `erp_hr_company_templates`
--
ALTER TABLE `erp_hr_company_templates`
  MODIFY `id` int(11) NOT NULL AUTO_INCREMENT, AUTO_INCREMENT=5;

--
-- AUTO_INCREMENT for table `erp_hr_department`
--
ALTER TABLE `erp_hr_department`
  MODIFY `id` int(11) NOT NULL AUTO_INCREMENT, AUTO_INCREMENT=15;

--
-- AUTO_INCREMENT for table `erp_hr_department_approve_level`
--
ALTER TABLE `erp_hr_department_approve_level`
  MODIFY `id` int(11) NOT NULL AUTO_INCREMENT;

--
-- AUTO_INCREMENT for table `erp_hr_designation`
--
ALTER TABLE `erp_hr_designation`
  MODIFY `id` int(11) NOT NULL AUTO_INCREMENT, AUTO_INCREMENT=13;

--
-- AUTO_INCREMENT for table `erp_hr_employee_approve_level`
--
ALTER TABLE `erp_hr_employee_approve_level`
  MODIFY `id` int(11) NOT NULL AUTO_INCREMENT, AUTO_INCREMENT=14;

--
-- AUTO_INCREMENT for table `erp_hr_employee_asset`
--
ALTER TABLE `erp_hr_employee_asset`
  MODIFY `id` int(11) NOT NULL AUTO_INCREMENT;

--
-- AUTO_INCREMENT for table `erp_hr_employee_attendance`
--
ALTER TABLE `erp_hr_employee_attendance`
  MODIFY `id` int(11) NOT NULL AUTO_INCREMENT, AUTO_INCREMENT=3;

--
-- AUTO_INCREMENT for table `erp_hr_employee_attendance_excuse`
--
ALTER TABLE `erp_hr_employee_attendance_excuse`
  MODIFY `id` int(11) NOT NULL AUTO_INCREMENT, AUTO_INCREMENT=3;

--
-- AUTO_INCREMENT for table `erp_hr_employee_attendance_excuse_details`
--
ALTER TABLE `erp_hr_employee_attendance_excuse_details`
  MODIFY `id` int(11) NOT NULL AUTO_INCREMENT, AUTO_INCREMENT=3;

--
-- AUTO_INCREMENT for table `erp_hr_employee_attendance_warning`
--
ALTER TABLE `erp_hr_employee_attendance_warning`
  MODIFY `id` int(11) NOT NULL AUTO_INCREMENT;

--
-- AUTO_INCREMENT for table `erp_hr_employee_biometric_exclude`
--
ALTER TABLE `erp_hr_employee_biometric_exclude`
  MODIFY `id` int(11) NOT NULL AUTO_INCREMENT, AUTO_INCREMENT=3;

--
-- AUTO_INCREMENT for table `erp_hr_employee_branch`
--
ALTER TABLE `erp_hr_employee_branch`
  MODIFY `id` int(11) NOT NULL AUTO_INCREMENT, AUTO_INCREMENT=4;

--
-- AUTO_INCREMENT for table `erp_hr_employee_brand_salary_percent`
--
ALTER TABLE `erp_hr_employee_brand_salary_percent`
  MODIFY `id` int(11) NOT NULL AUTO_INCREMENT;

--
-- AUTO_INCREMENT for table `erp_hr_employee_bussiness_trip`
--
ALTER TABLE `erp_hr_employee_bussiness_trip`
  MODIFY `id` int(11) NOT NULL AUTO_INCREMENT;

--
-- AUTO_INCREMENT for table `erp_hr_employee_certificate`
--
ALTER TABLE `erp_hr_employee_certificate`
  MODIFY `id` int(11) NOT NULL AUTO_INCREMENT, AUTO_INCREMENT=5;

--
-- AUTO_INCREMENT for table `erp_hr_employee_complaint_suggestion`
--
ALTER TABLE `erp_hr_employee_complaint_suggestion`
  MODIFY `id` int(11) NOT NULL AUTO_INCREMENT, AUTO_INCREMENT=3;

--
-- AUTO_INCREMENT for table `erp_hr_employee_contacts`
--
ALTER TABLE `erp_hr_employee_contacts`
  MODIFY `id` int(11) NOT NULL AUTO_INCREMENT;

--
-- AUTO_INCREMENT for table `erp_hr_employee_department`
--
ALTER TABLE `erp_hr_employee_department`
  MODIFY `id` int(11) NOT NULL AUTO_INCREMENT, AUTO_INCREMENT=4;

--
-- AUTO_INCREMENT for table `erp_hr_employee_dependants`
--
ALTER TABLE `erp_hr_employee_dependants`
  MODIFY `id` int(11) NOT NULL AUTO_INCREMENT;

--
-- AUTO_INCREMENT for table `erp_hr_employee_designation`
--
ALTER TABLE `erp_hr_employee_designation`
  MODIFY `id` int(11) NOT NULL AUTO_INCREMENT, AUTO_INCREMENT=4;

--
-- AUTO_INCREMENT for table `erp_hr_employee_documents`
--
ALTER TABLE `erp_hr_employee_documents`
  MODIFY `id` int(11) NOT NULL AUTO_INCREMENT;

--
-- AUTO_INCREMENT for table `erp_hr_employee_document_expiry`
--
ALTER TABLE `erp_hr_employee_document_expiry`
  MODIFY `id` int(11) NOT NULL AUTO_INCREMENT;

--
-- AUTO_INCREMENT for table `erp_hr_employee_eos`
--
ALTER TABLE `erp_hr_employee_eos`
  MODIFY `id` int(11) NOT NULL AUTO_INCREMENT, AUTO_INCREMENT=3;

--
-- AUTO_INCREMENT for table `erp_hr_employee_eos_clearance`
--
ALTER TABLE `erp_hr_employee_eos_clearance`
  MODIFY `id` int(11) NOT NULL AUTO_INCREMENT, AUTO_INCREMENT=2;

--
-- AUTO_INCREMENT for table `erp_hr_employee_eos_clearance_details`
--
ALTER TABLE `erp_hr_employee_eos_clearance_details`
  MODIFY `id` int(11) NOT NULL AUTO_INCREMENT;

--
-- AUTO_INCREMENT for table `erp_hr_employee_eos_details`
--
ALTER TABLE `erp_hr_employee_eos_details`
  MODIFY `id` int(11) NOT NULL AUTO_INCREMENT, AUTO_INCREMENT=3;

--
-- AUTO_INCREMENT for table `erp_hr_employee_eos_payment`
--
ALTER TABLE `erp_hr_employee_eos_payment`
  MODIFY `id` int(11) NOT NULL AUTO_INCREMENT;

--
-- AUTO_INCREMENT for table `erp_hr_employee_expense`
--
ALTER TABLE `erp_hr_employee_expense`
  MODIFY `id` int(11) NOT NULL AUTO_INCREMENT, AUTO_INCREMENT=2;

--
-- AUTO_INCREMENT for table `erp_hr_employee_expense_details`
--
ALTER TABLE `erp_hr_employee_expense_details`
  MODIFY `id` int(11) NOT NULL AUTO_INCREMENT, AUTO_INCREMENT=2;

--
-- AUTO_INCREMENT for table `erp_hr_employee_geocode`
--
ALTER TABLE `erp_hr_employee_geocode`
  MODIFY `id` int(11) NOT NULL AUTO_INCREMENT, AUTO_INCREMENT=2;

--
-- AUTO_INCREMENT for table `erp_hr_employee_geocode_history`
--
ALTER TABLE `erp_hr_employee_geocode_history`
  MODIFY `id` int(11) NOT NULL AUTO_INCREMENT, AUTO_INCREMENT=2;

--
-- AUTO_INCREMENT for table `erp_hr_employee_inout_document`
--
ALTER TABLE `erp_hr_employee_inout_document`
  MODIFY `id` int(11) NOT NULL AUTO_INCREMENT;

--
-- AUTO_INCREMENT for table `erp_hr_employee_inprocess_document`
--
ALTER TABLE `erp_hr_employee_inprocess_document`
  MODIFY `id` int(11) NOT NULL AUTO_INCREMENT;

--
-- AUTO_INCREMENT for table `erp_hr_employee_leave`
--
ALTER TABLE `erp_hr_employee_leave`
  MODIFY `id` int(11) NOT NULL AUTO_INCREMENT, AUTO_INCREMENT=10;

--
-- AUTO_INCREMENT for table `erp_hr_employee_leavesettlement`
--
ALTER TABLE `erp_hr_employee_leavesettlement`
  MODIFY `id` int(11) NOT NULL AUTO_INCREMENT, AUTO_INCREMENT=2;

--
-- AUTO_INCREMENT for table `erp_hr_employee_leave_detail`
--
ALTER TABLE `erp_hr_employee_leave_detail`
  MODIFY `id` int(11) NOT NULL AUTO_INCREMENT, AUTO_INCREMENT=8;

--
-- AUTO_INCREMENT for table `erp_hr_employee_leave_encashment`
--
ALTER TABLE `erp_hr_employee_leave_encashment`
  MODIFY `id` int(11) NOT NULL AUTO_INCREMENT, AUTO_INCREMENT=2;

--
-- AUTO_INCREMENT for table `erp_hr_employee_leave_excuse`
--
ALTER TABLE `erp_hr_employee_leave_excuse`
  MODIFY `id` int(11) NOT NULL AUTO_INCREMENT;

--
-- AUTO_INCREMENT for table `erp_hr_employee_leave_ledger`
--
ALTER TABLE `erp_hr_employee_leave_ledger`
  MODIFY `id` int(11) NOT NULL AUTO_INCREMENT, AUTO_INCREMENT=4;

--
-- AUTO_INCREMENT for table `erp_hr_employee_leave_migrated`
--
ALTER TABLE `erp_hr_employee_leave_migrated`
  MODIFY `id` int(11) NOT NULL AUTO_INCREMENT, AUTO_INCREMENT=2;

--
-- AUTO_INCREMENT for table `erp_hr_employee_loan`
--
ALTER TABLE `erp_hr_employee_loan`
  MODIFY `id` int(11) NOT NULL AUTO_INCREMENT;

--
-- AUTO_INCREMENT for table `erp_hr_employee_loan_detail`
--
ALTER TABLE `erp_hr_employee_loan_detail`
  MODIFY `id` int(11) NOT NULL AUTO_INCREMENT, AUTO_INCREMENT=4;

--
-- AUTO_INCREMENT for table `erp_hr_employee_notes`
--
ALTER TABLE `erp_hr_employee_notes`
  MODIFY `id` int(11) NOT NULL AUTO_INCREMENT, AUTO_INCREMENT=2;

--
-- AUTO_INCREMENT for table `erp_hr_employee_notice_conduct`
--
ALTER TABLE `erp_hr_employee_notice_conduct`
  MODIFY `id` int(11) NOT NULL AUTO_INCREMENT, AUTO_INCREMENT=4;

--
-- AUTO_INCREMENT for table `erp_hr_employee_offboard`
--
ALTER TABLE `erp_hr_employee_offboard`
  MODIFY `id` int(11) NOT NULL AUTO_INCREMENT;

--
-- AUTO_INCREMENT for table `erp_hr_employee_overtime`
--
ALTER TABLE `erp_hr_employee_overtime`
  MODIFY `id` int(11) NOT NULL AUTO_INCREMENT;

--
-- AUTO_INCREMENT for table `erp_hr_employee_pension`
--
ALTER TABLE `erp_hr_employee_pension`
  MODIFY `id` int(11) NOT NULL AUTO_INCREMENT, AUTO_INCREMENT=2;

--
-- AUTO_INCREMENT for table `erp_hr_employee_purchase`
--
ALTER TABLE `erp_hr_employee_purchase`
  MODIFY `id` int(11) NOT NULL AUTO_INCREMENT, AUTO_INCREMENT=3;

--
-- AUTO_INCREMENT for table `erp_hr_employee_purchase_detail`
--
ALTER TABLE `erp_hr_employee_purchase_detail`
  MODIFY `id` int(11) NOT NULL AUTO_INCREMENT, AUTO_INCREMENT=3;

--
-- AUTO_INCREMENT for table `erp_hr_employee_qualification`
--
ALTER TABLE `erp_hr_employee_qualification`
  MODIFY `id` int(11) NOT NULL AUTO_INCREMENT;

--
-- AUTO_INCREMENT for table `erp_hr_employee_resignation`
--
ALTER TABLE `erp_hr_employee_resignation`
  MODIFY `id` int(11) NOT NULL AUTO_INCREMENT, AUTO_INCREMENT=2;

--
-- AUTO_INCREMENT for table `erp_hr_employee_salary`
--
ALTER TABLE `erp_hr_employee_salary`
  MODIFY `id` int(11) NOT NULL AUTO_INCREMENT, AUTO_INCREMENT=4;

--
-- AUTO_INCREMENT for table `erp_hr_employee_salary_advance`
--
ALTER TABLE `erp_hr_employee_salary_advance`
  MODIFY `id` int(11) NOT NULL AUTO_INCREMENT, AUTO_INCREMENT=3;

--
-- AUTO_INCREMENT for table `erp_hr_employee_salary_advance_payment`
--
ALTER TABLE `erp_hr_employee_salary_advance_payment`
  MODIFY `id` int(11) NOT NULL AUTO_INCREMENT;

--
-- AUTO_INCREMENT for table `erp_hr_employee_salary_deduction_leave`
--
ALTER TABLE `erp_hr_employee_salary_deduction_leave`
  MODIFY `id` int(11) NOT NULL AUTO_INCREMENT;

--
-- AUTO_INCREMENT for table `erp_hr_employee_shift`
--
ALTER TABLE `erp_hr_employee_shift`
  MODIFY `id` int(11) NOT NULL AUTO_INCREMENT, AUTO_INCREMENT=4;

--
-- AUTO_INCREMENT for table `erp_hr_employee_target`
--
ALTER TABLE `erp_hr_employee_target`
  MODIFY `id` int(11) NOT NULL AUTO_INCREMENT;

--
-- AUTO_INCREMENT for table `erp_hr_employee_team`
--
ALTER TABLE `erp_hr_employee_team`
  MODIFY `id` int(11) NOT NULL AUTO_INCREMENT;

--
-- AUTO_INCREMENT for table `erp_hr_employee_ticket`
--
ALTER TABLE `erp_hr_employee_ticket`
  MODIFY `id` int(11) NOT NULL AUTO_INCREMENT, AUTO_INCREMENT=6;

--
-- AUTO_INCREMENT for table `erp_hr_employee_ticket_encashment`
--
ALTER TABLE `erp_hr_employee_ticket_encashment`
  MODIFY `id` int(11) NOT NULL AUTO_INCREMENT, AUTO_INCREMENT=2;

--
-- AUTO_INCREMENT for table `erp_hr_employee_ticket_entitlement`
--
ALTER TABLE `erp_hr_employee_ticket_entitlement`
  MODIFY `id` int(11) NOT NULL AUTO_INCREMENT, AUTO_INCREMENT=4;

--
-- AUTO_INCREMENT for table `erp_hr_employee_ticket_ledger`
--
ALTER TABLE `erp_hr_employee_ticket_ledger`
  MODIFY `id` int(11) NOT NULL AUTO_INCREMENT, AUTO_INCREMENT=25;

--
-- AUTO_INCREMENT for table `erp_hr_employee_ticket_setting`
--
ALTER TABLE `erp_hr_employee_ticket_setting`
  MODIFY `id` int(11) NOT NULL AUTO_INCREMENT;

--
-- AUTO_INCREMENT for table `erp_hr_employee_wps_company`
--
ALTER TABLE `erp_hr_employee_wps_company`
  MODIFY `id` int(11) NOT NULL AUTO_INCREMENT, AUTO_INCREMENT=4;

--
-- AUTO_INCREMENT for table `erp_hr_eos_gratuity_details`
--
ALTER TABLE `erp_hr_eos_gratuity_details`
  MODIFY `id` int(11) NOT NULL AUTO_INCREMENT, AUTO_INCREMENT=4;

--
-- AUTO_INCREMENT for table `erp_hr_expense`
--
ALTER TABLE `erp_hr_expense`
  MODIFY `id` int(11) NOT NULL AUTO_INCREMENT, AUTO_INCREMENT=3;

--
-- AUTO_INCREMENT for table `erp_hr_expense_detail`
--
ALTER TABLE `erp_hr_expense_detail`
  MODIFY `id` int(11) NOT NULL AUTO_INCREMENT, AUTO_INCREMENT=4;

--
-- AUTO_INCREMENT for table `erp_hr_expense_master`
--
ALTER TABLE `erp_hr_expense_master`
  MODIFY `id` int(11) NOT NULL AUTO_INCREMENT, AUTO_INCREMENT=4;

--
-- AUTO_INCREMENT for table `erp_hr_holiday_allowance`
--
ALTER TABLE `erp_hr_holiday_allowance`
  MODIFY `id` int(11) NOT NULL AUTO_INCREMENT;

--
-- AUTO_INCREMENT for table `erp_hr_leavesettlement`
--
ALTER TABLE `erp_hr_leavesettlement`
  MODIFY `id` int(11) NOT NULL AUTO_INCREMENT;

--
-- AUTO_INCREMENT for table `erp_hr_mail_settings`
--
ALTER TABLE `erp_hr_mail_settings`
  MODIFY `id` int(11) NOT NULL AUTO_INCREMENT, AUTO_INCREMENT=2;

--
-- AUTO_INCREMENT for table `erp_hr_mail_status`
--
ALTER TABLE `erp_hr_mail_status`
  MODIFY `id` int(11) NOT NULL AUTO_INCREMENT;

--
-- AUTO_INCREMENT for table `erp_hr_master_function`
--
ALTER TABLE `erp_hr_master_function`
  MODIFY `id` int(11) NOT NULL AUTO_INCREMENT, AUTO_INCREMENT=15;

--
-- AUTO_INCREMENT for table `erp_hr_master_mail_detail`
--
ALTER TABLE `erp_hr_master_mail_detail`
  MODIFY `id` int(11) NOT NULL AUTO_INCREMENT, AUTO_INCREMENT=34;

--
-- AUTO_INCREMENT for table `erp_hr_master_salary_lock`
--
ALTER TABLE `erp_hr_master_salary_lock`
  MODIFY `id` int(11) NOT NULL AUTO_INCREMENT, AUTO_INCREMENT=2;

--
-- AUTO_INCREMENT for table `erp_hr_master_salary_procedure`
--
ALTER TABLE `erp_hr_master_salary_procedure`
  MODIFY `id` int(11) NOT NULL AUTO_INCREMENT, AUTO_INCREMENT=2;

--
-- AUTO_INCREMENT for table `erp_hr_master_upload`
--
ALTER TABLE `erp_hr_master_upload`
  MODIFY `id` int(11) NOT NULL AUTO_INCREMENT, AUTO_INCREMENT=43;

--
-- AUTO_INCREMENT for table `erp_hr_mas_appraisal`
--
ALTER TABLE `erp_hr_mas_appraisal`
  MODIFY `id` int(11) NOT NULL AUTO_INCREMENT;

--
-- AUTO_INCREMENT for table `erp_hr_mas_appraisal_grade`
--
ALTER TABLE `erp_hr_mas_appraisal_grade`
  MODIFY `id` int(11) NOT NULL AUTO_INCREMENT, AUTO_INCREMENT=7;

--
-- AUTO_INCREMENT for table `erp_hr_mas_appraisal_type`
--
ALTER TABLE `erp_hr_mas_appraisal_type`
  MODIFY `id` int(11) NOT NULL AUTO_INCREMENT, AUTO_INCREMENT=4;

--
-- AUTO_INCREMENT for table `erp_hr_mas_approval_scheme`
--
ALTER TABLE `erp_hr_mas_approval_scheme`
  MODIFY `id` int(11) NOT NULL AUTO_INCREMENT;

--
-- AUTO_INCREMENT for table `erp_hr_mas_approve_setting`
--
ALTER TABLE `erp_hr_mas_approve_setting`
  MODIFY `id` int(11) NOT NULL AUTO_INCREMENT;

--
-- AUTO_INCREMENT for table `erp_hr_mas_asset`
--
ALTER TABLE `erp_hr_mas_asset`
  MODIFY `id` int(11) NOT NULL AUTO_INCREMENT, AUTO_INCREMENT=2;

--
-- AUTO_INCREMENT for table `erp_hr_mas_asset_details`
--
ALTER TABLE `erp_hr_mas_asset_details`
  MODIFY `id` int(11) NOT NULL AUTO_INCREMENT, AUTO_INCREMENT=2;

--
-- AUTO_INCREMENT for table `erp_hr_mas_business_unit`
--
ALTER TABLE `erp_hr_mas_business_unit`
  MODIFY `id` int(11) NOT NULL AUTO_INCREMENT;

--
-- AUTO_INCREMENT for table `erp_hr_mas_certificate_authorization`
--
ALTER TABLE `erp_hr_mas_certificate_authorization`
  MODIFY `id` int(11) NOT NULL AUTO_INCREMENT, AUTO_INCREMENT=3;

--
-- AUTO_INCREMENT for table `erp_hr_mas_certificate_name`
--
ALTER TABLE `erp_hr_mas_certificate_name`
  MODIFY `id` int(11) NOT NULL AUTO_INCREMENT, AUTO_INCREMENT=14;

--
-- AUTO_INCREMENT for table `erp_hr_mas_color_code`
--
ALTER TABLE `erp_hr_mas_color_code`
  MODIFY `id` int(11) NOT NULL AUTO_INCREMENT, AUTO_INCREMENT=9;

--
-- AUTO_INCREMENT for table `erp_hr_mas_company_branch_sponsor`
--
ALTER TABLE `erp_hr_mas_company_branch_sponsor`
  MODIFY `id` bigint(20) NOT NULL AUTO_INCREMENT, AUTO_INCREMENT=2;

--
-- AUTO_INCREMENT for table `erp_hr_mas_company_wps_details`
--
ALTER TABLE `erp_hr_mas_company_wps_details`
  MODIFY `id` int(11) NOT NULL AUTO_INCREMENT, AUTO_INCREMENT=2;

--
-- AUTO_INCREMENT for table `erp_hr_mas_document`
--
ALTER TABLE `erp_hr_mas_document`
  MODIFY `id` int(11) NOT NULL AUTO_INCREMENT, AUTO_INCREMENT=8;

--
-- AUTO_INCREMENT for table `erp_hr_mas_employee_expense`
--
ALTER TABLE `erp_hr_mas_employee_expense`
  MODIFY `id` int(11) NOT NULL AUTO_INCREMENT, AUTO_INCREMENT=2;

--
-- AUTO_INCREMENT for table `erp_hr_mas_eos_clearance`
--
ALTER TABLE `erp_hr_mas_eos_clearance`
  MODIFY `id` int(11) NOT NULL AUTO_INCREMENT, AUTO_INCREMENT=2;

--
-- AUTO_INCREMENT for table `erp_hr_mas_eos_payment`
--
ALTER TABLE `erp_hr_mas_eos_payment`
  MODIFY `id` int(11) NOT NULL AUTO_INCREMENT, AUTO_INCREMENT=7;

--
-- AUTO_INCREMENT for table `erp_hr_mas_excuse`
--
ALTER TABLE `erp_hr_mas_excuse`
  MODIFY `id` int(11) NOT NULL AUTO_INCREMENT, AUTO_INCREMENT=7;

--
-- AUTO_INCREMENT for table `erp_hr_mas_expiry_status`
--
ALTER TABLE `erp_hr_mas_expiry_status`
  MODIFY `id` int(11) NOT NULL AUTO_INCREMENT, AUTO_INCREMENT=13;

--
-- AUTO_INCREMENT for table `erp_hr_mas_geocode_location`
--
ALTER TABLE `erp_hr_mas_geocode_location`
  MODIFY `id` int(11) NOT NULL AUTO_INCREMENT, AUTO_INCREMENT=2;

--
-- AUTO_INCREMENT for table `erp_hr_mas_grade`
--
ALTER TABLE `erp_hr_mas_grade`
  MODIFY `id` int(11) NOT NULL AUTO_INCREMENT, AUTO_INCREMENT=4;

--
-- AUTO_INCREMENT for table `erp_hr_mas_gratuity`
--
ALTER TABLE `erp_hr_mas_gratuity`
  MODIFY `id` int(11) NOT NULL AUTO_INCREMENT, AUTO_INCREMENT=10;

--
-- AUTO_INCREMENT for table `erp_hr_mas_gratuity_24_4_2023`
--
ALTER TABLE `erp_hr_mas_gratuity_24_4_2023`
  MODIFY `id` int(11) NOT NULL AUTO_INCREMENT, AUTO_INCREMENT=12;

--
-- AUTO_INCREMENT for table `erp_hr_mas_gratuity_rule_type`
--
ALTER TABLE `erp_hr_mas_gratuity_rule_type`
  MODIFY `id` int(11) NOT NULL AUTO_INCREMENT, AUTO_INCREMENT=4;

--
-- AUTO_INCREMENT for table `erp_hr_mas_holiday`
--
ALTER TABLE `erp_hr_mas_holiday`
  MODIFY `id` int(11) NOT NULL AUTO_INCREMENT, AUTO_INCREMENT=4;

--
-- AUTO_INCREMENT for table `erp_hr_mas_incentive_structure`
--
ALTER TABLE `erp_hr_mas_incentive_structure`
  MODIFY `id` int(11) NOT NULL AUTO_INCREMENT, AUTO_INCREMENT=11;

--
-- AUTO_INCREMENT for table `erp_hr_mas_inout_document`
--
ALTER TABLE `erp_hr_mas_inout_document`
  MODIFY `id` int(11) NOT NULL AUTO_INCREMENT, AUTO_INCREMENT=5;

--
-- AUTO_INCREMENT for table `erp_hr_mas_job_contract`
--
ALTER TABLE `erp_hr_mas_job_contract`
  MODIFY `id` int(11) NOT NULL AUTO_INCREMENT, AUTO_INCREMENT=4;

--
-- AUTO_INCREMENT for table `erp_hr_mas_leave`
--
ALTER TABLE `erp_hr_mas_leave`
  MODIFY `id` int(11) NOT NULL AUTO_INCREMENT, AUTO_INCREMENT=6;

--
-- AUTO_INCREMENT for table `erp_hr_mas_noticeperiod`
--
ALTER TABLE `erp_hr_mas_noticeperiod`
  MODIFY `id` int(11) NOT NULL AUTO_INCREMENT, AUTO_INCREMENT=4;

--
-- AUTO_INCREMENT for table `erp_hr_mas_notification`
--
ALTER TABLE `erp_hr_mas_notification`
  MODIFY `id` int(11) NOT NULL AUTO_INCREMENT;

--
-- AUTO_INCREMENT for table `erp_hr_mas_offboarding`
--
ALTER TABLE `erp_hr_mas_offboarding`
  MODIFY `id` int(11) NOT NULL AUTO_INCREMENT;

--
-- AUTO_INCREMENT for table `erp_hr_mas_onboarding`
--
ALTER TABLE `erp_hr_mas_onboarding`
  MODIFY `id` int(11) NOT NULL AUTO_INCREMENT;

--
-- AUTO_INCREMENT for table `erp_hr_mas_over_time`
--
ALTER TABLE `erp_hr_mas_over_time`
  MODIFY `id` int(11) NOT NULL AUTO_INCREMENT, AUTO_INCREMENT=5;

--
-- AUTO_INCREMENT for table `erp_hr_mas_pension`
--
ALTER TABLE `erp_hr_mas_pension`
  MODIFY `id` int(11) NOT NULL AUTO_INCREMENT, AUTO_INCREMENT=3;

--
-- AUTO_INCREMENT for table `erp_hr_mas_product`
--
ALTER TABLE `erp_hr_mas_product`
  MODIFY `id` int(11) NOT NULL AUTO_INCREMENT, AUTO_INCREMENT=2;

--
-- AUTO_INCREMENT for table `erp_hr_mas_project_work`
--
ALTER TABLE `erp_hr_mas_project_work`
  MODIFY `id` int(11) NOT NULL AUTO_INCREMENT;

--
-- AUTO_INCREMENT for table `erp_hr_mas_relation`
--
ALTER TABLE `erp_hr_mas_relation`
  MODIFY `id` int(11) NOT NULL AUTO_INCREMENT, AUTO_INCREMENT=11;

--
-- AUTO_INCREMENT for table `erp_hr_mas_religion`
--
ALTER TABLE `erp_hr_mas_religion`
  MODIFY `id` int(11) NOT NULL AUTO_INCREMENT, AUTO_INCREMENT=4;

--
-- AUTO_INCREMENT for table `erp_hr_mas_salarytype`
--
ALTER TABLE `erp_hr_mas_salarytype`
  MODIFY `id` int(11) NOT NULL AUTO_INCREMENT, AUTO_INCREMENT=3;

--
-- AUTO_INCREMENT for table `erp_hr_mas_shift`
--
ALTER TABLE `erp_hr_mas_shift`
  MODIFY `id` int(11) NOT NULL AUTO_INCREMENT, AUTO_INCREMENT=2;

--
-- AUTO_INCREMENT for table `erp_hr_mas_team_name`
--
ALTER TABLE `erp_hr_mas_team_name`
  MODIFY `id` int(11) NOT NULL AUTO_INCREMENT, AUTO_INCREMENT=2;

--
-- AUTO_INCREMENT for table `erp_hr_mas_training_course`
--
ALTER TABLE `erp_hr_mas_training_course`
  MODIFY `id` int(11) NOT NULL AUTO_INCREMENT, AUTO_INCREMENT=2;

--
-- AUTO_INCREMENT for table `erp_hr_mas_training_course_detail`
--
ALTER TABLE `erp_hr_mas_training_course_detail`
  MODIFY `id` int(11) NOT NULL AUTO_INCREMENT, AUTO_INCREMENT=2;

--
-- AUTO_INCREMENT for table `erp_hr_modules`
--
ALTER TABLE `erp_hr_modules`
  MODIFY `id` int(11) NOT NULL AUTO_INCREMENT, AUTO_INCREMENT=38;

--
-- AUTO_INCREMENT for table `erp_hr_monthly_gratuity`
--
ALTER TABLE `erp_hr_monthly_gratuity`
  MODIFY `id` int(11) NOT NULL AUTO_INCREMENT, AUTO_INCREMENT=2;

--
-- AUTO_INCREMENT for table `erp_hr_monthly_salary_component`
--
ALTER TABLE `erp_hr_monthly_salary_component`
  MODIFY `id` int(11) NOT NULL AUTO_INCREMENT, AUTO_INCREMENT=2;

--
-- AUTO_INCREMENT for table `erp_hr_monthly_salary_sif`
--
ALTER TABLE `erp_hr_monthly_salary_sif`
  MODIFY `id` int(11) NOT NULL AUTO_INCREMENT, AUTO_INCREMENT=6;

--
-- AUTO_INCREMENT for table `erp_hr_notification`
--
ALTER TABLE `erp_hr_notification`
  MODIFY `id` int(11) NOT NULL AUTO_INCREMENT, AUTO_INCREMENT=3;

--
-- AUTO_INCREMENT for table `erp_hr_outsource_overtime`
--
ALTER TABLE `erp_hr_outsource_overtime`
  MODIFY `id` int(11) NOT NULL AUTO_INCREMENT, AUTO_INCREMENT=2;

--
-- AUTO_INCREMENT for table `erp_hr_panel_permission`
--
ALTER TABLE `erp_hr_panel_permission`
  MODIFY `id` int(11) NOT NULL AUTO_INCREMENT, AUTO_INCREMENT=4;

--
-- AUTO_INCREMENT for table `erp_hr_pdf_settings`
--
ALTER TABLE `erp_hr_pdf_settings`
  MODIFY `id` int(11) NOT NULL AUTO_INCREMENT, AUTO_INCREMENT=2;

--
-- AUTO_INCREMENT for table `erp_hr_questions`
--
ALTER TABLE `erp_hr_questions`
  MODIFY `id` int(11) NOT NULL AUTO_INCREMENT, AUTO_INCREMENT=3;

--
-- AUTO_INCREMENT for table `erp_hr_question_type`
--
ALTER TABLE `erp_hr_question_type`
  MODIFY `id` int(11) NOT NULL AUTO_INCREMENT, AUTO_INCREMENT=2;

--
-- AUTO_INCREMENT for table `erp_hr_recruitment`
--
ALTER TABLE `erp_hr_recruitment`
  MODIFY `id` int(11) NOT NULL AUTO_INCREMENT, AUTO_INCREMENT=2;

--
-- AUTO_INCREMENT for table `erp_hr_recruitment_analysis`
--
ALTER TABLE `erp_hr_recruitment_analysis`
  MODIFY `id` int(11) NOT NULL AUTO_INCREMENT;

--
-- AUTO_INCREMENT for table `erp_hr_recruitment_documents`
--
ALTER TABLE `erp_hr_recruitment_documents`
  MODIFY `id` int(11) NOT NULL AUTO_INCREMENT;

--
-- AUTO_INCREMENT for table `erp_hr_recruitment_note`
--
ALTER TABLE `erp_hr_recruitment_note`
  MODIFY `id` int(11) NOT NULL AUTO_INCREMENT;

--
-- AUTO_INCREMENT for table `erp_hr_recruitment_onboard`
--
ALTER TABLE `erp_hr_recruitment_onboard`
  MODIFY `id` int(11) NOT NULL AUTO_INCREMENT, AUTO_INCREMENT=13;

--
-- AUTO_INCREMENT for table `erp_hr_recruitment_salary`
--
ALTER TABLE `erp_hr_recruitment_salary`
  MODIFY `id` int(11) NOT NULL AUTO_INCREMENT;

--
-- AUTO_INCREMENT for table `erp_hr_reporting_manager`
--
ALTER TABLE `erp_hr_reporting_manager`
  MODIFY `id` int(11) NOT NULL AUTO_INCREMENT, AUTO_INCREMENT=4;

--
-- AUTO_INCREMENT for table `erp_hr_room_allocation`
--
ALTER TABLE `erp_hr_room_allocation`
  MODIFY `id` int(11) NOT NULL AUTO_INCREMENT, AUTO_INCREMENT=2;

--
-- AUTO_INCREMENT for table `erp_hr_room_bedspace`
--
ALTER TABLE `erp_hr_room_bedspace`
  MODIFY `id` int(11) NOT NULL AUTO_INCREMENT, AUTO_INCREMENT=2;

--
-- AUTO_INCREMENT for table `erp_hr_room_setting`
--
ALTER TABLE `erp_hr_room_setting`
  MODIFY `id` int(11) NOT NULL AUTO_INCREMENT, AUTO_INCREMENT=2;

--
-- AUTO_INCREMENT for table `erp_hr_room_setting_details`
--
ALTER TABLE `erp_hr_room_setting_details`
  MODIFY `id` int(11) NOT NULL AUTO_INCREMENT, AUTO_INCREMENT=3;

--
-- AUTO_INCREMENT for table `erp_hr_salary_processing`
--
ALTER TABLE `erp_hr_salary_processing`
  MODIFY `id` int(11) NOT NULL AUTO_INCREMENT, AUTO_INCREMENT=7;

--
-- AUTO_INCREMENT for table `erp_hr_salary_slip`
--
ALTER TABLE `erp_hr_salary_slip`
  MODIFY `id` int(11) NOT NULL AUTO_INCREMENT, AUTO_INCREMENT=20;

--
-- AUTO_INCREMENT for table `erp_hr_salary_slip_details`
--
ALTER TABLE `erp_hr_salary_slip_details`
  MODIFY `id` int(11) NOT NULL AUTO_INCREMENT, AUTO_INCREMENT=20;

--
-- AUTO_INCREMENT for table `erp_hr_salary_slip_leavedetails`
--
ALTER TABLE `erp_hr_salary_slip_leavedetails`
  MODIFY `id` int(11) NOT NULL AUTO_INCREMENT;

--
-- AUTO_INCREMENT for table `erp_hr_sale_target`
--
ALTER TABLE `erp_hr_sale_target`
  MODIFY `id` int(11) NOT NULL AUTO_INCREMENT;

--
-- AUTO_INCREMENT for table `erp_hr_sale_target_details`
--
ALTER TABLE `erp_hr_sale_target_details`
  MODIFY `id` int(11) NOT NULL AUTO_INCREMENT;

--
-- AUTO_INCREMENT for table `erp_hr_scheme_approve_level`
--
ALTER TABLE `erp_hr_scheme_approve_level`
  MODIFY `id` int(11) NOT NULL AUTO_INCREMENT;

--
-- AUTO_INCREMENT for table `erp_hr_software_package`
--
ALTER TABLE `erp_hr_software_package`
  MODIFY `id` int(11) NOT NULL AUTO_INCREMENT, AUTO_INCREMENT=4;

--
-- AUTO_INCREMENT for table `erp_hr_todolist`
--
ALTER TABLE `erp_hr_todolist`
  MODIFY `id` int(11) NOT NULL AUTO_INCREMENT;

--
-- AUTO_INCREMENT for table `erp_hr_training`
--
ALTER TABLE `erp_hr_training`
  MODIFY `id` int(11) NOT NULL AUTO_INCREMENT, AUTO_INCREMENT=3;

--
-- AUTO_INCREMENT for table `erp_hr_training_details`
--
ALTER TABLE `erp_hr_training_details`
  MODIFY `id` int(11) NOT NULL AUTO_INCREMENT, AUTO_INCREMENT=3;

--
-- AUTO_INCREMENT for table `erp_hr_workinghours`
--
ALTER TABLE `erp_hr_workinghours`
  MODIFY `id` int(11) NOT NULL AUTO_INCREMENT, AUTO_INCREMENT=8;

--
-- AUTO_INCREMENT for table `erp_incentive_calculation`
--
ALTER TABLE `erp_incentive_calculation`
  MODIFY `id` int(11) NOT NULL AUTO_INCREMENT;

--
-- AUTO_INCREMENT for table `erp_inventory_batch_split_history`
--
ALTER TABLE `erp_inventory_batch_split_history`
  MODIFY `id` int(11) NOT NULL AUTO_INCREMENT;

--
-- AUTO_INCREMENT for table `erp_inventory_batch_split_history_detail`
--
ALTER TABLE `erp_inventory_batch_split_history_detail`
  MODIFY `id` int(11) NOT NULL AUTO_INCREMENT;

--
-- AUTO_INCREMENT for table `erp_inventory_direct_transfer`
--
ALTER TABLE `erp_inventory_direct_transfer`
  MODIFY `id` bigint(20) NOT NULL AUTO_INCREMENT, AUTO_INCREMENT=7;

--
-- AUTO_INCREMENT for table `erp_inventory_direct_transfer_item`
--
ALTER TABLE `erp_inventory_direct_transfer_item`
  MODIFY `id` int(11) NOT NULL AUTO_INCREMENT, AUTO_INCREMENT=7;

--
-- AUTO_INCREMENT for table `erp_inventory_generic_name`
--
ALTER TABLE `erp_inventory_generic_name`
  MODIFY `id` int(11) NOT NULL AUTO_INCREMENT, AUTO_INCREMENT=31;

--
-- AUTO_INCREMENT for table `erp_inventory_goods_issue`
--
ALTER TABLE `erp_inventory_goods_issue`
  MODIFY `id` int(11) NOT NULL AUTO_INCREMENT, AUTO_INCREMENT=20041;

--
-- AUTO_INCREMENT for table `erp_inventory_goods_issue_item`
--
ALTER TABLE `erp_inventory_goods_issue_item`
  MODIFY `id` int(11) NOT NULL AUTO_INCREMENT, AUTO_INCREMENT=87;

--
-- AUTO_INCREMENT for table `erp_inventory_goods_receipt`
--
ALTER TABLE `erp_inventory_goods_receipt`
  MODIFY `id` int(11) NOT NULL AUTO_INCREMENT, AUTO_INCREMENT=10040;

--
-- AUTO_INCREMENT for table `erp_inventory_goods_receipt_item`
--
ALTER TABLE `erp_inventory_goods_receipt_item`
  MODIFY `id` int(11) NOT NULL AUTO_INCREMENT, AUTO_INCREMENT=272;

--
-- AUTO_INCREMENT for table `erp_inventory_indirect_transfer`
--
ALTER TABLE `erp_inventory_indirect_transfer`
  MODIFY `id` bigint(20) NOT NULL AUTO_INCREMENT, AUTO_INCREMENT=8;

--
-- AUTO_INCREMENT for table `erp_inventory_indirect_transfer_item`
--
ALTER TABLE `erp_inventory_indirect_transfer_item`
  MODIFY `id` int(11) NOT NULL AUTO_INCREMENT, AUTO_INCREMENT=8;

--
-- AUTO_INCREMENT for table `erp_inventory_kit`
--
ALTER TABLE `erp_inventory_kit`
  MODIFY `id` int(11) NOT NULL AUTO_INCREMENT;

--
-- AUTO_INCREMENT for table `erp_inventory_kit_items`
--
ALTER TABLE `erp_inventory_kit_items`
  MODIFY `id` int(11) NOT NULL AUTO_INCREMENT;

--
-- AUTO_INCREMENT for table `erp_inventory_serialno_change_history`
--
ALTER TABLE `erp_inventory_serialno_change_history`
  MODIFY `id` int(11) NOT NULL AUTO_INCREMENT;

--
-- AUTO_INCREMENT for table `erp_inventory_uploaded_stock`
--
ALTER TABLE `erp_inventory_uploaded_stock`
  MODIFY `id` int(11) NOT NULL AUTO_INCREMENT;

--
-- AUTO_INCREMENT for table `erp_invoice`
--
ALTER TABLE `erp_invoice`
  MODIFY `id` bigint(20) NOT NULL AUTO_INCREMENT, AUTO_INCREMENT=40051;

--
-- AUTO_INCREMENT for table `erp_invoice_addition`
--
ALTER TABLE `erp_invoice_addition`
  MODIFY `id` int(11) NOT NULL AUTO_INCREMENT;

--
-- AUTO_INCREMENT for table `erp_invoice_advance_deduction`
--
ALTER TABLE `erp_invoice_advance_deduction`
  MODIFY `id` int(11) NOT NULL AUTO_INCREMENT;

--
-- AUTO_INCREMENT for table `erp_invoice_deduction`
--
ALTER TABLE `erp_invoice_deduction`
  MODIFY `id` int(11) NOT NULL AUTO_INCREMENT;

--
-- AUTO_INCREMENT for table `erp_invoice_exchange`
--
ALTER TABLE `erp_invoice_exchange`
  MODIFY `id` bigint(20) NOT NULL AUTO_INCREMENT;

--
-- AUTO_INCREMENT for table `erp_invoice_exchange_item`
--
ALTER TABLE `erp_invoice_exchange_item`
  MODIFY `id` int(11) NOT NULL AUTO_INCREMENT;

--
-- AUTO_INCREMENT for table `erp_invoice_item`
--
ALTER TABLE `erp_invoice_item`
  MODIFY `id` bigint(20) NOT NULL AUTO_INCREMENT, AUTO_INCREMENT=72;

--
-- AUTO_INCREMENT for table `erp_kitchen`
--
ALTER TABLE `erp_kitchen`
  MODIFY `id` int(11) NOT NULL AUTO_INCREMENT;

--
-- AUTO_INCREMENT for table `erp_landing_cost`
--
ALTER TABLE `erp_landing_cost`
  MODIFY `id` int(11) NOT NULL AUTO_INCREMENT, AUTO_INCREMENT=5;

--
-- AUTO_INCREMENT for table `erp_lead`
--
ALTER TABLE `erp_lead`
  MODIFY `id` bigint(20) NOT NULL AUTO_INCREMENT, AUTO_INCREMENT=1031;

--
-- AUTO_INCREMENT for table `erp_lead_rfq`
--
ALTER TABLE `erp_lead_rfq`
  MODIFY `id` int(11) NOT NULL AUTO_INCREMENT, AUTO_INCREMENT=27;

--
-- AUTO_INCREMENT for table `erp_mail_events`
--
ALTER TABLE `erp_mail_events`
  MODIFY `id` int(11) NOT NULL AUTO_INCREMENT;

--
-- AUTO_INCREMENT for table `erp_master_cloth_type`
--
ALTER TABLE `erp_master_cloth_type`
  MODIFY `id` int(11) NOT NULL AUTO_INCREMENT;

--
-- AUTO_INCREMENT for table `erp_master_file`
--
ALTER TABLE `erp_master_file`
  MODIFY `id` bigint(20) NOT NULL AUTO_INCREMENT, AUTO_INCREMENT=10175;

--
-- AUTO_INCREMENT for table `erp_master_labour_hours`
--
ALTER TABLE `erp_master_labour_hours`
  MODIFY `id` int(11) NOT NULL AUTO_INCREMENT, AUTO_INCREMENT=5;

--
-- AUTO_INCREMENT for table `erp_mas_aidashboard_settings`
--
ALTER TABLE `erp_mas_aidashboard_settings`
  MODIFY `id` int(11) NOT NULL AUTO_INCREMENT, AUTO_INCREMENT=37;

--
-- AUTO_INCREMENT for table `erp_mas_aidashboard_settings_8-6-25`
--
ALTER TABLE `erp_mas_aidashboard_settings_8-6-25`
  MODIFY `id` int(11) NOT NULL AUTO_INCREMENT, AUTO_INCREMENT=25;

--
-- AUTO_INCREMENT for table `erp_mas_aidashboard_settings_5625`
--
ALTER TABLE `erp_mas_aidashboard_settings_5625`
  MODIFY `id` int(11) NOT NULL AUTO_INCREMENT, AUTO_INCREMENT=25;

--
-- AUTO_INCREMENT for table `erp_mas_aidashboard_settings_data`
--
ALTER TABLE `erp_mas_aidashboard_settings_data`
  MODIFY `id` int(11) NOT NULL AUTO_INCREMENT, AUTO_INCREMENT=26;

--
-- AUTO_INCREMENT for table `erp_mas_bank`
--
ALTER TABLE `erp_mas_bank`
  MODIFY `id` int(11) NOT NULL AUTO_INCREMENT, AUTO_INCREMENT=38;

--
-- AUTO_INCREMENT for table `erp_mas_barcode_heading`
--
ALTER TABLE `erp_mas_barcode_heading`
  MODIFY `id` int(11) NOT NULL AUTO_INCREMENT;

--
-- AUTO_INCREMENT for table `erp_mas_bill_type`
--
ALTER TABLE `erp_mas_bill_type`
  MODIFY `id` int(11) NOT NULL AUTO_INCREMENT, AUTO_INCREMENT=3;

--
-- AUTO_INCREMENT for table `erp_mas_colour_scheme`
--
ALTER TABLE `erp_mas_colour_scheme`
  MODIFY `id` int(11) NOT NULL AUTO_INCREMENT, AUTO_INCREMENT=15;

--
-- AUTO_INCREMENT for table `erp_mas_company_level`
--
ALTER TABLE `erp_mas_company_level`
  MODIFY `id` int(11) NOT NULL AUTO_INCREMENT, AUTO_INCREMENT=5;

--
-- AUTO_INCREMENT for table `erp_mas_company_terms_conditions`
--
ALTER TABLE `erp_mas_company_terms_conditions`
  MODIFY `id` int(11) NOT NULL AUTO_INCREMENT;

--
-- AUTO_INCREMENT for table `erp_mas_company_type`
--
ALTER TABLE `erp_mas_company_type`
  MODIFY `id` int(11) NOT NULL AUTO_INCREMENT, AUTO_INCREMENT=3;

--
-- AUTO_INCREMENT for table `erp_mas_country`
--
ALTER TABLE `erp_mas_country`
  MODIFY `id` int(11) NOT NULL AUTO_INCREMENT, AUTO_INCREMENT=162;

--
-- AUTO_INCREMENT for table `erp_mas_currency`
--
ALTER TABLE `erp_mas_currency`
  MODIFY `id` int(11) NOT NULL AUTO_INCREMENT, AUTO_INCREMENT=8;

--
-- AUTO_INCREMENT for table `erp_mas_currency_exchange`
--
ALTER TABLE `erp_mas_currency_exchange`
  MODIFY `id` int(11) NOT NULL AUTO_INCREMENT, AUTO_INCREMENT=16;

--
-- AUTO_INCREMENT for table `erp_mas_document_type`
--
ALTER TABLE `erp_mas_document_type`
  MODIFY `id` int(11) NOT NULL AUTO_INCREMENT, AUTO_INCREMENT=11;

--
-- AUTO_INCREMENT for table `erp_mas_emirates_list`
--
ALTER TABLE `erp_mas_emirates_list`
  MODIFY `id` int(11) NOT NULL AUTO_INCREMENT, AUTO_INCREMENT=10;

--
-- AUTO_INCREMENT for table `erp_mas_employee_type`
--
ALTER TABLE `erp_mas_employee_type`
  MODIFY `id` int(11) NOT NULL AUTO_INCREMENT, AUTO_INCREMENT=4;

--
-- AUTO_INCREMENT for table `erp_mas_erp_notification`
--
ALTER TABLE `erp_mas_erp_notification`
  MODIFY `id` int(11) NOT NULL AUTO_INCREMENT, AUTO_INCREMENT=17;

--
-- AUTO_INCREMENT for table `erp_mas_favourite`
--
ALTER TABLE `erp_mas_favourite`
  MODIFY `id` int(11) NOT NULL AUTO_INCREMENT, AUTO_INCREMENT=35;

--
-- AUTO_INCREMENT for table `erp_mas_footer_items`
--
ALTER TABLE `erp_mas_footer_items`
  MODIFY `id` int(11) NOT NULL AUTO_INCREMENT, AUTO_INCREMENT=21;

--
-- AUTO_INCREMENT for table `erp_mas_inco_term`
--
ALTER TABLE `erp_mas_inco_term`
  MODIFY `id` int(11) NOT NULL AUTO_INCREMENT, AUTO_INCREMENT=15;

--
-- AUTO_INCREMENT for table `erp_mas_industry`
--
ALTER TABLE `erp_mas_industry`
  MODIFY `id` int(11) NOT NULL AUTO_INCREMENT, AUTO_INCREMENT=29;

--
-- AUTO_INCREMENT for table `erp_mas_inventory_item_type`
--
ALTER TABLE `erp_mas_inventory_item_type`
  MODIFY `id` int(11) NOT NULL AUTO_INCREMENT, AUTO_INCREMENT=5;

--
-- AUTO_INCREMENT for table `erp_mas_inventory_stock_adjustment_type`
--
ALTER TABLE `erp_mas_inventory_stock_adjustment_type`
  MODIFY `id` int(11) NOT NULL AUTO_INCREMENT, AUTO_INCREMENT=14;

--
-- AUTO_INCREMENT for table `erp_mas_inventory_stock_adjustment_type_30_06_2025`
--
ALTER TABLE `erp_mas_inventory_stock_adjustment_type_30_06_2025`
  MODIFY `id` int(11) NOT NULL AUTO_INCREMENT, AUTO_INCREMENT=14;

--
-- AUTO_INCREMENT for table `erp_mas_invoice_status`
--
ALTER TABLE `erp_mas_invoice_status`
  MODIFY `id` int(11) NOT NULL AUTO_INCREMENT, AUTO_INCREMENT=15;

--
-- AUTO_INCREMENT for table `erp_mas_invoice_type`
--
ALTER TABLE `erp_mas_invoice_type`
  MODIFY `id` int(11) NOT NULL AUTO_INCREMENT, AUTO_INCREMENT=7;

--
-- AUTO_INCREMENT for table `erp_mas_inv_bin`
--
ALTER TABLE `erp_mas_inv_bin`
  MODIFY `id` int(11) NOT NULL AUTO_INCREMENT, AUTO_INCREMENT=5;

--
-- AUTO_INCREMENT for table `erp_mas_inv_brand`
--
ALTER TABLE `erp_mas_inv_brand`
  MODIFY `id` int(11) NOT NULL AUTO_INCREMENT, AUTO_INCREMENT=34;

--
-- AUTO_INCREMENT for table `erp_mas_inv_item_color`
--
ALTER TABLE `erp_mas_inv_item_color`
  MODIFY `id` int(11) NOT NULL AUTO_INCREMENT, AUTO_INCREMENT=36;

--
-- AUTO_INCREMENT for table `erp_mas_inv_rack`
--
ALTER TABLE `erp_mas_inv_rack`
  MODIFY `id` int(11) NOT NULL AUTO_INCREMENT, AUTO_INCREMENT=7;

--
-- AUTO_INCREMENT for table `erp_mas_inv_tax`
--
ALTER TABLE `erp_mas_inv_tax`
  MODIFY `id` int(11) NOT NULL AUTO_INCREMENT, AUTO_INCREMENT=3;

--
-- AUTO_INCREMENT for table `erp_mas_inv_unit`
--
ALTER TABLE `erp_mas_inv_unit`
  MODIFY `id` int(11) NOT NULL AUTO_INCREMENT, AUTO_INCREMENT=9;

--
-- AUTO_INCREMENT for table `erp_mas_landed_cost_items`
--
ALTER TABLE `erp_mas_landed_cost_items`
  MODIFY `id` int(11) NOT NULL AUTO_INCREMENT, AUTO_INCREMENT=2;

--
-- AUTO_INCREMENT for table `erp_mas_location`
--
ALTER TABLE `erp_mas_location`
  MODIFY `id` int(11) NOT NULL AUTO_INCREMENT;

--
-- AUTO_INCREMENT for table `erp_mas_maintainance`
--
ALTER TABLE `erp_mas_maintainance`
  MODIFY `id` int(11) NOT NULL AUTO_INCREMENT, AUTO_INCREMENT=19;

--
-- AUTO_INCREMENT for table `erp_mas_maintainance_service`
--
ALTER TABLE `erp_mas_maintainance_service`
  MODIFY `id` int(11) NOT NULL AUTO_INCREMENT, AUTO_INCREMENT=6;

--
-- AUTO_INCREMENT for table `erp_mas_maintainance_service_03092025`
--
ALTER TABLE `erp_mas_maintainance_service_03092025`
  MODIFY `id` int(11) NOT NULL AUTO_INCREMENT, AUTO_INCREMENT=28;

--
-- AUTO_INCREMENT for table `erp_mas_module_settings`
--
ALTER TABLE `erp_mas_module_settings`
  MODIFY `id` int(11) NOT NULL AUTO_INCREMENT, AUTO_INCREMENT=4;

--
-- AUTO_INCREMENT for table `erp_mas_notification`
--
ALTER TABLE `erp_mas_notification`
  MODIFY `id` int(11) NOT NULL AUTO_INCREMENT, AUTO_INCREMENT=28;

--
-- AUTO_INCREMENT for table `erp_mas_notification_type`
--
ALTER TABLE `erp_mas_notification_type`
  MODIFY `id` int(11) NOT NULL AUTO_INCREMENT, AUTO_INCREMENT=18;

--
-- AUTO_INCREMENT for table `erp_mas_outlet`
--
ALTER TABLE `erp_mas_outlet`
  MODIFY `id` int(11) NOT NULL AUTO_INCREMENT, AUTO_INCREMENT=4;

--
-- AUTO_INCREMENT for table `erp_mas_payment_term`
--
ALTER TABLE `erp_mas_payment_term`
  MODIFY `id` int(11) NOT NULL AUTO_INCREMENT, AUTO_INCREMENT=12;

--
-- AUTO_INCREMENT for table `erp_mas_probability`
--
ALTER TABLE `erp_mas_probability`
  MODIFY `id` int(11) NOT NULL AUTO_INCREMENT, AUTO_INCREMENT=9;

--
-- AUTO_INCREMENT for table `erp_mas_project_1`
--
ALTER TABLE `erp_mas_project_1`
  MODIFY `id` int(11) NOT NULL AUTO_INCREMENT, AUTO_INCREMENT=14;

--
-- AUTO_INCREMENT for table `erp_mas_project_2`
--
ALTER TABLE `erp_mas_project_2`
  MODIFY `id` int(11) NOT NULL AUTO_INCREMENT, AUTO_INCREMENT=75;

--
-- AUTO_INCREMENT for table `erp_mas_project_3`
--
ALTER TABLE `erp_mas_project_3`
  MODIFY `id` int(11) NOT NULL AUTO_INCREMENT, AUTO_INCREMENT=120;

--
-- AUTO_INCREMENT for table `erp_mas_project_classification`
--
ALTER TABLE `erp_mas_project_classification`
  MODIFY `id` int(11) NOT NULL AUTO_INCREMENT, AUTO_INCREMENT=2;

--
-- AUTO_INCREMENT for table `erp_mas_quotation_close_reason`
--
ALTER TABLE `erp_mas_quotation_close_reason`
  MODIFY `id` int(11) NOT NULL AUTO_INCREMENT, AUTO_INCREMENT=6;

--
-- AUTO_INCREMENT for table `erp_mas_quotes_status`
--
ALTER TABLE `erp_mas_quotes_status`
  MODIFY `id` int(11) NOT NULL AUTO_INCREMENT, AUTO_INCREMENT=11;

--
-- AUTO_INCREMENT for table `erp_mas_sales_group`
--
ALTER TABLE `erp_mas_sales_group`
  MODIFY `id` int(11) NOT NULL AUTO_INCREMENT, AUTO_INCREMENT=7;

--
-- AUTO_INCREMENT for table `erp_mas_shipping`
--
ALTER TABLE `erp_mas_shipping`
  MODIFY `id` int(11) NOT NULL AUTO_INCREMENT, AUTO_INCREMENT=9;

--
-- AUTO_INCREMENT for table `erp_mas_source_of_lead`
--
ALTER TABLE `erp_mas_source_of_lead`
  MODIFY `id` int(11) NOT NULL AUTO_INCREMENT, AUTO_INCREMENT=5;

--
-- AUTO_INCREMENT for table `erp_mas_status`
--
ALTER TABLE `erp_mas_status`
  MODIFY `id` int(11) NOT NULL AUTO_INCREMENT, AUTO_INCREMENT=8;

--
-- AUTO_INCREMENT for table `erp_mas_supplier_types`
--
ALTER TABLE `erp_mas_supplier_types`
  MODIFY `id` int(11) NOT NULL AUTO_INCREMENT, AUTO_INCREMENT=5;

--
-- AUTO_INCREMENT for table `erp_mas_terms_and_conditions`
--
ALTER TABLE `erp_mas_terms_and_conditions`
  MODIFY `id` int(11) NOT NULL AUTO_INCREMENT, AUTO_INCREMENT=13;

--
-- AUTO_INCREMENT for table `erp_mas_user_group`
--
ALTER TABLE `erp_mas_user_group`
  MODIFY `id` int(11) NOT NULL AUTO_INCREMENT, AUTO_INCREMENT=35;

--
-- AUTO_INCREMENT for table `erp_mas_vehicle`
--
ALTER TABLE `erp_mas_vehicle`
  MODIFY `id` int(11) NOT NULL AUTO_INCREMENT, AUTO_INCREMENT=6;

--
-- AUTO_INCREMENT for table `erp_mas_vehicle_service_status`
--
ALTER TABLE `erp_mas_vehicle_service_status`
  MODIFY `id` int(11) NOT NULL AUTO_INCREMENT, AUTO_INCREMENT=14;

--
-- AUTO_INCREMENT for table `erp_meeting`
--
ALTER TABLE `erp_meeting`
  MODIFY `id` int(11) NOT NULL AUTO_INCREMENT;

--
-- AUTO_INCREMENT for table `erp_meeting_activity`
--
ALTER TABLE `erp_meeting_activity`
  MODIFY `id` int(11) NOT NULL AUTO_INCREMENT;

--
-- AUTO_INCREMENT for table `erp_meeting_transaction`
--
ALTER TABLE `erp_meeting_transaction`
  MODIFY `id` int(11) NOT NULL AUTO_INCREMENT;

--
-- AUTO_INCREMENT for table `erp_meeting_type`
--
ALTER TABLE `erp_meeting_type`
  MODIFY `id` int(11) NOT NULL AUTO_INCREMENT;

--
-- AUTO_INCREMENT for table `erp_messaging`
--
ALTER TABLE `erp_messaging`
  MODIFY `id` bigint(20) NOT NULL AUTO_INCREMENT;

--
-- AUTO_INCREMENT for table `erp_models`
--
ALTER TABLE `erp_models`
  MODIFY `id` int(11) NOT NULL AUTO_INCREMENT, AUTO_INCREMENT=329;

--
-- AUTO_INCREMENT for table `erp_opening_balance`
--
ALTER TABLE `erp_opening_balance`
  MODIFY `id` int(11) NOT NULL AUTO_INCREMENT;

--
-- AUTO_INCREMENT for table `erp_opening_cash`
--
ALTER TABLE `erp_opening_cash`
  MODIFY `id` int(11) NOT NULL AUTO_INCREMENT;

--
-- AUTO_INCREMENT for table `erp_order`
--
ALTER TABLE `erp_order`
  MODIFY `id` bigint(20) NOT NULL AUTO_INCREMENT, AUTO_INCREMENT=20081;

--
-- AUTO_INCREMENT for table `erp_order_addition`
--
ALTER TABLE `erp_order_addition`
  MODIFY `id` bigint(20) NOT NULL AUTO_INCREMENT;

--
-- AUTO_INCREMENT for table `erp_order_contract_item`
--
ALTER TABLE `erp_order_contract_item`
  MODIFY `id` int(11) NOT NULL AUTO_INCREMENT, AUTO_INCREMENT=9;

--
-- AUTO_INCREMENT for table `erp_order_deduction`
--
ALTER TABLE `erp_order_deduction`
  MODIFY `id` bigint(20) NOT NULL AUTO_INCREMENT;

--
-- AUTO_INCREMENT for table `erp_order_invoice_advance`
--
ALTER TABLE `erp_order_invoice_advance`
  MODIFY `id` int(11) NOT NULL AUTO_INCREMENT;

--
-- AUTO_INCREMENT for table `erp_order_item`
--
ALTER TABLE `erp_order_item`
  MODIFY `id` int(11) NOT NULL AUTO_INCREMENT, AUTO_INCREMENT=180;

--
-- AUTO_INCREMENT for table `erp_order_item_colour`
--
ALTER TABLE `erp_order_item_colour`
  MODIFY `id` int(11) NOT NULL AUTO_INCREMENT;

--
-- AUTO_INCREMENT for table `erp_order_proforma_invoice`
--
ALTER TABLE `erp_order_proforma_invoice`
  MODIFY `id` int(11) NOT NULL AUTO_INCREMENT;

--
-- AUTO_INCREMENT for table `erp_pricing_group`
--
ALTER TABLE `erp_pricing_group`
  MODIFY `id` int(11) NOT NULL AUTO_INCREMENT, AUTO_INCREMENT=8;

--
-- AUTO_INCREMENT for table `erp_pricing_group_product_relation`
--
ALTER TABLE `erp_pricing_group_product_relation`
  MODIFY `id` bigint(20) NOT NULL AUTO_INCREMENT, AUTO_INCREMENT=27;

--
-- AUTO_INCREMENT for table `erp_production_billofmaterial`
--
ALTER TABLE `erp_production_billofmaterial`
  MODIFY `id` int(11) NOT NULL AUTO_INCREMENT, AUTO_INCREMENT=10004;

--
-- AUTO_INCREMENT for table `erp_production_billofmaterial_item`
--
ALTER TABLE `erp_production_billofmaterial_item`
  MODIFY `id` int(11) NOT NULL AUTO_INCREMENT, AUTO_INCREMENT=6;

--
-- AUTO_INCREMENT for table `erp_production_goods_issue`
--
ALTER TABLE `erp_production_goods_issue`
  MODIFY `id` int(11) NOT NULL AUTO_INCREMENT, AUTO_INCREMENT=30001;

--
-- AUTO_INCREMENT for table `erp_production_goods_issues_return_item`
--
ALTER TABLE `erp_production_goods_issues_return_item`
  MODIFY `id` int(11) NOT NULL AUTO_INCREMENT;

--
-- AUTO_INCREMENT for table `erp_production_goods_issue_item`
--
ALTER TABLE `erp_production_goods_issue_item`
  MODIFY `id` int(11) NOT NULL AUTO_INCREMENT;

--
-- AUTO_INCREMENT for table `erp_production_goods_receipt`
--
ALTER TABLE `erp_production_goods_receipt`
  MODIFY `id` int(11) NOT NULL AUTO_INCREMENT, AUTO_INCREMENT=40001;

--
-- AUTO_INCREMENT for table `erp_production_goods_receipt_addition`
--
ALTER TABLE `erp_production_goods_receipt_addition`
  MODIFY `id` int(11) NOT NULL AUTO_INCREMENT;

--
-- AUTO_INCREMENT for table `erp_production_goods_receipt_deduction`
--
ALTER TABLE `erp_production_goods_receipt_deduction`
  MODIFY `id` int(11) NOT NULL AUTO_INCREMENT;

--
-- AUTO_INCREMENT for table `erp_production_goods_receipt_item`
--
ALTER TABLE `erp_production_goods_receipt_item`
  MODIFY `id` int(11) NOT NULL AUTO_INCREMENT;

--
-- AUTO_INCREMENT for table `erp_production_order`
--
ALTER TABLE `erp_production_order`
  MODIFY `id` int(11) NOT NULL AUTO_INCREMENT, AUTO_INCREMENT=2020;

--
-- AUTO_INCREMENT for table `erp_production_order_item`
--
ALTER TABLE `erp_production_order_item`
  MODIFY `id` int(11) NOT NULL AUTO_INCREMENT, AUTO_INCREMENT=59;

--
-- AUTO_INCREMENT for table `erp_product_class`
--
ALTER TABLE `erp_product_class`
  MODIFY `id` int(11) NOT NULL AUTO_INCREMENT;

--
-- AUTO_INCREMENT for table `erp_product_cost_new`
--
ALTER TABLE `erp_product_cost_new`
  MODIFY `id` int(11) NOT NULL AUTO_INCREMENT;

--
-- AUTO_INCREMENT for table `erp_product_location_change_rackbin`
--
ALTER TABLE `erp_product_location_change_rackbin`
  MODIFY `id` int(11) NOT NULL AUTO_INCREMENT;

--
-- AUTO_INCREMENT for table `erp_product_location_details`
--
ALTER TABLE `erp_product_location_details`
  MODIFY `id` int(11) NOT NULL AUTO_INCREMENT;

--
-- AUTO_INCREMENT for table `erp_project`
--
ALTER TABLE `erp_project`
  MODIFY `id` int(11) NOT NULL AUTO_INCREMENT;

--
-- AUTO_INCREMENT for table `erp_project_external_company`
--
ALTER TABLE `erp_project_external_company`
  MODIFY `id` int(11) NOT NULL AUTO_INCREMENT;

--
-- AUTO_INCREMENT for table `erp_project_external_labour`
--
ALTER TABLE `erp_project_external_labour`
  MODIFY `id` int(11) NOT NULL AUTO_INCREMENT, AUTO_INCREMENT=5;

--
-- AUTO_INCREMENT for table `erp_prospects_activity_master`
--
ALTER TABLE `erp_prospects_activity_master`
  MODIFY `id` int(11) NOT NULL AUTO_INCREMENT;

--
-- AUTO_INCREMENT for table `erp_purchase_analysis_items`
--
ALTER TABLE `erp_purchase_analysis_items`
  MODIFY `id` int(11) NOT NULL AUTO_INCREMENT, AUTO_INCREMENT=12;

--
-- AUTO_INCREMENT for table `erp_purchase_movement_analysis`
--
ALTER TABLE `erp_purchase_movement_analysis`
  MODIFY `id` int(11) NOT NULL AUTO_INCREMENT;

--
-- AUTO_INCREMENT for table `erp_purchase_movement_analysis_details`
--
ALTER TABLE `erp_purchase_movement_analysis_details`
  MODIFY `id` int(11) NOT NULL AUTO_INCREMENT;

--
-- AUTO_INCREMENT for table `erp_purchasinginvoice`
--
ALTER TABLE `erp_purchasinginvoice`
  MODIFY `id` int(11) NOT NULL AUTO_INCREMENT, AUTO_INCREMENT=70026;

--
-- AUTO_INCREMENT for table `erp_purchasinginvoice_item`
--
ALTER TABLE `erp_purchasinginvoice_item`
  MODIFY `id` int(11) NOT NULL AUTO_INCREMENT, AUTO_INCREMENT=37;

--
-- AUTO_INCREMENT for table `erp_purchasing_debit_note`
--
ALTER TABLE `erp_purchasing_debit_note`
  MODIFY `id` int(11) NOT NULL AUTO_INCREMENT, AUTO_INCREMENT=80008;

--
-- AUTO_INCREMENT for table `erp_purchasing_debit_note_addition`
--
ALTER TABLE `erp_purchasing_debit_note_addition`
  MODIFY `id` int(11) NOT NULL AUTO_INCREMENT;

--
-- AUTO_INCREMENT for table `erp_purchasing_debit_note_deduction`
--
ALTER TABLE `erp_purchasing_debit_note_deduction`
  MODIFY `id` int(11) NOT NULL AUTO_INCREMENT;

--
-- AUTO_INCREMENT for table `erp_purchasing_debit_note_item`
--
ALTER TABLE `erp_purchasing_debit_note_item`
  MODIFY `id` int(11) NOT NULL AUTO_INCREMENT, AUTO_INCREMENT=11;

--
-- AUTO_INCREMENT for table `erp_purchasing_enquiry`
--
ALTER TABLE `erp_purchasing_enquiry`
  MODIFY `id` int(11) NOT NULL AUTO_INCREMENT, AUTO_INCREMENT=10038;

--
-- AUTO_INCREMENT for table `erp_purchasing_enquiry_non_stock_item`
--
ALTER TABLE `erp_purchasing_enquiry_non_stock_item`
  MODIFY `id` int(11) NOT NULL AUTO_INCREMENT;

--
-- AUTO_INCREMENT for table `erp_purchasing_enquiry_stock_item`
--
ALTER TABLE `erp_purchasing_enquiry_stock_item`
  MODIFY `id` int(11) NOT NULL AUTO_INCREMENT, AUTO_INCREMENT=75;

--
-- AUTO_INCREMENT for table `erp_purchasing_invoice_addition`
--
ALTER TABLE `erp_purchasing_invoice_addition`
  MODIFY `id` int(11) NOT NULL AUTO_INCREMENT;

--
-- AUTO_INCREMENT for table `erp_purchasing_invoice_deduction`
--
ALTER TABLE `erp_purchasing_invoice_deduction`
  MODIFY `id` int(11) NOT NULL AUTO_INCREMENT;

--
-- AUTO_INCREMENT for table `erp_purchasing_invoice_landed_cost`
--
ALTER TABLE `erp_purchasing_invoice_landed_cost`
  MODIFY `id` int(11) NOT NULL AUTO_INCREMENT;

--
-- AUTO_INCREMENT for table `erp_purchasing_material_receipt`
--
ALTER TABLE `erp_purchasing_material_receipt`
  MODIFY `id` int(11) NOT NULL AUTO_INCREMENT COMMENT '(MRV number)', AUTO_INCREMENT=10037;

--
-- AUTO_INCREMENT for table `erp_purchasing_material_receipt_item`
--
ALTER TABLE `erp_purchasing_material_receipt_item`
  MODIFY `id` int(11) NOT NULL AUTO_INCREMENT, AUTO_INCREMENT=52;

--
-- AUTO_INCREMENT for table `erp_purchasing_order`
--
ALTER TABLE `erp_purchasing_order`
  MODIFY `id` int(11) NOT NULL AUTO_INCREMENT, AUTO_INCREMENT=60040;

--
-- AUTO_INCREMENT for table `erp_purchasing_order_addition`
--
ALTER TABLE `erp_purchasing_order_addition`
  MODIFY `id` int(11) NOT NULL AUTO_INCREMENT;

--
-- AUTO_INCREMENT for table `erp_purchasing_order_deduction`
--
ALTER TABLE `erp_purchasing_order_deduction`
  MODIFY `id` int(11) NOT NULL AUTO_INCREMENT;

--
-- AUTO_INCREMENT for table `erp_purchasing_order_shipment_details`
--
ALTER TABLE `erp_purchasing_order_shipment_details`
  MODIFY `id` int(11) NOT NULL AUTO_INCREMENT;

--
-- AUTO_INCREMENT for table `erp_purchasing_order_shipment_document`
--
ALTER TABLE `erp_purchasing_order_shipment_document`
  MODIFY `id` int(11) NOT NULL AUTO_INCREMENT;

--
-- AUTO_INCREMENT for table `erp_purchasing_order_stock_item`
--
ALTER TABLE `erp_purchasing_order_stock_item`
  MODIFY `id` int(11) NOT NULL AUTO_INCREMENT, AUTO_INCREMENT=181;

--
-- AUTO_INCREMENT for table `erp_purchasing_order_stock_item_temp`
--
ALTER TABLE `erp_purchasing_order_stock_item_temp`
  MODIFY `id` int(11) NOT NULL AUTO_INCREMENT;

--
-- AUTO_INCREMENT for table `erp_purchasing_order_temp`
--
ALTER TABLE `erp_purchasing_order_temp`
  MODIFY `id` int(11) NOT NULL AUTO_INCREMENT;

--
-- AUTO_INCREMENT for table `erp_purchasing_requisition`
--
ALTER TABLE `erp_purchasing_requisition`
  MODIFY `id` int(11) NOT NULL AUTO_INCREMENT, AUTO_INCREMENT=10014;

--
-- AUTO_INCREMENT for table `erp_purchasing_requisition_non_stock_item`
--
ALTER TABLE `erp_purchasing_requisition_non_stock_item`
  MODIFY `id` int(11) NOT NULL AUTO_INCREMENT, AUTO_INCREMENT=42;

--
-- AUTO_INCREMENT for table `erp_purchasing_requisition_stock_item`
--
ALTER TABLE `erp_purchasing_requisition_stock_item`
  MODIFY `id` int(11) NOT NULL AUTO_INCREMENT, AUTO_INCREMENT=51;

--
-- AUTO_INCREMENT for table `erp_quotation_schedules`
--
ALTER TABLE `erp_quotation_schedules`
  MODIFY `id` int(11) NOT NULL AUTO_INCREMENT;

--
-- AUTO_INCREMENT for table `erp_quotes`
--
ALTER TABLE `erp_quotes`
  MODIFY `id` bigint(20) NOT NULL AUTO_INCREMENT, AUTO_INCREMENT=10086;

--
-- AUTO_INCREMENT for table `erp_quotes_addition`
--
ALTER TABLE `erp_quotes_addition`
  MODIFY `id` int(11) NOT NULL AUTO_INCREMENT, AUTO_INCREMENT=107;

--
-- AUTO_INCREMENT for table `erp_quotes_contract_item`
--
ALTER TABLE `erp_quotes_contract_item`
  MODIFY `id` int(11) NOT NULL AUTO_INCREMENT, AUTO_INCREMENT=18;

--
-- AUTO_INCREMENT for table `erp_quotes_deduction`
--
ALTER TABLE `erp_quotes_deduction`
  MODIFY `id` int(11) NOT NULL AUTO_INCREMENT, AUTO_INCREMENT=107;

--
-- AUTO_INCREMENT for table `erp_quotes_item`
--
ALTER TABLE `erp_quotes_item`
  MODIFY `id` int(11) NOT NULL AUTO_INCREMENT, AUTO_INCREMENT=607;

--
-- AUTO_INCREMENT for table `erp_quotes_item_changed`
--
ALTER TABLE `erp_quotes_item_changed`
  MODIFY `id` int(11) NOT NULL AUTO_INCREMENT;

--
-- AUTO_INCREMENT for table `erp_quotes_item_test`
--
ALTER TABLE `erp_quotes_item_test`
  MODIFY `id` int(11) NOT NULL AUTO_INCREMENT;

--
-- AUTO_INCREMENT for table `erp_quotes_revision_history`
--
ALTER TABLE `erp_quotes_revision_history`
  MODIFY `id` int(11) NOT NULL AUTO_INCREMENT, AUTO_INCREMENT=107;

--
-- AUTO_INCREMENT for table `erp_sales_man_target`
--
ALTER TABLE `erp_sales_man_target`
  MODIFY `id` int(11) NOT NULL AUTO_INCREMENT;

--
-- AUTO_INCREMENT for table `erp_sales_price_group`
--
ALTER TABLE `erp_sales_price_group`
  MODIFY `id` int(11) NOT NULL AUTO_INCREMENT, AUTO_INCREMENT=31;

--
-- AUTO_INCREMENT for table `erp_sales_price_group_name`
--
ALTER TABLE `erp_sales_price_group_name`
  MODIFY `id` int(11) NOT NULL AUTO_INCREMENT, AUTO_INCREMENT=20;

--
-- AUTO_INCREMENT for table `erp_sales_target_master`
--
ALTER TABLE `erp_sales_target_master`
  MODIFY `id` int(11) NOT NULL AUTO_INCREMENT;

--
-- AUTO_INCREMENT for table `erp_serialno_change_history`
--
ALTER TABLE `erp_serialno_change_history`
  MODIFY `id` int(11) NOT NULL AUTO_INCREMENT;

--
-- AUTO_INCREMENT for table `erp_serialno_change_history_details`
--
ALTER TABLE `erp_serialno_change_history_details`
  MODIFY `id` int(11) NOT NULL AUTO_INCREMENT;

--
-- AUTO_INCREMENT for table `erp_service_contract_details`
--
ALTER TABLE `erp_service_contract_details`
  MODIFY `id` int(11) NOT NULL AUTO_INCREMENT;

--
-- AUTO_INCREMENT for table `erp_service_details`
--
ALTER TABLE `erp_service_details`
  MODIFY `id` int(11) NOT NULL AUTO_INCREMENT, AUTO_INCREMENT=47;

--
-- AUTO_INCREMENT for table `erp_service_employee`
--
ALTER TABLE `erp_service_employee`
  MODIFY `id` int(11) NOT NULL AUTO_INCREMENT;

--
-- AUTO_INCREMENT for table `erp_service_schedules`
--
ALTER TABLE `erp_service_schedules`
  MODIFY `id` int(11) NOT NULL AUTO_INCREMENT;

--
-- AUTO_INCREMENT for table `erp_service_store`
--
ALTER TABLE `erp_service_store`
  MODIFY `id` int(11) NOT NULL AUTO_INCREMENT;

--
-- AUTO_INCREMENT for table `erp_service_store_details`
--
ALTER TABLE `erp_service_store_details`
  MODIFY `id` int(11) NOT NULL AUTO_INCREMENT;

--
-- AUTO_INCREMENT for table `erp_service_store_material_details`
--
ALTER TABLE `erp_service_store_material_details`
  MODIFY `id` int(11) NOT NULL AUTO_INCREMENT;

--
-- AUTO_INCREMENT for table `erp_stock_count_file`
--
ALTER TABLE `erp_stock_count_file`
  MODIFY `id` int(11) NOT NULL AUTO_INCREMENT;

--
-- AUTO_INCREMENT for table `erp_stock_ledger`
--
ALTER TABLE `erp_stock_ledger`
  MODIFY `id` int(11) NOT NULL AUTO_INCREMENT, AUTO_INCREMENT=872;

--
-- AUTO_INCREMENT for table `erp_stock_ledger_03072025`
--
ALTER TABLE `erp_stock_ledger_03072025`
  MODIFY `id` int(11) NOT NULL AUTO_INCREMENT, AUTO_INCREMENT=184;

--
-- AUTO_INCREMENT for table `erp_stock_ledger_26_08_2025`
--
ALTER TABLE `erp_stock_ledger_26_08_2025`
  MODIFY `id` int(11) NOT NULL AUTO_INCREMENT, AUTO_INCREMENT=429;

--
-- AUTO_INCREMENT for table `erp_stock_physical_quantity`
--
ALTER TABLE `erp_stock_physical_quantity`
  MODIFY `id` int(11) NOT NULL AUTO_INCREMENT;

--
-- AUTO_INCREMENT for table `erp_stock_reorder_level`
--
ALTER TABLE `erp_stock_reorder_level`
  MODIFY `id` int(11) NOT NULL AUTO_INCREMENT;

--
-- AUTO_INCREMENT for table `erp_store`
--
ALTER TABLE `erp_store`
  MODIFY `id` int(11) NOT NULL AUTO_INCREMENT, AUTO_INCREMENT=684;

--
-- AUTO_INCREMENT for table `erp_store_rate`
--
ALTER TABLE `erp_store_rate`
  MODIFY `id` int(11) NOT NULL AUTO_INCREMENT;

--
-- AUTO_INCREMENT for table `erp_supplier_docs`
--
ALTER TABLE `erp_supplier_docs`
  MODIFY `id` int(11) NOT NULL AUTO_INCREMENT, AUTO_INCREMENT=3;

--
-- AUTO_INCREMENT for table `erp_table_order`
--
ALTER TABLE `erp_table_order`
  MODIFY `id` int(11) NOT NULL AUTO_INCREMENT;

--
-- AUTO_INCREMENT for table `erp_tracking_details`
--
ALTER TABLE `erp_tracking_details`
  MODIFY `id` int(11) NOT NULL AUTO_INCREMENT;

--
-- AUTO_INCREMENT for table `erp_tracking_file`
--
ALTER TABLE `erp_tracking_file`
  MODIFY `id` bigint(20) NOT NULL AUTO_INCREMENT;

--
-- AUTO_INCREMENT for table `erp_unit`
--
ALTER TABLE `erp_unit`
  MODIFY `id` int(11) NOT NULL AUTO_INCREMENT, AUTO_INCREMENT=9;

--
-- AUTO_INCREMENT for table `erp_unit_of_measurement`
--
ALTER TABLE `erp_unit_of_measurement`
  MODIFY `id` int(11) NOT NULL AUTO_INCREMENT, AUTO_INCREMENT=684;

--
-- AUTO_INCREMENT for table `erp_upload_inventory`
--
ALTER TABLE `erp_upload_inventory`
  MODIFY `id` int(11) NOT NULL AUTO_INCREMENT;

--
-- AUTO_INCREMENT for table `erp_user_notification_history`
--
ALTER TABLE `erp_user_notification_history`
  MODIFY `id` int(11) NOT NULL AUTO_INCREMENT, AUTO_INCREMENT=38;

--
-- AUTO_INCREMENT for table `erp_vehicle_allotment`
--
ALTER TABLE `erp_vehicle_allotment`
  MODIFY `id` int(11) NOT NULL AUTO_INCREMENT, AUTO_INCREMENT=27;

--
-- AUTO_INCREMENT for table `erp_vehicle_doc_file`
--
ALTER TABLE `erp_vehicle_doc_file`
  MODIFY `id` int(11) NOT NULL AUTO_INCREMENT, AUTO_INCREMENT=5;

--
-- AUTO_INCREMENT for table `erp_vendor_contact`
--
ALTER TABLE `erp_vendor_contact`
  MODIFY `id` int(11) NOT NULL AUTO_INCREMENT, AUTO_INCREMENT=110;

--
-- AUTO_INCREMENT for table `erp_vendor_shipping_details`
--
ALTER TABLE `erp_vendor_shipping_details`
  MODIFY `id` int(11) NOT NULL AUTO_INCREMENT, AUTO_INCREMENT=100;

--
-- AUTO_INCREMENT for table `erp_workspace`
--
ALTER TABLE `erp_workspace`
  MODIFY `id` int(11) NOT NULL AUTO_INCREMENT, AUTO_INCREMENT=21;

--
-- AUTO_INCREMENT for table `erp_workspace_09062025`
--
ALTER TABLE `erp_workspace_09062025`
  MODIFY `id` int(11) NOT NULL AUTO_INCREMENT;

--
-- AUTO_INCREMENT for table `erp_workspace_note`
--
ALTER TABLE `erp_workspace_note`
  MODIFY `id` int(11) NOT NULL AUTO_INCREMENT, AUTO_INCREMENT=21;

--
-- AUTO_INCREMENT for table `erp_workspace_note09062025`
--
ALTER TABLE `erp_workspace_note09062025`
  MODIFY `id` int(11) NOT NULL AUTO_INCREMENT;

--
-- AUTO_INCREMENT for table `erp_workspace_project_module_details`
--
ALTER TABLE `erp_workspace_project_module_details`
  MODIFY `id` int(11) NOT NULL AUTO_INCREMENT, AUTO_INCREMENT=81;

--
-- AUTO_INCREMENT for table `erp_workspace_qtns`
--
ALTER TABLE `erp_workspace_qtns`
  MODIFY `id` int(11) NOT NULL AUTO_INCREMENT, AUTO_INCREMENT=26;

--
-- AUTO_INCREMENT for table `erp_ws_master_material_submited_scheduled_details`
--
ALTER TABLE `erp_ws_master_material_submited_scheduled_details`
  MODIFY `id` int(11) NOT NULL AUTO_INCREMENT;

--
-- AUTO_INCREMENT for table `erp_ws_master_submitted_shedule_type`
--
ALTER TABLE `erp_ws_master_submitted_shedule_type`
  MODIFY `id` int(11) NOT NULL AUTO_INCREMENT;

--
-- AUTO_INCREMENT for table `erp_ws_master_task_category`
--
ALTER TABLE `erp_ws_master_task_category`
  MODIFY `id` int(11) NOT NULL AUTO_INCREMENT, AUTO_INCREMENT=7;

--
-- AUTO_INCREMENT for table `erp_ws_master_task_sub_category`
--
ALTER TABLE `erp_ws_master_task_sub_category`
  MODIFY `id` int(11) NOT NULL AUTO_INCREMENT, AUTO_INCREMENT=8;

--
-- AUTO_INCREMENT for table `erp_ws_project`
--
ALTER TABLE `erp_ws_project`
  MODIFY `id` int(11) NOT NULL AUTO_INCREMENT, AUTO_INCREMENT=10008;

--
-- AUTO_INCREMENT for table `erp_ws_project_activities`
--
ALTER TABLE `erp_ws_project_activities`
  MODIFY `id` int(11) NOT NULL AUTO_INCREMENT;

--
-- AUTO_INCREMENT for table `erp_ws_project_activity_phase_details`
--
ALTER TABLE `erp_ws_project_activity_phase_details`
  MODIFY `id` int(11) NOT NULL AUTO_INCREMENT, AUTO_INCREMENT=37;

--
-- AUTO_INCREMENT for table `erp_ws_project_dailyschedule`
--
ALTER TABLE `erp_ws_project_dailyschedule`
  MODIFY `id` int(11) NOT NULL AUTO_INCREMENT, AUTO_INCREMENT=9;

--
-- AUTO_INCREMENT for table `erp_ws_project_equipments`
--
ALTER TABLE `erp_ws_project_equipments`
  MODIFY `id` int(11) NOT NULL AUTO_INCREMENT, AUTO_INCREMENT=6;

--
-- AUTO_INCREMENT for table `erp_ws_project_estimation_details`
--
ALTER TABLE `erp_ws_project_estimation_details`
  MODIFY `id` int(11) NOT NULL AUTO_INCREMENT, AUTO_INCREMENT=38;

--
-- AUTO_INCREMENT for table `erp_ws_project_expense`
--
ALTER TABLE `erp_ws_project_expense`
  MODIFY `id` int(11) NOT NULL AUTO_INCREMENT, AUTO_INCREMENT=8;

--
-- AUTO_INCREMENT for table `erp_ws_project_induction`
--
ALTER TABLE `erp_ws_project_induction`
  MODIFY `id` int(11) NOT NULL AUTO_INCREMENT, AUTO_INCREMENT=8;

--
-- AUTO_INCREMENT for table `erp_ws_project_job_sheet`
--
ALTER TABLE `erp_ws_project_job_sheet`
  MODIFY `id` int(11) NOT NULL AUTO_INCREMENT;

--
-- AUTO_INCREMENT for table `erp_ws_project_labour_time`
--
ALTER TABLE `erp_ws_project_labour_time`
  MODIFY `id` int(11) NOT NULL AUTO_INCREMENT, AUTO_INCREMENT=7;

--
-- AUTO_INCREMENT for table `erp_ws_project_memos`
--
ALTER TABLE `erp_ws_project_memos`
  MODIFY `id` int(11) NOT NULL AUTO_INCREMENT;

--
-- AUTO_INCREMENT for table `erp_ws_project_phase`
--
ALTER TABLE `erp_ws_project_phase`
  MODIFY `id` int(11) NOT NULL AUTO_INCREMENT, AUTO_INCREMENT=7;

--
-- AUTO_INCREMENT for table `erp_ws_project_phase_cost_details`
--
ALTER TABLE `erp_ws_project_phase_cost_details`
  MODIFY `id` int(11) NOT NULL AUTO_INCREMENT;

--
-- AUTO_INCREMENT for table `erp_ws_project_phase_details`
--
ALTER TABLE `erp_ws_project_phase_details`
  MODIFY `id` int(11) NOT NULL AUTO_INCREMENT;

--
-- AUTO_INCREMENT for table `erp_ws_project_rework`
--
ALTER TABLE `erp_ws_project_rework`
  MODIFY `id` int(11) NOT NULL AUTO_INCREMENT;

--
-- AUTO_INCREMENT for table `erp_ws_project_task_breakup`
--
ALTER TABLE `erp_ws_project_task_breakup`
  MODIFY `id` int(11) NOT NULL AUTO_INCREMENT, AUTO_INCREMENT=10;

--
-- AUTO_INCREMENT for table `erp_ws_project_time_sheet`
--
ALTER TABLE `erp_ws_project_time_sheet`
  MODIFY `id` int(11) NOT NULL AUTO_INCREMENT;

--
-- AUTO_INCREMENT for table `erp_ws_project_work_time`
--
ALTER TABLE `erp_ws_project_work_time`
  MODIFY `id` int(11) NOT NULL AUTO_INCREMENT, AUTO_INCREMENT=12;

--
-- AUTO_INCREMENT for table `temp_inventory_uploaded_list`
--
ALTER TABLE `temp_inventory_uploaded_list`
  MODIFY `id` int(11) NOT NULL AUTO_INCREMENT;

--
-- AUTO_INCREMENT for table `temp_inventory_uploaded_list_03072025`
--
ALTER TABLE `temp_inventory_uploaded_list_03072025`
  MODIFY `id` int(11) NOT NULL AUTO_INCREMENT, AUTO_INCREMENT=236;
COMMIT;

